000
CXUS51 KPBZ 240804
CF6PHD
PRELIMINARY LOCAL CLIMATOLOGICAL DATA (WS FORM: F-6)

                                          STATION:   NEW PHILADELPHIA OH
                                          MONTH:     MARCH
                                          YEAR:      2019
                                          LATITUDE:   40 28 N
                                          LONGITUDE:  81 25 W

  TEMPERATURE IN F:       :PCPN:    SNOW:  WIND      :SUNSHINE: SKY     :PK WND
================================================================================
1   2   3   4   5  6A  6B    7    8   9   10  11  12  13   14  15   16   17  18
                                     12Z  AVG MX 2MIN
DY MAX MIN AVG DEP HDD CDD  WTR  SNW DPTH SPD SPD DIR MIN PSBL S-S WX    SPD DR
================================================================================

 1  41  26  34  -1  31   0    T    M    0  5.4 12  30   M    M   6 18     15  80
 2  40  26  33  -2  32   0 0.00  0.0    0  4.5 15 290   M    M   7 18     20 280
 3  33  23  28  -7  37   0 0.04    M    0  5.1 13 340   M    M   9 18     17 350
 4  24  11  18 -18  47   0    T    M    0  9.4 17 260   M    M   6 8      25 260
 5  19   6  13 -23  52   0    T    M    0  8.3 17 280   M    M   5 8      26 290
 6  21  12  17 -19  48   0    T    M    0  6.9 16 240   M    M   7        23 260
 7  31  17  24 -12  41   0 0.00    M    M  3.6 12 290   M    M   5        15 270
 8  40  21  31  -6  34   0 0.00  0.0    0  0.9  8 190   M    M   4        10 180
 9  50  21  36  -1  29   0 0.87    M    0  7.9 23 120   M    M   2 18     31 130
10  57  38  48  10  17   0 0.02    M    0 12.7 23 250   M    M   8 1      34 240
11  46  33  40   2  25   0 0.00    M    M  7.8 20 300   M    M   2        35 310
12  46  24  35  -3  30   0 0.00    M    M  3.4 10 330   M    M   0        14 280
13  57  28  43   4  22   0 0.01    M    M  4.6 12 210   M    M   4        15 220
14  77  48  63  24   2   0 0.60  0.0    0  8.6 26 180   M    M   3 13     40 150
15  63  37  50  11  15   0    T    M    0 10.6 24 240   M    M   7        34 220
16  40  30  35  -5  30   0    T    M    0  8.2 18 280   M    M   9        26 300
17  43  23  33  -7  32   0    T    M    0  3.3 12 300   M    M   4 1      16 290
18  43  26  35  -6  30   0    T    M    0  3.5 12 310   M    M   6 18     15 290
19  47  22  35  -6  30   0 0.00  0.0    0  2.5 14 260   M    M   2 1      18 260
20  55  25  40  -1  25   0 0.00  0.0    0  4.6 13 190   M    M   3        18 190
21  49  39  44   2  21   0 0.05    M    M  5.3 15 340   M    M  10 1      22 320
22  43  30  37  -5  28   0 0.04    M    0 10.6 25 330   M    M  10 1      31 310
23  49  27  38  -4  27   0 0.00  0.0    0  4.6 13 320   M    M   1        17 280
================================================================================
SM 1014  593       685   0  1.63     0.0 142.3          M      120
================================================================================
AV 44.1 25.8                               6.2 FASTST   M    M   5    MAX(MPH)
                                 MISC ---->  # 26 180               # 40  150
================================================================================
NOTES:
# LAST OF SEVERAL OCCURRENCES

COLUMN 17 PEAK WIND IN M.P.H.

PRELIMINARY LOCAL CLIMATOLOGICAL DATA (WS FORM: F-6) , PAGE 2

                                          STATION:  NEW PHILADELPHIA OH
                                          MONTH:    MARCH
                                          YEAR:     2019
                                          LATITUDE:   40 28 N
                                          LONGITUDE:  81 25 W

[TEMPERATURE DATA]      [PRECIPITATION DATA]       SYMBOLS USED IN COLUMN 16

AVERAGE MONTHLY: 34.9   TOTAL FOR MONTH:   1.63    1 = FOG OR MIST
DPTR FM NORMAL:  -3.5   DPTR FM NORMAL:   -0.58    2 = FOG REDUCING VISIBILITY
HIGHEST:    77 ON 14    GRTST 24HR  0.87 ON  9- 9      TO 1/4 MILE OR LESS
LOWEST:      6 ON  5                               3 = THUNDER
                        SNOW, ICE PELLETS, HAIL    4 = ICE PELLETS
                        TOTAL MONTH:   0.0 INCH    5 = HAIL
                        GRTST 24HR     0.0         6 = FREEZING RAIN OR DRIZZLE
                        GRTST DEPTH:   0           7 = DUSTSTORM OR SANDSTORM:
                                                       VSBY 1/2 MILE OR LESS
                                                   8 = SMOKE OR HAZE
[NO. OF DAYS WITH]      [WEATHER - DAYS WITH]      9 = BLOWING SNOW
                                                   X = TORNADO
MAX 32 OR BELOW:   4    0.01 INCH OR MORE:   7
MAX 90 OR ABOVE:   0    0.10 INCH OR MORE:   2
MIN 32 OR BELOW:  18    0.50 INCH OR MORE:   2
MIN  0 OR BELOW:   0    1.00 INCH OR MORE:   0

[HDD (BASE 65) ]
TOTAL THIS MO.   685    CLEAR  (SCALE 0-3)   6
DPTR FM NORMAL    73    PTCLDY (SCALE 4-7)  13
TOTAL FM JUL 1  4751    CLOUDY (SCALE 8-10)  4
DPTR FM NORMAL   -68

[CDD (BASE 65) ]
TOTAL THIS MO.     0
DPTR FM NORMAL     0    [PRESSURE DATA]
TOTAL FM JAN 1     0    HIGHEST SLP M ON M
DPTR FM NORMAL     0    LOWEST  SLP 29.58 ON 14

[REMARKS]
