000
CXUS51 KAKQ 170833
CF6PHF
PRELIMINARY LOCAL CLIMATOLOGICAL DATA (WS FORM: F-6)

                                          STATION:   NEWPORT NEWS
                                          MONTH:     JUNE
                                          YEAR:      2019
                                          LATITUDE:   37  7 N
                                          LONGITUDE:  76 30 W

  TEMPERATURE IN F:       :PCPN:    SNOW:  WIND      :SUNSHINE: SKY     :PK WND
================================================================================
1   2   3   4   5  6A  6B    7    8   9   10  11  12  13   14  15   16   17  18
                                     12Z  AVG MX 2MIN
DY MAX MIN AVG DEP HDD CDD  WTR  SNW DPTH SPD SPD DIR MIN PSBL S-S WX    SPD DR
================================================================================

 1  81  63  72   0   0   7 0.24  0.0    0  3.6 16 300   M    M   5 1      20 300
 2  87  62  75   2   0  10 0.00  0.0    0  7.9 17 230   M    M   0 1      22 210
 3  79  53  66  -7   0   1 0.12  0.0    0  6.7 23 280   M    M   2 138    31 290
 4  78  50  64  -9   1   0 0.00  0.0    0  5.5 16 200   M    M   0        20 280
 5  87  69  78   4   0  13 0.90  0.0    0 14.4 36 240   M    M   4 13     51 250
 6  89  73  81   7   0  16 0.00  0.0    0  9.3 18 220   M    M   3        26 280
 7  81  72  77   3   0  12 3.81  0.0    0  6.2 16 100   M    M   6 18     21 100
 8  73  71  72  -2   0   7 0.41  0.0    0 11.5 20  70   M    M  10 1      25  70
 9  80  72  76   1   0  11 0.57  0.0    0 11.7 21  60   M    M  10 1      26  50
10  86  70  78   3   0  13 0.48  0.0    0  6.1 17 290   M    M   6 123    22 290
11  79  59  69  -6   0   4 0.05  0.0    0  8.8 20 350   M    M   4 1      26 350
12  77  57  67  -9   0   2 0.08  0.0    0  8.4 18  80   M    M   4 1      24 100
13  80  66  73  -3   0   8 0.15  0.0    0 10.8 26 240   M    M   7 1      36 230
14  77  57  67  -9   0   2 0.00  0.0    0  8.9 22 300   M    M   0        29 310
15  82  54  68  -8   0   3 0.00  0.0    0  9.1 20 200   M    M   0        24 230
16  89  68  79   2   0  14 0.00  0.0    0 13.9 22 220   M    M   0        29 220
================================================================================
SM 1305 1016         1 123  6.81     0.0 142.8          M       61
================================================================================
AV 81.6 63.5                               8.9 FASTST   M    M   4    MAX(MPH)
                                 MISC ---->  # 36 240               # 51  250
================================================================================
NOTES:
# LAST OF SEVERAL OCCURRENCES

COLUMN 17 PEAK WIND IN M.P.H.

PRELIMINARY LOCAL CLIMATOLOGICAL DATA (WS FORM: F-6) , PAGE 2

                                          STATION:  NEWPORT NEWS
                                          MONTH:    JUNE
                                          YEAR:     2019
                                          LATITUDE:   37  7 N
                                          LONGITUDE:  76 30 W

[TEMPERATURE DATA]      [PRECIPITATION DATA]       SYMBOLS USED IN COLUMN 16

AVERAGE MONTHLY: 72.5   TOTAL FOR MONTH:   6.81    1 = FOG OR MIST
DPTR FM NORMAL:  -2.0   DPTR FM NORMAL:    4.40    2 = FOG REDUCING VISIBILITY
HIGHEST:    89 ON 16, 6 GRTST 24HR  3.81 ON  7- 7      TO 1/4 MILE OR LESS
LOWEST:     50 ON  4                               3 = THUNDER
                        SNOW, ICE PELLETS, HAIL    4 = ICE PELLETS
                        TOTAL MONTH:   0.0 INCH    5 = HAIL
                        GRTST 24HR     0.0         6 = FREEZING RAIN OR DRIZZLE
                        GRTST DEPTH:   0           7 = DUSTSTORM OR SANDSTORM:
                                                       VSBY 1/2 MILE OR LESS
                                                   8 = SMOKE OR HAZE
[NO. OF DAYS WITH]      [WEATHER - DAYS WITH]      9 = BLOWING SNOW
                                                   X = TORNADO
MAX 32 OR BELOW:   0    0.01 INCH OR MORE:  10
MAX 90 OR ABOVE:   0    0.10 INCH OR MORE:   8
MIN 32 OR BELOW:   0    0.50 INCH OR MORE:   3
MIN  0 OR BELOW:   0    1.00 INCH OR MORE:   1

[HDD (BASE 65) ]
TOTAL THIS MO.     1    CLEAR  (SCALE 0-3)   7
DPTR FM NORMAL     1    PTCLDY (SCALE 4-7)   7
TOTAL FM JUL 1  3255    CLOUDY (SCALE 8-10)  2
DPTR FM NORMAL   -32

[CDD (BASE 65) ]
TOTAL THIS MO.   123
DPTR FM NORMAL   -32    [PRESSURE DATA]
TOTAL FM JAN 1   449    HIGHEST SLP M ON M
DPTR FM NORMAL    97    LOWEST  SLP 29.71 ON  1

[REMARKS]
