000
CXUS51 KAKQ 260833
CF6PHF
PRELIMINARY LOCAL CLIMATOLOGICAL DATA (WS FORM: F-6)

                                          STATION:   NEWPORT NEWS
                                          MONTH:     MARCH
                                          YEAR:      2019
                                          LATITUDE:   37  7 N
                                          LONGITUDE:  76 30 W

  TEMPERATURE IN F:       :PCPN:    SNOW:  WIND      :SUNSHINE: SKY     :PK WND
================================================================================
1   2   3   4   5  6A  6B    7    8   9   10  11  12  13   14  15   16   17  18
                                     12Z  AVG MX 2MIN
DY MAX MIN AVG DEP HDD CDD  WTR  SNW DPTH SPD SPD DIR MIN PSBL S-S WX    SPD DR
================================================================================

 1  42  40  41  -5  24   0 0.74  0.0    0  9.4 15 300   M    M  10 1      20 300
 2  46  34  40  -6  25   0 0.03  0.0    0  5.6 14 330   M    M   8 1      17 290
 3  47  34  41  -5  24   0 0.74    M    M  6.5 24 310   M    M  10 138    35 310
 4  47  38  43  -3  22   0 0.03    M    0 10.1 21 340   M    M   9 1      29 350
 5  41  29  35 -12  30   0    T    M    0  6.3 18 340   M    M   6        28 340
 6  38  26  32 -15  33   0 0.00  0.0    0  8.9 20 320   M    M   0        25 290
 7  47  22  35 -12  30   0 0.00  0.0    0  3.7 13 280   M    M   0        18 310
 8  45  31  38 -10  27   0 0.04    M    0  3.8 13 130   M    M   9 1      16 160
 9  44  40  42  -6  23   0 0.01    M    0  7.6 16  90   M    M  10 1      20  90
10  72  44  58  10   7   0 0.21    M    0  9.4 17 250   M    M   6 1      23 240
11  66  42  54   6  11   0 0.00  0.0    0  4.4 14 280   M    M   0        17 280
12  56  32  44  -5  21   0 0.00  0.0    0  7.1 18 320   M    M   0        24 320
13  57  28  43  -6  22   0    T    M    0  6.0 15 110   M    M   0        19 100
14  74  44  59  10   6   0 0.00  0.0    0 11.3 22 180   M    M   0        29 190
15  78  62  70  20   0   5 0.12  0.0    0 16.4 25 220   M    M   4 13     34 210
16  67  37  52   2  13   0 0.00  0.0    0  9.2 21 330   M    M   1        27 340
17  55  35  45  -5  20   0 0.00  0.0    0  5.9 15 100   M    M   1        17 100
18  52  33  43  -8  22   0    T    M    0  6.7 18  70   M    M   7        24  70
19  51  30  41 -10  24   0    T  0.0    0  7.1 20  70   M    M   0 18     23  80
20  52  29  41 -10  24   0 0.09    M    0  7.6 15  70   M    M   8 1       M  M
21  61  46  54   2  11   0 0.55    M    0 12.5 25 280   M    M   8 18     37 270
22  60  44  52   0  13   0 0.01  0.0    0 15.9 43 320   M    M   4        52 320
23  60  33  47  -5  18   0 0.00  0.0    0 10.6 23 310   M    M   0        34 310
24  69  29  49  -4  16   0 0.00  0.0    0  7.6 17 200   M    M   0        23 200
25  69  46  58   5   7   0 0.64  0.0    0  8.5 17  70   M    M   6 1      23  70
================================================================================
SM 1396  908       473   5  3.21     0.0 208.1          M      107
================================================================================
AV 55.8 36.3                               8.3 FASTST   M    M   4    MAX(MPH)
                                 MISC ---->  # 43 320               # 52  320
================================================================================
NOTES:
# LAST OF SEVERAL OCCURRENCES

COLUMN 17 PEAK WIND IN M.P.H.

PRELIMINARY LOCAL CLIMATOLOGICAL DATA (WS FORM: F-6) , PAGE 2

                                          STATION:  NEWPORT NEWS
                                          MONTH:    MARCH
                                          YEAR:     2019
                                          LATITUDE:   37  7 N
                                          LONGITUDE:  76 30 W

[TEMPERATURE DATA]      [PRECIPITATION DATA]       SYMBOLS USED IN COLUMN 16

AVERAGE MONTHLY: 46.1   TOTAL FOR MONTH:   3.21    1 = FOG OR MIST
DPTR FM NORMAL:  -3.1   DPTR FM NORMAL:    0.60    2 = FOG REDUCING VISIBILITY
HIGHEST:    78 ON 15    GRTST 24HR  0.74 ON  3- 3      TO 1/4 MILE OR LESS
LOWEST:     22 ON  7                               3 = THUNDER
                        SNOW, ICE PELLETS, HAIL    4 = ICE PELLETS
                        TOTAL MONTH:   0.0 INCH    5 = HAIL
                        GRTST 24HR     0.0         6 = FREEZING RAIN OR DRIZZLE
                        GRTST DEPTH:   0           7 = DUSTSTORM OR SANDSTORM:
                                                       VSBY 1/2 MILE OR LESS
                                                   8 = SMOKE OR HAZE
[NO. OF DAYS WITH]      [WEATHER - DAYS WITH]      9 = BLOWING SNOW
                                                   X = TORNADO
MAX 32 OR BELOW:   0    0.01 INCH OR MORE:  12
MAX 90 OR ABOVE:   0    0.10 INCH OR MORE:   6
MIN 32 OR BELOW:   9    0.50 INCH OR MORE:   4
MIN  0 OR BELOW:   0    1.00 INCH OR MORE:   0

[HDD (BASE 65) ]
TOTAL THIS MO.   473    CLEAR  (SCALE 0-3)  11
DPTR FM NORMAL    73    PTCLDY (SCALE 4-7)   7
TOTAL FM JUL 1  3032    CLOUDY (SCALE 8-10)  7
DPTR FM NORMAL    84

[CDD (BASE 65) ]
TOTAL THIS MO.     5
DPTR FM NORMAL     5    [PRESSURE DATA]
TOTAL FM JAN 1     5    HIGHEST SLP M ON M
DPTR FM NORMAL     5    LOWEST  SLP 29.54 ON 21

[REMARKS]
