000
CXUS51 KPHI 191500
CF6PHL
PRELIMINARY LOCAL CLIMATOLOGICAL DATA (WS FORM: F-6)

                                          STATION:   PHILADELPHIA PA
                                          MONTH:     MAY
                                          YEAR:      2019
                                          LATITUDE:   39 52 N
                                          LONGITUDE:  75 15 W

  TEMPERATURE IN F:       :PCPN:    SNOW:  WIND      :SUNSHINE: SKY     :PK WND
================================================================================
1   2   3   4   5  6A  6B    7    8   9   10  11  12  13   14  15   16   17  18
                                     12Z  AVG MX 2MIN
DY MAX MIN AVG DEP HDD CDD  WTR  SNW DPTH SPD SPD DIR MIN PSBL S-S WX    SPD DR
================================================================================

 1  61  53  57  -2   8   0 0.00  0.0    0  8.8 15 100   M    M  10 1      19 100
 2  83  53  68   8   0   3 0.00  0.0    0  6.1 17  70   M    M   8 18     21  80
 3  69  52  61   1   4   0    T  0.0    0  7.4 16  80   M    M   9 1      20  20
 4  75  57  66   6   0   1    T  0.0    0  5.8 12 120   M    M   9 18     14  20
 5  63  53  58  -2   7   0 1.06  0.0    0 11.8 22  30   M    M  10 1      28  40
 6  73  54  64   3   1   0 0.00  0.0    0  7.1 16  30   M    M   7        23 200
 7  77  53  65   4   0   0 0.14  0.0    0  5.8 13 180   M    M   8 1      17 180
 8  70  58  64   3   1   0 0.46  0.0    0  7.1 15  40   M    M   9 1      20  30
 9  66  57  62   0   3   0 0.02  0.0    0  9.7 16 100   M    M  10 1      22 100
10  82  58  70   8   0   5 0.01  0.0    0  9.5 23 260   M    M   8        26 260
11  70  53  62   0   3   0 0.15  0.0    0  7.1 15 340   M    M   7 1      19 350
12  54  46  50 -13  15   0 1.02  0.0    0 13.8 25  80   M    M  10 1      34  80
13  53  46  50 -13  15   0 0.93  0.0    0  9.0 18  70   M    M  10 1      24 100
14  58  47  53 -10  12   0 0.01  0.0    0  8.8 25 300   M    M   9 1      33 310
15  74  46  60  -4   5   0    T  0.0    0  8.8 21 280   M    M   4        29 260
16  75  58  67   3   0   2    T  0.0    0  7.4 16 270   M    M   7        24 320
17  82  58  70   6   0   5 0.07  0.0    0  8.4 20 250   M    M   6 1      23 250
18  78  61  70   6   0   5 0.00  0.0    0  7.2 16 210   M    M   5        21 350
================================================================================
SM 1263  963        74  21  3.87     0.0 149.6          M      146
================================================================================
AV 70.2 53.5                               8.3 FASTST   M    M   8    MAX(MPH)
                                 MISC ---->  # 25  80               # 34   80
================================================================================
NOTES:
# LAST OF SEVERAL OCCURRENCES

COLUMN 17 PEAK WIND IN M.P.H.

PRELIMINARY LOCAL CLIMATOLOGICAL DATA (WS FORM: F-6) , PAGE 2

                                          STATION:  PHILADELPHIA PA
                                          MONTH:    MAY
                                          YEAR:     2019
                                          LATITUDE:   39 52 N
                                          LONGITUDE:  75 15 W

[TEMPERATURE DATA]      [PRECIPITATION DATA]       SYMBOLS USED IN COLUMN 16

AVERAGE MONTHLY: 61.8   TOTAL FOR MONTH:   3.87    1 = FOG OR MIST
DPTR FM NORMAL:   0.0   DPTR FM NORMAL:    1.79    2 = FOG REDUCING VISIBILITY
HIGHEST:    83 ON  2    GRTST 24HR  1.06 ON  5- 5      TO 1/4 MILE OR LESS
LOWEST:     46 ON 15,13                            3 = THUNDER
                        SNOW, ICE PELLETS, HAIL    4 = ICE PELLETS
                        TOTAL MONTH:   0.0 INCH    5 = HAIL
                        GRTST 24HR     0.0         6 = FREEZING RAIN OR DRIZZLE
                        GRTST DEPTH:   0           7 = DUSTSTORM OR SANDSTORM:
                                                       VSBY 1/2 MILE OR LESS
                                                   8 = SMOKE OR HAZE
[NO. OF DAYS WITH]      [WEATHER - DAYS WITH]      9 = BLOWING SNOW
                                                   X = TORNADO
MAX 32 OR BELOW:   0    0.01 INCH OR MORE:  10
MAX 90 OR ABOVE:   0    0.10 INCH OR MORE:   6
MIN 32 OR BELOW:   0    0.50 INCH OR MORE:   3
MIN  0 OR BELOW:   0    1.00 INCH OR MORE:   2

[HDD (BASE 65) ]
TOTAL THIS MO.    74    CLEAR  (SCALE 0-3)   0
DPTR FM NORMAL   -10    PTCLDY (SCALE 4-7)   7
TOTAL FM JUL 1  4359    CLOUDY (SCALE 8-10) 11
DPTR FM NORMAL  -215

[CDD (BASE 65) ]
TOTAL THIS MO.    21
DPTR FM NORMAL    -7    [PRESSURE DATA]
TOTAL FM JAN 1    45    HIGHEST SLP M ON M
DPTR FM NORMAL     4    LOWEST  SLP 29.70 ON M

[REMARKS]
