000
CXUS53 KUNR 190945
CF6PHP
PRELIMINARY LOCAL CLIMATOLOGICAL DATA (WS FORM: F-6)

                                          STATION:   PHILIP SD
                                          MONTH:     MAY
                                          YEAR:      2019
                                          LATITUDE:   44  3 N
                                          LONGITUDE: 101 36 W

  TEMPERATURE IN F:       :PCPN:    SNOW:  WIND      :SUNSHINE: SKY     :PK WND
================================================================================
1   2   3   4   5  6A  6B    7    8   9   10  11  12  13   14  15   16   17  18
                                     12Z  AVG MX 2MIN
DY MAX MIN AVG DEP HDD CDD  WTR  SNW DPTH SPD SPD DIR MIN PSBL S-S WX    SPD DR
================================================================================

 1  45  30  38 -14  27   0 0.15    M    M  5.7 14 340   M    M   8 1      18  70
 2  66  26  46  -6  19   0 0.00    M    M  7.8 21 190   M    M   2 12     27 190
 3  65  38  52  -1  13   0 0.00    M    M  8.9 23 340   M    M   4        31 330
 4  73  35  54   1  11   0 0.01    M    M  7.5 26  40   M    M   3        34  40
 5  58  37  48  -5  17   0    T    M    M 11.3 25  40   M    M   5        34  40
 6  41  35  38 -16  27   0 0.19    M    M  9.4 16  40   M    M  10 1      20  40
 7  42  37  40 -14  25   0 0.68    M    M 11.3 18 100   M    M  10 1      25  90
 8  45  40  43 -11  22   0 0.79    M    M 14.0 26  20   M    M  10 1      35 360
 9  54  31  43 -12  22   0 0.00    M    M 10.1 21 360   M    M   2        31 360
10  64  30  47  -8  18   0    T    M    M  8.1 17 210   M    M   3        27 190
11  59  39  49  -7  16   0 0.01    M    M 16.0 35 330   M    M   5 1      45 320
12  66  38  52  -4  13   0 0.00    M    M  8.0 17 320   M    M   2        23 320
13  82  42  62   6   3   0 0.16    M    M  4.6 35 350   M    M   1        52 350
14  80  44  62   6   3   0    T    M    M  5.6 13 280   M    M   1        18  60
15  87  48  68  11   0   3    T    M    M  9.4 35 280   M    M   0        47 290
16  67  48  58   1   7   0 0.00    M    M 13.7 32  70   M    M   1        41  70
17  53  44  49  -9  16   0 1.05    M    M 15.2 28  10   M    M   7 1      38  30
18  53  39  46 -12  19   0 0.06    M    M 14.4 23 360   M    M  10 1      33  20
================================================================================
SM 1100  681       278   3  3.10    M    181.0          M       84
================================================================================
AV 61.1 37.8                              10.1 FASTST   M    M   5    MAX(MPH)
                                 MISC ---->  # 35 330               # 52  350
================================================================================
NOTES:
# LAST OF SEVERAL OCCURRENCES

COLUMN 17 PEAK WIND IN M.P.H.

PRELIMINARY LOCAL CLIMATOLOGICAL DATA (WS FORM: F-6) , PAGE 2

                                          STATION:  PHILIP SD
                                          MONTH:    MAY
                                          YEAR:     2019
                                          LATITUDE:   44  3 N
                                          LONGITUDE: 101 36 W

[TEMPERATURE DATA]      [PRECIPITATION DATA]       SYMBOLS USED IN COLUMN 16

AVERAGE MONTHLY: 49.5   TOTAL FOR MONTH:   3.10    1 = FOG OR MIST
DPTR FM NORMAL:  -5.5   DPTR FM NORMAL:    1.33    2 = FOG REDUCING VISIBILITY
HIGHEST:    87 ON 15    GRTST 24HR  1.05 ON 17-17      TO 1/4 MILE OR LESS
LOWEST:     26 ON  2                               3 = THUNDER
                        SNOW, ICE PELLETS, HAIL    4 = ICE PELLETS
                        TOTAL MONTH:    M          5 = HAIL
                        GRTST 24HR    M  ON   M    6 = FREEZING RAIN OR DRIZZLE
                        GRTST DEPTH:  M  ON   M    7 = DUSTSTORM OR SANDSTORM:
                                                       VSBY 1/2 MILE OR LESS
                                                   8 = SMOKE OR HAZE
[NO. OF DAYS WITH]      [WEATHER - DAYS WITH]      9 = BLOWING SNOW
                                                   X = TORNADO
MAX 32 OR BELOW:   0    0.01 INCH OR MORE:   9
MAX 90 OR ABOVE:   0    0.10 INCH OR MORE:   6
MIN 32 OR BELOW:   4    0.50 INCH OR MORE:   3
MIN  0 OR BELOW:   0    1.00 INCH OR MORE:   1

[HDD (BASE 65) ]
TOTAL THIS MO.   278    CLEAR  (SCALE 0-3)   9
DPTR FM NORMAL    87    PTCLDY (SCALE 4-7)   5
TOTAL FM JUL 1  7883    CLOUDY (SCALE 8-10)  4
DPTR FM NORMAL   825

[CDD (BASE 65) ]
TOTAL THIS MO.     3
DPTR FM NORMAL   -10    [PRESSURE DATA]
TOTAL FM JAN 1     3    HIGHEST SLP M ON M
DPTR FM NORMAL   -13    LOWEST  SLP 29.45 ON 15

[REMARKS]
