000
CXUS53 KILX 180900
CF6PIA
PRELIMINARY LOCAL CLIMATOLOGICAL DATA (WS FORM: F-6)

                                          STATION:   PEORIA IL
                                          MONTH:     MARCH
                                          YEAR:      2019
                                          LATITUDE:   40 40 N
                                          LONGITUDE:  89 41 W

  TEMPERATURE IN F:       :PCPN:    SNOW:  WIND      :SUNSHINE: SKY     :PK WND
================================================================================
1   2   3   4   5  6A  6B    7    8   9   10  11  12  13   14  15   16   17  18
                                     12Z  AVG MX 2MIN
DY MAX MIN AVG DEP HDD CDD  WTR  SNW DPTH SPD SPD DIR MIN PSBL S-S WX    SPD DR
================================================================================

 1  41  20  31  -3  34   0    T    T    0  4.2 12 140   M    M   4        18 130
 2  34  27  31  -4  34   0 0.00  0.0    0  7.6 12  20   M    M  10        20 330
 3  27   3  15 -20  50   0 0.04  0.4    0 10.1 18 300   M    M   5        26 350
 4  16  -2   7 -29  58   0    T    T    0 11.2 20 270   M    M   4 8      28 270
 5  23   9  16 -20  49   0 0.01    T    T 12.3 22 290   M    M   5        32 280
 6  35   9  22 -15  43   0 0.00  0.0    0  9.1 18 240   M    M   0        28 220
 7  28  21  25 -12  40   0 0.04  0.4    0  7.3 12  90   M    M   7 18     17 110
 8  44  28  36  -1  29   0 0.00  0.0    T  6.9 13 130   M    M   9 18     21 130
 9  46  34  40   2  25   0 1.74  0.0    0 13.3 33 270   M    M  10 123    49 280
10  44  29  37  -1  28   0 0.00  0.0    0 14.6 28 260   M    M   6        45 280
11  48  29  39   0  26   0 0.00  0.0    0  3.4  8 330   M    M   1        13 320
12  48  26  37  -2  28   0 0.01  0.0    0 10.9 24 170   M    M   3        35 170
13  61  41  51  11  14   0 0.25  0.0    0 14.0 26 150   M    M   6 1      38 140
14  64  39  52  12  13   0 0.04  0.0    0 22.2 40 230   M    M   7 3      58 230
15  46  32  39  -1  26   0    T    T    0 14.5 25 280   M    M   7 1      37 300
16  47  26  37  -4  28   0    T    T    0  6.4 17 280   M    M   2        23 270
17  46  31  39  -2  26   0 0.01    T    0  6.3 16 290   M    M   3 1      24 320
================================================================================
SM  698  402       551   0  2.14     0.8 174.3          M       89
================================================================================
AV 41.1 23.7                              10.3 FASTST   M    M   5    MAX(MPH)
                                 MISC ---->  # 40 230               # 58  230
================================================================================
NOTES:
# LAST OF SEVERAL OCCURRENCES

COLUMN 17 PEAK WIND IN M.P.H.

PRELIMINARY LOCAL CLIMATOLOGICAL DATA (WS FORM: F-6) , PAGE 2

                                          STATION:  PEORIA IL
                                          MONTH:    MARCH
                                          YEAR:     2019
                                          LATITUDE:   40 40 N
                                          LONGITUDE:  89 41 W

[TEMPERATURE DATA]      [PRECIPITATION DATA]       SYMBOLS USED IN COLUMN 16

AVERAGE MONTHLY: 32.4   TOTAL FOR MONTH:   2.14    1 = FOG OR MIST
DPTR FM NORMAL:  -5.5   DPTR FM NORMAL:    0.70    2 = FOG REDUCING VISIBILITY
HIGHEST:    64 ON 14    GRTST 24HR  1.74 ON  9- 9      TO 1/4 MILE OR LESS
LOWEST:     -2 ON  4                               3 = THUNDER
                        SNOW, ICE PELLETS, HAIL    4 = ICE PELLETS
                        TOTAL MONTH:   0.8 INCH    5 = HAIL
                        GRTST 24HR   0.4 ON  7- 7  6 = FREEZING RAIN OR DRIZZLE
                        GRTST DEPTH:   0           7 = DUSTSTORM OR SANDSTORM:
                                                       VSBY 1/2 MILE OR LESS
                                                   8 = SMOKE OR HAZE
[NO. OF DAYS WITH]      [WEATHER - DAYS WITH]      9 = BLOWING SNOW
                                                   X = TORNADO
MAX 32 OR BELOW:   4    0.01 INCH OR MORE:   8
MAX 90 OR ABOVE:   0    0.10 INCH OR MORE:   2
MIN 32 OR BELOW:  14    0.50 INCH OR MORE:   1
MIN  0 OR BELOW:   1    1.00 INCH OR MORE:   1

[HDD (BASE 65) ]
TOTAL THIS MO.   551    CLEAR  (SCALE 0-3)   5
DPTR FM NORMAL    89    PTCLDY (SCALE 4-7)   9
TOTAL FM JUL 1  5210    CLOUDY (SCALE 8-10)  3
DPTR FM NORMAL   232

[CDD (BASE 65) ]
TOTAL THIS MO.     0
DPTR FM NORMAL     0    [PRESSURE DATA]
TOTAL FM JAN 1     0    HIGHEST SLP M ON M
DPTR FM NORMAL     0    LOWEST  SLP 29.29 ON 14

[REMARKS]
