000
CXUS52 KTBW 271000
CF6PIE
PRELIMINARY LOCAL CLIMATOLOGICAL DATA (WS FORM: F-6)

                                          STATION:   St Petersburg Clearwater
                                          MONTH:     MAY
                                          YEAR:      2019
                                          LATITUDE:   27 55 N
                                          LONGITUDE:  82 41 W

  TEMPERATURE IN F:       :PCPN:    SNOW:  WIND      :SUNSHINE: SKY     :PK WND
================================================================================
1   2   3   4   5  6A  6B    7    8   9   10  11  12  13   14  15   16   17  18
                                     12Z  AVG MX 2MIN
DY MAX MIN AVG DEP HDD CDD  WTR  SNW DPTH SPD SPD DIR MIN PSBL S-S WX    SPD DR
================================================================================

 1  88  72  80   5   0  15    T  0.0    0 11.1 24 110   M    M   2        31 110
 2  89  71  80   5   0  15 0.76  0.0    0  9.2 20 180   M    M   5 13     26 110
 3  83  72  78   3   0  13 0.00  0.0    0  8.9 16 250   M    M   3        22 210
 4  86  69  78   3   0  13    T  0.0    0 10.5 21 210   M    M   2 1      26 210
 5  85  70  78   2   0  13 0.64  0.0    0 11.4 35 260   M    M   3 13     49 250
 6  84  72  78   2   0  13 0.00  0.0    0  5.0 12 300   M    M   2        15 320
 7  89  70  80   4   0  15 0.00  0.0    0  6.8 15  80   M    M   1        21 100
 8  89  74  82   6   0  17 0.00  0.0    0 11.1 18 110   M    M   2        26 110
 9  89  74  82   6   0  17    T  0.0    0  9.1 20 120   M    M   4 3      25 110
10  88  72  80   3   0  15 1.13  0.0    0  7.9 18 230   M    M   4 13     21 230
11  87  73  80   3   0  15 0.00  0.0    0  8.7 17 230   M    M   1        20 230
12  87  74  81   4   0  16    T  0.0    0  9.3 18 250   M    M   2        24 240
13  85  70  78   1   0  13 1.75  0.0    0  8.4 24 220   M    M   3 13     30 240
14  80  70  75  -2   0  10 0.01  0.0    0  5.9 14 310   M    M   5 13     18 320
15  85  70  78   0   0  13 0.00  0.0    0  6.5 14 110   M    M   3        19  30
16  86  71  79   1   0  14 0.00  0.0    0  8.7 15 110   M    M   2        22 120
17   M   M   M   M   M   M 0.00  0.0    0  5.8 10 140   M    M   1         M  M
18  88  68  78   0   0  13 0.00  0.0    0  6.3 20 110   M    M   0        26 120
19  89  72  81   3   0  16 0.00  0.0    0  7.4 16 130   M    M   1        19 130
20  91  73  82   3   0  17 0.00  0.0    0  6.6 15 330   M    M   0        17 320
21  90  74  82   3   0  17 0.00  0.0    0  6.6 13 240   M    M   2        17 220
22  91  76  84   5   0  19 0.00  0.0    0  9.0 18 100   M    M   3        26 100
23  91  73  82   3   0  17 0.00  0.0    0 10.5 18  80   M    M   1        26  60
24  91  72  82   2   0  17 0.00  0.0    0  8.4 17 110   M    M   0        22 110
25  92  70  81   1   0  16 0.00  0.0    0  8.2 20 120   M    M   1        25 130
26  93  73  83   3   0  18 0.00  0.0    0  8.5 16 150   M    M   1        20 300
================================================================================
SM 2196 1795         0 377  4.29     0.0 215.8          M       54
================================================================================
AV 87.8 71.8                               8.3 FASTST   M    M   2    MAX(MPH)
                                 MISC ---->  # 35 260               # 49  250
================================================================================
NOTES:
# LAST OF SEVERAL OCCURRENCES

COLUMN 17 PEAK WIND IN M.P.H.

PRELIMINARY LOCAL CLIMATOLOGICAL DATA (WS FORM: F-6) , PAGE 2

                                          STATION:  St Petersburg Clearwater
                                          MONTH:    MAY
                                          YEAR:     2019
                                          LATITUDE:   27 55 N
                                          LONGITUDE:  82 41 W

[TEMPERATURE DATA]      [PRECIPITATION DATA]       SYMBOLS USED IN COLUMN 16

AVERAGE MONTHLY: 79.8   TOTAL FOR MONTH:   4.29    1 = FOG OR MIST
DPTR FM NORMAL:   2.5   DPTR FM NORMAL:    2.16    2 = FOG REDUCING VISIBILITY
HIGHEST:    93 ON 26    GRTST 24HR  1.75 ON 13-13      TO 1/4 MILE OR LESS
LOWEST:     68 ON 18                               3 = THUNDER
                        SNOW, ICE PELLETS, HAIL    4 = ICE PELLETS
                        TOTAL MONTH:   0.0 INCH    5 = HAIL
                        GRTST 24HR     0.0         6 = FREEZING RAIN OR DRIZZLE
                        GRTST DEPTH:   0           7 = DUSTSTORM OR SANDSTORM:
                                                       VSBY 1/2 MILE OR LESS
                                                   8 = SMOKE OR HAZE
[NO. OF DAYS WITH]      [WEATHER - DAYS WITH]      9 = BLOWING SNOW
                                                   X = TORNADO
MAX 32 OR BELOW:   0    0.01 INCH OR MORE:   5
MAX 90 OR ABOVE:   7    0.10 INCH OR MORE:   4
MIN 32 OR BELOW:   0    0.50 INCH OR MORE:   4
MIN  0 OR BELOW:   0    1.00 INCH OR MORE:   2

[HDD (BASE 65) ]
TOTAL THIS MO.     0    CLEAR  (SCALE 0-3)  20
DPTR FM NORMAL     0    PTCLDY (SCALE 4-7)   6
TOTAL FM JUL 1   348    CLOUDY (SCALE 8-10)  0
DPTR FM NORMAL    35

[CDD (BASE 65) ]
TOTAL THIS MO.   377
DPTR FM NORMAL    57    [PRESSURE DATA]
TOTAL FM JAN 1   961    HIGHEST SLP M ON M
DPTR FM NORMAL   156    LOWEST  SLP 29.86 ON 13

[REMARKS]
