000
CXUS55 KPIH 191200
CF6PIH

PRELIMINARY LOCAL CLIMATOLOGICAL DATA (WS FORM: F-6)

                                          STATION:   POCATELLO ID
                                          MONTH:     MARCH
                                          YEAR:      2019
                                          LATITUDE:   42 55 N
                                          LONGITUDE: 112 36 W

  TEMPERATURE IN F:       :PCPN:    SNOW:  WIND      :SUNSHINE: SKY     :PK WND
================================================================================
1   2   3   4   5  6A  6B    7    8   9   10  11  12  13   14  15   16   17  18
                                     12Z  AVG MX 2MIN
DY MAX MIN AVG DEP HDD CDD  WTR  SNW DPTH SPD SPD DIR MIN PSBL S-S WX    SPD DR
================================================================================

 1  39  25  32  -1  33   0 0.00  0.0    0 10.1 28 250   M    M   3        34 240
 2  38  23  31  -2  34   0 0.00  0.0    0  4.8 13 220   M    M   3        15 330
 3  34  17  26  -8  39   0    T    T    0  5.7 12 310   M    M   6        14 310
 4  34  14  24 -10  41   0 0.00  0.0    0  5.3 10  30   M    M   2 8      12 290
 5  39  18  29  -5  36   0 0.02    T    0  8.6 15  30   M    M   7 6      17  40
 6  47  31  39   4  26   0 0.14  0.0    0  7.1 22 230   M    M   8 16     24 230
 7  48  34  41   6  24   0 0.08  0.0    0 10.7 23 250   M    M   8 1      28 240
 8  37  28  33  -3  32   0 0.14  1.6    0 14.1 31 240   M    M   8 1      37 240
 9  38  25  32  -4  33   0 0.00  0.0    0 10.9 23 220   M    M   2        27 220
10  43  19  31  -5  34   0 0.00  0.0    0  7.3 17  40   M    M   0        26  30
11  42  18  30  -7  35   0 0.00  0.0    0  3.7  9 260   M    M   1        11 310
12  51  19  35  -2  30   0 0.03  0.2    0  8.4 29 230   M    M   2 1      33 230
13  37  25  31  -6  34   0 0.05  0.6    T 18.0 29 240   M    M  10 1      34 240
14  40  22  31  -7  34   0 0.00  0.0    0  9.3 17 250   M    M   3        22 260
15  46  18  32  -6  33   0 0.00  0.0    0  3.8 13 220   M    M   0        19 290
16  50  20  35  -3  30   0 0.00  0.0    0  4.6  9 270   M    M   0        14  50
17  53  22  38   0  27   0 0.00  0.0    0  4.7 12 350   M    M   0        14 350
18  55  21  38  -1  27   0 0.00  0.0    0  5.5 16  20   M    M   0        21  50
================================================================================
SM  771  399       582   0  0.46     2.4 142.6          M       63
================================================================================
AV 42.8 22.2                               7.9 FASTST   M    M   4    MAX(MPH)
                                 MISC ---->  # 31 240               # 37  240
================================================================================
NOTES:
# LAST OF SEVERAL OCCURRENCES
SNOWFALL/DEPTH ALWAYS AUGMENTED BY WFO POCATELLO

COLUMN 17 PEAK WIND IN M.P.H.

PRELIMINARY LOCAL CLIMATOLOGICAL DATA (WS FORM: F-6) , PAGE 2

                                          STATION:  POCATELLO ID
                                          MONTH:    MARCH
                                          YEAR:     2019
                                          LATITUDE:   42 55 N
                                          LONGITUDE: 112 36 W

[TEMPERATURE DATA]      [PRECIPITATION DATA]       SYMBOLS USED IN COLUMN 16

AVERAGE MONTHLY: 32.5   TOTAL FOR MONTH:   0.46    1 = FOG OR MIST
DPTR FM NORMAL:  -3.5   DPTR FM NORMAL:   -0.29    2 = FOG REDUCING VISIBILITY
HIGHEST:    55 ON 18    GRTST 24HR  0.14 ON  8- 8      TO 1/4 MILE OR LESS
LOWEST:     14 ON  4                               3 = THUNDER
                        SNOW, ICE PELLETS, HAIL    4 = ICE PELLETS
                        TOTAL MONTH:   2.4 INCHES  5 = HAIL
                        GRTST 24HR   1.6 ON  8- 8  6 = FREEZING RAIN OR DRIZZLE
                        GRTST DEPTH:   T           7 = DUSTSTORM OR SANDSTORM:
                                                       VSBY 1/2 MILE OR LESS
                                                   8 = SMOKE OR HAZE
[NO. OF DAYS WITH]      [WEATHER - DAYS WITH]      9 = BLOWING SNOW
                                                   X = TORNADO
MAX 32 OR BELOW:   0    0.01 INCH OR MORE:   6
MAX 90 OR ABOVE:   0    0.10 INCH OR MORE:   2
MIN 32 OR BELOW:  17    0.50 INCH OR MORE:   0
MIN  0 OR BELOW:   0    1.00 INCH OR MORE:   0

[HDD (BASE 65) ]
TOTAL THIS MO.   582    CLEAR  (SCALE 0-3)  11
DPTR FM NORMAL    61    PTCLDY (SCALE 4-7)   5
TOTAL FM JUL 1  5846    CLOUDY (SCALE 8-10)  2
DPTR FM NORMAL    52

[CDD (BASE 65) ]
TOTAL THIS MO.     0
DPTR FM NORMAL     0    [PRESSURE DATA]
TOTAL FM JAN 1     0    HIGHEST SLP M ON M
DPTR FM NORMAL     0    LOWEST  SLP 29.57 ON 12

[REMARKS]
