000
CXUS55 KPIH 231200
CF6PIH

PRELIMINARY LOCAL CLIMATOLOGICAL DATA (WS FORM: F-6)

                                          STATION:   POCATELLO ID
                                          MONTH:     MAY
                                          YEAR:      2019
                                          LATITUDE:   42 55 N
                                          LONGITUDE: 112 36 W

  TEMPERATURE IN F:       :PCPN:    SNOW:  WIND      :SUNSHINE: SKY     :PK WND
================================================================================
1   2   3   4   5  6A  6B    7    8   9   10  11  12  13   14  15   16   17  18
                                     12Z  AVG MX 2MIN
DY MAX MIN AVG DEP HDD CDD  WTR  SNW DPTH SPD SPD DIR MIN PSBL S-S WX    SPD DR
================================================================================

 1  53  20  37 -13  28   0 0.00  0.0    0  8.3 21 180   M    M   4        26 250
 2  62  40  51   1  14   0 0.00  0.0    0 17.7 36 240   M    M   3        43 260
 3  66  27  47  -3  18   0 0.00  0.0    0  9.2 21 270   M    M   0        27 270
 4  72  34  53   3  12   0 0.00  0.0    0 10.2 23 270   M    M   1        28 240
 5  73  37  55   4  10   0 0.00  0.0    0 12.4 24 260   M    M   1        28 260
 6  74  38  56   5   9   0 0.00  0.0    0  7.0 25 230   M    M   2        30 230
 7  65  44  55   4  10   0    T  0.0    0 11.6 37  10   M    M   7        45  10
 8  65  35  50  -2  15   0 0.00  0.0    0 11.2 25  30   M    M   3        35 360
 9  60  27  44  -8  21   0 0.01  0.0    0  9.2 24  40   M    M   4        32  50
10  66  24  45  -7  20   0 0.00  0.0    0  5.9 15  10   M    M   0        20  20
11  73  33  53   1  12   0 0.00  0.0    0  7.4 14 200   M    M   1        17 220
12  79  35  57   4   8   0 0.00  0.0    0 10.1 23 240   M    M   1        28 240
13  82  42  62   9   3   0 0.12  0.0    0  7.1 36 230   M    M   3 3      47 230
14  77  44  61   8   4   0 0.02  0.0    0  5.8 36 190   M    M   3 3      47 200
15  77  52  65  11   0   0 0.00  0.0    0  9.0 25 180   M    M   3        30 180
16  74  42  58   4   7   0 0.21  0.0    0 18.4 38 170   M    M   5 1      46 170
17  52  40  46  -8  19   0 0.04  0.0    0 15.8 29 250   M    M   8        34 250
18  58  41  50  -4  15   0 0.05  0.0    0 11.1 18 240   M    M   9 1      23 230
19  58  39  49  -6  16   0 0.21  0.0    0  6.4 30 190   M    M   8 1      38 200
20  56  42  49  -6  16   0 0.07  0.0    0  5.5 16 230   M    M   9        18 230
21  54  42  48  -7  17   0 0.33  0.0    0  9.8 22 240   M    M   9 1      26 250
22  54  42  48  -7  17   0 0.07  0.0    0 13.1 25  30   M    M   8        33  30
================================================================================
SM 1450  820       291   0  1.13     0.0 222.2          M       92
================================================================================
AV 65.9 37.3                              10.1 FASTST   M    M   4    MAX(MPH)
                                 MISC ---->  # 38 170               # 47  230
================================================================================
NOTES:
# LAST OF SEVERAL OCCURRENCES
SNOWFALL/DEPTH ALWAYS AUGMENTED BY WFO POCATELLO

COLUMN 17 PEAK WIND IN M.P.H.

PRELIMINARY LOCAL CLIMATOLOGICAL DATA (WS FORM: F-6) , PAGE 2

                                          STATION:  POCATELLO ID
                                          MONTH:    MAY
                                          YEAR:     2019
                                          LATITUDE:   42 55 N
                                          LONGITUDE: 112 36 W

[TEMPERATURE DATA]      [PRECIPITATION DATA]       SYMBOLS USED IN COLUMN 16

AVERAGE MONTHLY: 51.6   TOTAL FOR MONTH:   1.13    1 = FOG OR MIST
DPTR FM NORMAL:  -1.0   DPTR FM NORMAL:    0.10    2 = FOG REDUCING VISIBILITY
HIGHEST:    82 ON 13    GRTST 24HR  0.33 ON 21-21      TO 1/4 MILE OR LESS
LOWEST:     20 ON  1                               3 = THUNDER
                        SNOW, ICE PELLETS, HAIL    4 = ICE PELLETS
                        TOTAL MONTH:   0.0 INCH    5 = HAIL
                        GRTST 24HR     0.0         6 = FREEZING RAIN OR DRIZZLE
                        GRTST DEPTH:   0           7 = DUSTSTORM OR SANDSTORM:
                                                       VSBY 1/2 MILE OR LESS
                                                   8 = SMOKE OR HAZE
[NO. OF DAYS WITH]      [WEATHER - DAYS WITH]      9 = BLOWING SNOW
                                                   X = TORNADO
MAX 32 OR BELOW:   0    0.01 INCH OR MORE:  10
MAX 90 OR ABOVE:   0    0.10 INCH OR MORE:   4
MIN 32 OR BELOW:   4    0.50 INCH OR MORE:   0
MIN  0 OR BELOW:   0    1.00 INCH OR MORE:   0

[HDD (BASE 65) ]
TOTAL THIS MO.   291    CLEAR  (SCALE 0-3)   9
DPTR FM NORMAL    15    PTCLDY (SCALE 4-7)   8
TOTAL FM JUL 1  6952    CLOUDY (SCALE 8-10)  5
DPTR FM NORMAL   -18

[CDD (BASE 65) ]
TOTAL THIS MO.     0
DPTR FM NORMAL     0    [PRESSURE DATA]
TOTAL FM JAN 1     0    HIGHEST SLP M ON M
DPTR FM NORMAL     0    LOWEST  SLP 29.41 ON 16

[REMARKS]
