000
CXUS54 KBRO 230900
CF6PIL
PRELIMINARY LOCAL CLIMATOLOGICAL DATA (WS FORM: F-6)

                                          STATION:   BAYVIEW
                                          MONTH:     MARCH
                                          YEAR:      2019
                                          LATITUDE:   26 10 N
                                          LONGITUDE:  97 20 W

  TEMPERATURE IN F:       :PCPN:    SNOW:  WIND      :SUNSHINE: SKY     :PK WND
================================================================================
1   2   3   4   5  6A  6B    7    8   9   10  11  12  13   14  15   16   17  18
                                     12Z  AVG MX 2MIN
DY MAX MIN AVG DEP HDD CDD  WTR  SNW DPTH SPD SPD DIR MIN PSBL S-S WX    SPD DR
================================================================================

 1  76  62  69   3   0   4    T  0.0    0  8.7 18  10   M    M  10 128    24  10
 2  82  68  75   9   0  10 0.00  0.0    0 11.5 24 140   M    M   7 128    29 150
 3  84  56  70   4   0   5 0.02  0.0    0 13.9 28  10   M    M   9 18     36  10
 4  56  38  47 -19  18   0    T    M    0 20.6 30 330   M    M  10 1      36 330
 5  49  39  44 -22  21   0 0.00  0.0    0 15.7 24 340   M    M  10        29 330
 6  60  47  54 -13  11   0    T    M    0  9.2 13 330   M    M  10 8      17 320
 7  71  55  63  -4   2   0    T  0.0    0  5.8 14 150   M    M  10 1      17 150
 8  81  71  76   9   0  11    T  0.0    0 15.8 26 150   M    M  10 18     32 150
 9  89  70  80  13   0  15 0.00  0.0    0 17.5 31 180   M    M   5 18     43 190
10  84  71  78  11   0  13 0.00  0.0    0 12.5 25 150   M    M   9 18     30 150
11  80  70  75   7   0  10    T  0.0    0 11.9 20 130   M    M   8 128    24 130
12  82  71  77   9   0  12 0.00  0.0    0 18.5 33 160   M    M   9 18     43 160
13  88  69  79  11   0  14 0.00  0.0    0 22.3 35 170   M    M   7 18     49 170
14  78  69  74   6   0   9 0.00  0.0    0 14.1 24  30   M    M  10 18     33  30
15  69  52  61  -7   4   0 1.03  0.0    0 16.7 26 360   M    M  10 13     32 360
16  60  50  55 -14  10   0 0.28  0.0    0 11.0 17  10   M    M  10 18     22  10
17  61  53  57 -12   8   0 0.04  0.0    0  9.4 18  20   M    M   9 18     22  20
18  66  51  59 -10   6   0 0.14  0.0    0  8.4 21 360   M    M   8 1      24 360
19  68  57  63  -6   2   0 0.05  0.0    0  7.3 14 100   M    M  10 18     17 110
20  70  63  67  -3   0   2 0.07  0.0    0  7.6 17  80   M    M  10 1      23  80
21  74  60  67  -3   0   2 0.00  0.0    0  7.7 14  80   M    M   8 1      17  60
22  76  64  70   0   0   5 0.00  0.0    0 11.5 21 110   M    M   6        26 110
================================================================================
SM 1604 1306        82 112  1.63     0.0 277.6          M      195
================================================================================
AV 72.9 59.4                              12.6 FASTST   M    M   9    MAX(MPH)
                                 MISC ---->  # 35 170               # 49  170
================================================================================
NOTES:
# LAST OF SEVERAL OCCURRENCES

COLUMN 17 PEAK WIND IN M.P.H.

PRELIMINARY LOCAL CLIMATOLOGICAL DATA (WS FORM: F-6) , PAGE 2

                                          STATION:  BAYVIEW
                                          MONTH:    MARCH
                                          YEAR:     2019
                                          LATITUDE:   26 10 N
                                          LONGITUDE:  97 20 W

[TEMPERATURE DATA]      [PRECIPITATION DATA]       SYMBOLS USED IN COLUMN 16

AVERAGE MONTHLY: 66.1   TOTAL FOR MONTH:   1.63    1 = FOG OR MIST
DPTR FM NORMAL:  -1.6   DPTR FM NORMAL:    0.97    2 = FOG REDUCING VISIBILITY
HIGHEST:    89 ON  9    GRTST 24HR  1.03 ON 15-15      TO 1/4 MILE OR LESS
LOWEST:     38 ON  4                               3 = THUNDER
                        SNOW, ICE PELLETS, HAIL    4 = ICE PELLETS
                        TOTAL MONTH:   0.0 INCH    5 = HAIL
                        GRTST 24HR     0.0         6 = FREEZING RAIN OR DRIZZLE
                        GRTST DEPTH:   0           7 = DUSTSTORM OR SANDSTORM:
                                                       VSBY 1/2 MILE OR LESS
                                                   8 = SMOKE OR HAZE
[NO. OF DAYS WITH]      [WEATHER - DAYS WITH]      9 = BLOWING SNOW
                                                   X = TORNADO
MAX 32 OR BELOW:   0    0.01 INCH OR MORE:   7
MAX 90 OR ABOVE:   0    0.10 INCH OR MORE:   3
MIN 32 OR BELOW:   0    0.50 INCH OR MORE:   1
MIN  0 OR BELOW:   0    1.00 INCH OR MORE:   1

[HDD (BASE 65) ]
TOTAL THIS MO.    82    CLEAR  (SCALE 0-3)   0
DPTR FM NORMAL    44    PTCLDY (SCALE 4-7)   6
TOTAL FM JUL 1   577    CLOUDY (SCALE 8-10) 16
DPTR FM NORMAL    43

[CDD (BASE 65) ]
TOTAL THIS MO.   112
DPTR FM NORMAL    13    [PRESSURE DATA]
TOTAL FM JAN 1   268    HIGHEST SLP M ON M
DPTR FM NORMAL    47    LOWEST  SLP 29.60 ON 13

[REMARKS]
