000
CXUS55 KABR 181400
CF6PIR
PRELIMINARY LOCAL CLIMATOLOGICAL DATA (WS FORM: F-6)

                                          STATION:   PIERRE SD
                                          MONTH:     MARCH
                                          YEAR:      2019
                                          LATITUDE:   44 22 N
                                          LONGITUDE: 100 17 W

  TEMPERATURE IN F:       :PCPN:    SNOW:  WIND      :SUNSHINE: SKY     :PK WND
================================================================================
1   2   3   4   5  6A  6B    7    8   9   10  11  12  13   14  15   16   17  18
                                     12Z  AVG MX 2MIN
DY MAX MIN AVG DEP HDD CDD  WTR  SNW DPTH SPD SPD DIR MIN PSBL S-S WX    SPD DR
================================================================================

 1  22   0  11 -18  54   0 0.10  1.1   16 10.2 21 340   M    M   7 1      26 340
 2   5 -12  -3 -32  68   0 0.06  0.7   17 12.7 24 360   M    M   7 19     29 360
 3   0 -16  -8 -38  73   0 0.00  0.0   17 21.5 33 300   M    M   2 8      43 290
 4  11  -5   3 -27  62   0 0.00  0.0   17 24.6 35 290   M    M   2 89     42 290
 5  19   4  12 -18  53   0 0.00  0.0   17 17.1 29 310   M    M   1 8      36 300
 6  16  -3   7 -24  58   0    T    T   17  7.6 14  60   M    M   3        16  70
 7  16   7  12 -19  53   0 0.03  0.3   17 12.4 18 120   M    M   9 19     21 120
 8  27  16  22  -9  43   0    T  0.0   17  8.5 21 120   M    M  10 12     24 110
 9  27  19  23  -9  42   0 0.36  3.8   17 17.5 33 330   M    M   9 1269   45 330
10  28   5  17 -15  48   0 0.00  0.0   19  7.5 20 310   M    M   1 1      23 290
11  38  -3  18 -14  47   0 0.00  0.0   18  7.5 25 180   M    M   4 12     37 180
12  43  23  33   0  32   0 0.00  0.0   18  6.7 24 180   M    M   0 1      35 180
13  31  21  26  -7  39   0 0.68  5.5   15 21.9 43 340   M    M   7 12     59 350
14  34  25  30  -4  35   0 0.56  4.5   26 33.9 46 330   M    M   6 12     60 340
15  35  20  28  -6  37   0 0.00  0.0   26 10.4 22 310   M    M   2        27 310
16  34  20  27  -7  38   0 0.00  0.0   23 11.6 25 310   M    M   2        31 320
17  34  14  24 -11  41   0 0.00  0.0   21  5.7 16 340   M    M   2        19 350
================================================================================
SM  420  135       823   0  1.79    15.9 237.3          M       74
================================================================================
AV 24.7  7.9                              14.0 FASTST   M    M   4    MAX(MPH)
                                 MISC ---->  # 46 330               # 60  340
================================================================================
NOTES:
# LAST OF SEVERAL OCCURRENCES

COLUMN 17 PEAK WIND IN M.P.H.

PRELIMINARY LOCAL CLIMATOLOGICAL DATA (WS FORM: F-6) , PAGE 2

                                          STATION:  PIERRE SD
                                          MONTH:    MARCH
                                          YEAR:     2019
                                          LATITUDE:   44 22 N
                                          LONGITUDE: 100 17 W

[TEMPERATURE DATA]      [PRECIPITATION DATA]       SYMBOLS USED IN COLUMN 16

AVERAGE MONTHLY: 16.3   TOTAL FOR MONTH:   1.79    1 = FOG OR MIST
DPTR FM NORMAL: -15.4   DPTR FM NORMAL:    1.21    2 = FOG REDUCING VISIBILITY
HIGHEST:    43 ON 12    GRTST 24HR  0.68 ON 13-13      TO 1/4 MILE OR LESS
LOWEST:    -16 ON  3                               3 = THUNDER
                        SNOW, ICE PELLETS, HAIL    4 = ICE PELLETS
                        TOTAL MONTH:  15.9 INCHES  5 = HAIL
                        GRTST 24HR   5.5 ON 13-13  6 = FREEZING RAIN OR DRIZZLE
                        GRTST DEPTH:  26 ON 15,14  7 = DUSTSTORM OR SANDSTORM:
                                                       VSBY 1/2 MILE OR LESS
                                                   8 = SMOKE OR HAZE
[NO. OF DAYS WITH]      [WEATHER - DAYS WITH]      9 = BLOWING SNOW
                                                   X = TORNADO
MAX 32 OR BELOW:  11    0.01 INCH OR MORE:   6
MAX 90 OR ABOVE:   0    0.10 INCH OR MORE:   4
MIN 32 OR BELOW:  17    0.50 INCH OR MORE:   2
MIN  0 OR BELOW:   6    1.00 INCH OR MORE:   0

[HDD (BASE 65) ]
TOTAL THIS MO.   823    CLEAR  (SCALE 0-3)   9
DPTR FM NORMAL   257    PTCLDY (SCALE 4-7)   5
TOTAL FM JUL 1  6741    CLOUDY (SCALE 8-10)  3
DPTR FM NORMAL   677

[CDD (BASE 65) ]
TOTAL THIS MO.     0
DPTR FM NORMAL     0    [PRESSURE DATA]
TOTAL FM JAN 1     0    HIGHEST SLP M ON M
DPTR FM NORMAL     0    LOWEST  SLP 29.40 ON 13

[REMARKS]
