000
CXUS55 KABR 261400
CF6PIR
PRELIMINARY LOCAL CLIMATOLOGICAL DATA (WS FORM: F-6)

                                          STATION:   PIERRE SD
                                          MONTH:     MAY
                                          YEAR:      2019
                                          LATITUDE:   44 22 N
                                          LONGITUDE: 100 17 W

  TEMPERATURE IN F:       :PCPN:    SNOW:  WIND      :SUNSHINE: SKY     :PK WND
================================================================================
1   2   3   4   5  6A  6B    7    8   9   10  11  12  13   14  15   16   17  18
                                     12Z  AVG MX 2MIN
DY MAX MIN AVG DEP HDD CDD  WTR  SNW DPTH SPD SPD DIR MIN PSBL S-S WX    SPD DR
================================================================================

 1  43  31  37 -16  28   0 0.17  0.0    0  7.9 15  40   M    M   8 1      19  30
 2  65  23  44 -10  21   0    T  0.0    0  9.8 29 210   M    M   3 12     35 210
 3  65  37  51  -3  14   0 0.00  0.0    0 10.9 26 330   M    M   3        33 330
 4  72  36  54   0  11   0 0.00  0.0    0  8.3 24  50   M    M   1        31  50
 5  58  38  48  -7  17   0    T  0.0    0 12.7 25  20   M    M   5        32  20
 6  43  35  39 -16  26   0 0.34  0.0    0  8.1 16  30   M    M  10 1      21  30
 7  45  37  41 -14  24   0 0.79  0.0    0 10.2 18 110   M    M  10 1      22  80
 8  46  35  41 -15  24   0 0.70  0.0    0 15.7 28  30   M    M   9 1      38  10
 9  54  33  44 -12  21   0 0.00  0.0    0 12.7 23 360   M    M   3        29 340
10  64  33  49  -7  16   0 0.00  0.0    0  7.7 21 180   M    M   0        28 200
11  58  45  52  -4  13   0 0.25  0.0    0 15.8 33 310   M    M   7 1      42 320
12  66  42  54  -3  11   0    T  0.0    0 11.2 21 320   M    M   3        25 320
13  80  42  61   4   4   0 0.04  0.0    0  9.6 35 320   M    M   0 3      43 320
14  81  47  64   7   1   0 0.00  0.0    0  5.8 14  10   M    M   0        18 340
15  87  53  70  12   0   5 0.00  0.0    0 12.8 28 180   M    M   0        36 190
16  70  51  61   3   4   0 0.00  0.0    0 13.1 26  70   M    M   0        36  60
17  60  45  53  -5  12   0 0.91  0.0    0 20.0 38  40   M    M   7 13     51  40
18  52  42  47 -12  18   0 0.09  0.0    0 13.7 25  30   M    M  10 1      33  30
19  48  37  43 -16  22   0 0.21  0.0    0 13.8 26 360   M    M   9 1      36  10
20  49  34  42 -17  23   0 0.20  0.0    0  5.6 17 130   M    M   8 1      22 140
21  47  43  45 -15  20   0 1.54  0.0    0 20.4 36  70   M    M  10 1      51  70
22  53  43  48 -12  17   0 0.11  0.0    0 12.5 22  50   M    M   9 1      28  50
23  58  41  50 -10  15   0 0.04    M    0  7.8 15  10   M    M   9 1      19 360
24  73  49  61   1   4   0 0.21  0.0    0 16.2 35 250   M    M   3 1      49 240
25  69  44  57  -4   8   0 0.00  0.0    0  6.8 18 300   M    M   0        24 310
================================================================================
SM 1506  996       374   5  5.60     0.0 289.1          M      127
================================================================================
AV 60.2 39.8                              11.6 FASTST   M    M   5    MAX(MPH)
                                 MISC ---->  # 38  40               # 51   40
================================================================================
NOTES:
# LAST OF SEVERAL OCCURRENCES

COLUMN 17 PEAK WIND IN M.P.H.

PRELIMINARY LOCAL CLIMATOLOGICAL DATA (WS FORM: F-6) , PAGE 2

                                          STATION:  PIERRE SD
                                          MONTH:    MAY
                                          YEAR:     2019
                                          LATITUDE:   44 22 N
                                          LONGITUDE: 100 17 W

[TEMPERATURE DATA]      [PRECIPITATION DATA]       SYMBOLS USED IN COLUMN 16

AVERAGE MONTHLY: 50.0   TOTAL FOR MONTH:   5.60    1 = FOG OR MIST
DPTR FM NORMAL:  -7.0   DPTR FM NORMAL:    3.14    2 = FOG REDUCING VISIBILITY
HIGHEST:    87 ON 15    GRTST 24HR  1.54 ON 21-21      TO 1/4 MILE OR LESS
LOWEST:     23 ON  2                               3 = THUNDER
                        SNOW, ICE PELLETS, HAIL    4 = ICE PELLETS
                        TOTAL MONTH:   0.0 INCH    5 = HAIL
                        GRTST 24HR     0.0         6 = FREEZING RAIN OR DRIZZLE
                        GRTST DEPTH:   0           7 = DUSTSTORM OR SANDSTORM:
                                                       VSBY 1/2 MILE OR LESS
                                                   8 = SMOKE OR HAZE
[NO. OF DAYS WITH]      [WEATHER - DAYS WITH]      9 = BLOWING SNOW
                                                   X = TORNADO
MAX 32 OR BELOW:   0    0.01 INCH OR MORE:  14
MAX 90 OR ABOVE:   0    0.10 INCH OR MORE:  11
MIN 32 OR BELOW:   2    0.50 INCH OR MORE:   4
MIN  0 OR BELOW:   0    1.00 INCH OR MORE:   1

[HDD (BASE 65) ]
TOTAL THIS MO.   374    CLEAR  (SCALE 0-3)  11
DPTR FM NORMAL   155    PTCLDY (SCALE 4-7)   4
TOTAL FM JUL 1  8102    CLOUDY (SCALE 8-10) 10
DPTR FM NORMAL   893

[CDD (BASE 65) ]
TOTAL THIS MO.     5
DPTR FM NORMAL   -18    [PRESSURE DATA]
TOTAL FM JAN 1     7    HIGHEST SLP M ON M
DPTR FM NORMAL   -20    LOWEST  SLP 29.45 ON 22

[REMARKS]
