000
CXUS51 KPBZ 190804
CF6PIT
PRELIMINARY LOCAL CLIMATOLOGICAL DATA (WS FORM: F-6)

                                          STATION:   PITTSBURGH PA
                                          MONTH:     APRIL
                                          YEAR:      2018
                                          LATITUDE:   40 30 N
                                          LONGITUDE:  80 13 W

  TEMPERATURE IN F:       :PCPN:    SNOW:  WIND      :SUNSHINE: SKY     :PK WND
================================================================================
1   2   3   4   5  6A  6B    7    8   9   10  11  12  13   14  15   16   17  18
                                     12Z  AVG MX 2MIN
DY MAX MIN AVG DEP HDD CDD  WTR  SNW DPTH SPD SPD DIR MIN PSBL S-S WX    SPD DR
================================================================================

 1  51  33  42  -4  23   0 0.16  1.2    0  9.9 26 340   M    M   8 1      32 340
 2  42  32  37  -9  28   0 0.17  2.8    4  3.5  9  10   M    M   9 1      12 330
 3  59  35  47   1  18   0 1.20  0.0    0  6.5 23 200   M    M  10 123    37 210
 4  60  30  45  -2  20   0 0.06    T    0 20.4 33 270   M    M  10 1      47 230
 5  45  28  37 -10  28   0    T    T    0 10.8 23 290   M    M   8 1      39 240
 6  57  31  44  -4  21   0 0.21  0.8    0 12.1 28 300   M    M  10 1      39 250
 7  38  27  33 -15  32   0 0.10  1.3    1  7.8 24 330   M    M   7 1      28 330
 8  39  26  33 -15  32   0    T    T    0  8.4 18 310   M    M   7        26 300
 9  36  27  32 -17  33   0 0.07  0.2    0  5.6 12 110   M    M  10 1      13 100
10  44  24  34 -15  31   0 0.00  0.0    0  3.2 14 280   M    M   5 1      17 280
11  56  33  45  -5  20   0    T  0.0    0  8.0 21 240   M    M   7        32 220
12  77  47  62  12   3   0 0.01  0.0    0 12.2 30 210   M    M   9        41 240
13  83  65  74  24   0   9 0.00  0.0    0 11.6 23 240   M    M   7        32 240
14  81  55  68  17   0   3    T  0.0    0  7.8 18 290   M    M   8        24 210
15  75  47  61  10   4   0 1.08  0.0    0 10.6 25 120   M    M  10 1      33 130
16  47  33  40 -11  25   0 0.41  0.1    0 13.5 26 280   M    M  10 1      35 280
17  37  30  34 -18  31   0 0.10    T    0 11.7 26 300   M    M  10 12     33 310
18  54  29  42 -10  23   0 0.23  0.0    0  5.0 12 270   M    M   7 1      16 310
================================================================================
SM  981  632       372  12  3.80     6.4 168.6          M      152
================================================================================
AV 54.5 35.1                               9.4 FASTST   M    M   8    MAX(MPH)
                                 MISC ---->  # 33 270               # 47  230
================================================================================
NOTES:
# LAST OF SEVERAL OCCURRENCES

COLUMN 17 PEAK WIND IN M.P.H.

PRELIMINARY LOCAL CLIMATOLOGICAL DATA (WS FORM: F-6) , PAGE 2

                                          STATION:  PITTSBURGH PA
                                          MONTH:    APRIL
                                          YEAR:     2018
                                          LATITUDE:   40 30 N
                                          LONGITUDE:  80 13 W

[TEMPERATURE DATA]      [PRECIPITATION DATA]       SYMBOLS USED IN COLUMN 16

AVERAGE MONTHLY: 44.8   TOTAL FOR MONTH:   3.80    1 = FOG OR MIST
DPTR FM NORMAL:  -4.1   DPTR FM NORMAL:    1.93    2 = FOG REDUCING VISIBILITY
HIGHEST:    83 ON 13    GRTST 24HR  1.20 ON  3- 3      TO 1/4 MILE OR LESS
LOWEST:     24 ON 10                               3 = THUNDER
                        SNOW, ICE PELLETS, HAIL    4 = ICE PELLETS
                        TOTAL MONTH:   6.4 INCHES  5 = HAIL
                        GRTST 24HR   2.8 ON  2- 2  6 = FREEZING RAIN OR DRIZZLE
                        GRTST DEPTH:   4 ON  2     7 = DUSTSTORM OR SANDSTORM:
                                                       VSBY 1/2 MILE OR LESS
                                                   8 = SMOKE OR HAZE
[NO. OF DAYS WITH]      [WEATHER - DAYS WITH]      9 = BLOWING SNOW
                                                   X = TORNADO
MAX 32 OR BELOW:   0    0.01 INCH OR MORE:  12
MAX 90 OR ABOVE:   0    0.10 INCH OR MORE:   9
MIN 32 OR BELOW:  10    0.50 INCH OR MORE:   2
MIN  0 OR BELOW:   0    1.00 INCH OR MORE:   2

[HDD (BASE 65) ]
TOTAL THIS MO.   372    CLEAR  (SCALE 0-3)   0
DPTR FM NORMAL    79    PTCLDY (SCALE 4-7)   7
TOTAL FM JUL 1  5306    CLOUDY (SCALE 8-10) 11
DPTR FM NORMAL   -32

[CDD (BASE 65) ]
TOTAL THIS MO.    12
DPTR FM NORMAL    12    [PRESSURE DATA]
TOTAL FM JAN 1    16    HIGHEST SLP M ON M
DPTR FM NORMAL    15    LOWEST  SLP 29.42 ON  4

[REMARKS]
