000
CXUS51 KPBZ 250804
CF6PIT
PRELIMINARY LOCAL CLIMATOLOGICAL DATA (WS FORM: F-6)

                                          STATION:   PITTSBURGH PA
                                          MONTH:     MAY
                                          YEAR:      2019
                                          LATITUDE:   40 30 N
                                          LONGITUDE:  80 13 W

  TEMPERATURE IN F:       :PCPN:    SNOW:  WIND      :SUNSHINE: SKY     :PK WND
================================================================================
1   2   3   4   5  6A  6B    7    8   9   10  11  12  13   14  15   16   17  18
                                     12Z  AVG MX 2MIN
DY MAX MIN AVG DEP HDD CDD  WTR  SNW DPTH SPD SPD DIR MIN PSBL S-S WX    SPD DR
================================================================================

 1  85  54  70  14   0   5 0.00  0.0    0  9.1 23 220   M    M   8 1      32 210
 2  79  61  70  14   0   5 0.70  0.0    0  5.6 30 290   M    M   9 13     36 290
 3  71  61  66  10   0   1 0.20  0.0    0  3.5 14 330   M    M  10 1      20 320
 4  64  54  59   2   6   0 0.12  0.0    0  7.0 13 320   M    M  10 1      16 360
 5  64  50  57   0   8   0 0.10  0.0    0  7.9 14 320   M    M   8 1      18 360
 6  73  44  59   2   6   0 0.00  0.0    0  3.9 13 300   M    M   3        19 310
 7  79  48  64   6   1   0 0.00  0.0    0  6.7 21  10   M    M   5        25 360
 8  77  50  64   6   1   0 0.00  0.0    0  7.4 16 130   M    M   4        20 120
 9  80  61  71  13   0   6 0.20  0.0    0  9.8 21 200   M    M   8 1      29 210
10  72  51  62   4   3   0 0.11  0.0    0  9.5 20 330   M    M   9 1      27 270
11  64  46  55  -4  10   0 0.22  0.0    0  7.5 16 110   M    M   7 1      19 110
12  57  51  54  -5  11   0 0.38  0.0    0  5.8 12  30   M    M  10 1      15  90
13  56  44  50  -9  15   0 0.07  0.0    0 10.2 22 320   M    M   9 18     26 290
14  56  42  49 -10  16   0 0.01  0.0    0  8.6 21 320   M    M   7 1      27 310
15  69  42  56  -4   9   0 0.00  0.0    0  6.8 17 230   M    M   6        23 230
16  74  51  63   3   2   0 0.03  0.0    0  7.6 17 280   M    M   8        22 300
17  74  60  67   7   0   2 0.16  0.0    0  6.6 16 230   M    M   9 13     21 220
18  82  56  69   9   0   4 0.15  0.0    0  5.4 24 240   M    M   7 138    30 240
19  86  61  74  13   0   9 0.02  0.0    0  9.5 22 230   M    M   6 1      31 220
20  74  53  64   3   1   0    T  0.0    0 13.7 25 290   M    M   8        33 300
21  60  45  53  -8  12   0    T  0.0    0  6.5 17  10   M    M   9        21 360
22  80  47  64   2   1   0    T  0.0    0  7.8 15 150   M    M   9 3      20 150
23  80  64  72  10   0   7 0.08  0.0    0 10.1 22 220   M    M   7 13     30 220
24  78  54  66   4   0   1 0.00  0.0    0  6.4 18 320   M    M   4        25 300
================================================================================
SM 1734 1250       102  40  2.55     0.0 182.9          M      180
================================================================================
AV 72.3 52.1                               7.6 FASTST   M    M   8    MAX(MPH)
                                 MISC ---->  # 30 290               # 36  290
================================================================================
NOTES:
# LAST OF SEVERAL OCCURRENCES

COLUMN 17 PEAK WIND IN M.P.H.

PRELIMINARY LOCAL CLIMATOLOGICAL DATA (WS FORM: F-6) , PAGE 2

                                          STATION:  PITTSBURGH PA
                                          MONTH:    MAY
                                          YEAR:     2019
                                          LATITUDE:   40 30 N
                                          LONGITUDE:  80 13 W

[TEMPERATURE DATA]      [PRECIPITATION DATA]       SYMBOLS USED IN COLUMN 16

AVERAGE MONTHLY: 62.2   TOTAL FOR MONTH:   2.55    1 = FOG OR MIST
DPTR FM NORMAL:   3.2   DPTR FM NORMAL:   -0.41    2 = FOG REDUCING VISIBILITY
HIGHEST:    86 ON 19    GRTST 24HR  0.70 ON  2- 2      TO 1/4 MILE OR LESS
LOWEST:     42 ON 15,14                            3 = THUNDER
                        SNOW, ICE PELLETS, HAIL    4 = ICE PELLETS
                        TOTAL MONTH:   0.0 INCH    5 = HAIL
                        GRTST 24HR     0.0         6 = FREEZING RAIN OR DRIZZLE
                        GRTST DEPTH:   0           7 = DUSTSTORM OR SANDSTORM:
                                                       VSBY 1/2 MILE OR LESS
                                                   8 = SMOKE OR HAZE
[NO. OF DAYS WITH]      [WEATHER - DAYS WITH]      9 = BLOWING SNOW
                                                   X = TORNADO
MAX 32 OR BELOW:   0    0.01 INCH OR MORE:  15
MAX 90 OR ABOVE:   0    0.10 INCH OR MORE:  10
MIN 32 OR BELOW:   0    0.50 INCH OR MORE:   1
MIN  0 OR BELOW:   0    1.00 INCH OR MORE:   0

[HDD (BASE 65) ]
TOTAL THIS MO.   102    CLEAR  (SCALE 0-3)   0
DPTR FM NORMAL   -68    PTCLDY (SCALE 4-7)  14
TOTAL FM JUL 1  5520    CLOUDY (SCALE 8-10) 10
DPTR FM NORMAL  -126

[CDD (BASE 65) ]
TOTAL THIS MO.    40
DPTR FM NORMAL    12    [PRESSURE DATA]
TOTAL FM JAN 1    45    HIGHEST SLP M ON M
DPTR FM NORMAL     7    LOWEST  SLP 29.68 ON 13

[REMARKS]
