000
CXUS51 KPBZ 230804
CF6PIT
PRELIMINARY LOCAL CLIMATOLOGICAL DATA (WS FORM: F-6)

                                          STATION:   PITTSBURGH PA
                                          MONTH:     MARCH
                                          YEAR:      2019
                                          LATITUDE:   40 30 N
                                          LONGITUDE:  80 13 W

  TEMPERATURE IN F:       :PCPN:    SNOW:  WIND      :SUNSHINE: SKY     :PK WND
================================================================================
1   2   3   4   5  6A  6B    7    8   9   10  11  12  13   14  15   16   17  18
                                     12Z  AVG MX 2MIN
DY MAX MIN AVG DEP HDD CDD  WTR  SNW DPTH SPD SPD DIR MIN PSBL S-S WX    SPD DR
================================================================================

 1  35  27  31  -3  34   0 0.06  1.4    4  6.8 13  50   M    M  10 1      17  50
 2  40  30  35   0  30   0 0.00  0.0    0  7.8 20 300   M    M   9        24 300
 3  32  24  28  -7  37   0 0.26  3.2    0  6.1 18 320   M    M  10 1      23 330
 4  24  13  19 -16  46   0 0.01  0.1    3 12.4 20 270   M    M   7 1      26 260
 5  19   6  13 -23  52   0 0.02  0.2    1 10.7 20 280   M    M   6        25 230
 6  21   9  15 -21  50   0    T    T    0 10.5 24 280   M    M   6        30 280
 7  30  16  23 -13  42   0    T    T    1  7.3 18 290   M    M   9        22 270
 8  38  20  29  -8  36   0 0.00  0.0    1  2.9  9 120   M    M   8        12 110
 9  48  21  35  -2  30   0 0.72  0.0    T  9.7 25 130   M    M   5 18     33 130
10  57  39  48  11  17   0 0.04  0.0    0 15.0 31 240   M    M   9 1      41 230
11  48  32  40   2  25   0 0.00  0.0    0 12.5 31 310   M    M   6        37 300
12  45  24  35  -3  30   0 0.00  0.0    0  6.1 15 280   M    M   1        18 280
13  59  27  43   5  22   0    T  0.0    0  5.1 15 200   M    M   8        20 210
14  77  42  60  21   5   0 0.13  0.0    0  9.9 25 210   M    M   8 1      34 210
15  64  35  50  11  15   0 0.18    T    0 15.6 25 270   M    M   8 13     37 270
16  41  29  35  -5  30   0 0.01    T    0 13.1 26 290   M    M   7 1      34 260
17  42  25  34  -6  31   0 0.00  0.0    0  5.2 16 340   M    M   6        20 330
18  41  28  35  -5  30   0    T    T    0  6.9 17 290   M    M   8        21 320
19  47  25  36  -5  29   0 0.00  0.0    0  3.0 14 300   M    M   4        19 320
20  54  25  40  -1  25   0 0.00  0.0    0  4.4 12 230   M    M   8         M  M
21  50  40  45   4  20   0 0.01  0.0    0  5.9 23 320   M    M  10 1      29 310
22  40  29  35  -7  30   0 0.07  0.3    0 16.5 36 310   M    M  10 14     46 310
================================================================================
SM  952  566       666   0  1.51     5.2 193.4          M      163
================================================================================
AV 43.3 25.7                               8.8 FASTST   M    M   7    MAX(MPH)
                                 MISC ---->  # 36 310               # 46  310
================================================================================
NOTES:
# LAST OF SEVERAL OCCURRENCES

COLUMN 17 PEAK WIND IN M.P.H.

PRELIMINARY LOCAL CLIMATOLOGICAL DATA (WS FORM: F-6) , PAGE 2

                                          STATION:  PITTSBURGH PA
                                          MONTH:    MARCH
                                          YEAR:     2019
                                          LATITUDE:   40 30 N
                                          LONGITUDE:  80 13 W

[TEMPERATURE DATA]      [PRECIPITATION DATA]       SYMBOLS USED IN COLUMN 16

AVERAGE MONTHLY: 34.5   TOTAL FOR MONTH:   1.51    1 = FOG OR MIST
DPTR FM NORMAL:  -3.5   DPTR FM NORMAL:   -0.53    2 = FOG REDUCING VISIBILITY
HIGHEST:    77 ON 14    GRTST 24HR  0.72 ON  9- 9      TO 1/4 MILE OR LESS
LOWEST:      6 ON  5                               3 = THUNDER
                        SNOW, ICE PELLETS, HAIL    4 = ICE PELLETS
                        TOTAL MONTH:   5.2 INCHES  5 = HAIL
                        GRTST 24HR   3.2 ON  3- 3  6 = FREEZING RAIN OR DRIZZLE
                        GRTST DEPTH:   4 ON  1     7 = DUSTSTORM OR SANDSTORM:
                                                       VSBY 1/2 MILE OR LESS
                                                   8 = SMOKE OR HAZE
[NO. OF DAYS WITH]      [WEATHER - DAYS WITH]      9 = BLOWING SNOW
                                                   X = TORNADO
MAX 32 OR BELOW:   5    0.01 INCH OR MORE:  11
MAX 90 OR ABOVE:   0    0.10 INCH OR MORE:   4
MIN 32 OR BELOW:  18    0.50 INCH OR MORE:   1
MIN  0 OR BELOW:   0    1.00 INCH OR MORE:   0

[HDD (BASE 65) ]
TOTAL THIS MO.   666    CLEAR  (SCALE 0-3)   1
DPTR FM NORMAL    70    PTCLDY (SCALE 4-7)  13
TOTAL FM JUL 1  4882    CLOUDY (SCALE 8-10)  8
DPTR FM NORMAL    29

[CDD (BASE 65) ]
TOTAL THIS MO.     0
DPTR FM NORMAL     0    [PRESSURE DATA]
TOTAL FM JAN 1     0    HIGHEST SLP M ON M
DPTR FM NORMAL     0    LOWEST  SLP 29.64 ON M

[REMARKS]
