000
CXUS51 KRLX 241145
CF6PKB
PRELIMINARY LOCAL CLIMATOLOGICAL DATA (WS FORM: F-6)

                                          STATION:   PARKERSBURG WV
                                          MONTH:     MARCH
                                          YEAR:      2019
                                          LATITUDE:   39 20 N
                                          LONGITUDE:  81 26 W

  TEMPERATURE IN F:       :PCPN:    SNOW:  WIND      :SUNSHINE: SKY     :PK WND
================================================================================
1   2   3   4   5  6A  6B    7    8   9   10  11  12  13   14  15   16   17  18
                                     12Z  AVG MX 2MIN
DY MAX MIN AVG DEP HDD CDD  WTR  SNW DPTH SPD SPD DIR MIN PSBL S-S WX    SPD DR
================================================================================

 1  41  31  36  -2  29   0 0.01    M    M  5.6 12  40   M    M  10 1      15  40
 2  43  31  37  -2  28   0    T    M    M  3.5 12 290   M    M   8 18     16 280
 3  38  28  33  -6  32   0 0.20    M    M  5.9 13 330   M    M  10 128    19 350
 4  29  15  22 -17  43   0    T    M    M  8.5 17 320   M    M   7        23 320
 5  24  11  18 -22  47   0    T    M    M  9.0 20 300   M    M   7 8      27 310
 6  27  14  21 -19  44   0    T    M    M  7.2 17 270   M    M   5 8      26 260
 7  38  19  29 -11  36   0 0.00    M    M  5.4 14 290   M    M   2 8      19 280
 8  36  26  31 -10  34   0 0.02    M    M  3.1  8  80   M    M   9 18     11 100
 9  55  34  45   4  20   0 0.62    M    M  7.3 20 160   M    M   9 13     30 160
10  63  45  54  13  11   0    T    M    M 13.3 26 250   M    M   4        39 270
11  57  37  47   5  18   0 0.00    M    M  8.6 20 320   M    M   1        29 320
12  53  26  40  -2  25   0 0.00    M    M  3.1  9 330   M    M   0        14 290
13  66  28  47   5  18   0 0.00    M    M  3.7 10 170   M    M   3        13 210
14  79  44  62  19   3   0    T    M    M 13.0 30 200   M    M   2        45 210
15  71  38  55  12  10   0 0.13    M    M 13.4 33 290   M    M   6 1      47 300
16  50  29  40  -3  25   0    T    M    M  8.8 20 280   M    M   5        28 270
17  49  22  36  -8  29   0 0.09    M    M  3.1 14 220   M    M   3 12     18 220
18  46  28  37  -7  28   0    T    M    M  3.1 14 280   M    M   7 12     18 290
19  52  22  37  -7  28   0 0.00    M    M  1.0 12 330   M    M   1 8      17 350
20  60  27  44  -1  21   0 0.00    M    M  3.2 14 190   M    M   1        18 190
21  53  42  48   3  17   0 0.04    M    M  5.3 13 280   M    M   9 1      16 300
22  45  36  41  -5  24   0 0.13    M    M 11.0 28 320   M    M   9 18     43 310
23  56  26  41  -5  24   0 0.00    M    M  3.5 15 300   M    M   0        20 280
================================================================================
SM 1131  659       594   0  1.24    M    149.6          M      118
================================================================================
AV 49.2 28.7                               6.5 FASTST   M    M   5    MAX(MPH)
                                 MISC ---->  # 33 290               # 47  300
================================================================================
NOTES:
# LAST OF SEVERAL OCCURRENCES

COLUMN 17 PEAK WIND IN M.P.H.

PRELIMINARY LOCAL CLIMATOLOGICAL DATA (WS FORM: F-6) , PAGE 2

                                          STATION:  PARKERSBURG WV
                                          MONTH:    MARCH
                                          YEAR:     2019
                                          LATITUDE:   39 20 N
                                          LONGITUDE:  81 26 W

[TEMPERATURE DATA]      [PRECIPITATION DATA]       SYMBOLS USED IN COLUMN 16

AVERAGE MONTHLY: 38.9   TOTAL FOR MONTH:   1.24    1 = FOG OR MIST
DPTR FM NORMAL:  -3.1   DPTR FM NORMAL:   -1.49    2 = FOG REDUCING VISIBILITY
HIGHEST:    79 ON 14    GRTST 24HR  0.62 ON  9- 9      TO 1/4 MILE OR LESS
LOWEST:     11 ON  5                               3 = THUNDER
                        SNOW, ICE PELLETS, HAIL    4 = ICE PELLETS
                        TOTAL MONTH:    M          5 = HAIL
                        GRTST 24HR    M  ON   M    6 = FREEZING RAIN OR DRIZZLE
                        GRTST DEPTH:  M  ON   M    7 = DUSTSTORM OR SANDSTORM:
                                                       VSBY 1/2 MILE OR LESS
                                                   8 = SMOKE OR HAZE
[NO. OF DAYS WITH]      [WEATHER - DAYS WITH]      9 = BLOWING SNOW
                                                   X = TORNADO
MAX 32 OR BELOW:   3    0.01 INCH OR MORE:   8
MAX 90 OR ABOVE:   0    0.10 INCH OR MORE:   4
MIN 32 OR BELOW:  16    0.50 INCH OR MORE:   1
MIN  0 OR BELOW:   0    1.00 INCH OR MORE:   0

[HDD (BASE 65) ]
TOTAL THIS MO.   594    CLEAR  (SCALE 0-3)   7
DPTR FM NORMAL    65    PTCLDY (SCALE 4-7)   9
TOTAL FM JUL 1  4152    CLOUDY (SCALE 8-10)  7
DPTR FM NORMAL  -167

[CDD (BASE 65) ]
TOTAL THIS MO.     0
DPTR FM NORMAL     0    [PRESSURE DATA]
TOTAL FM JAN 1     0    HIGHEST SLP M ON M
DPTR FM NORMAL     0    LOWEST  SLP 29.71 ON 14

[REMARKS]
