000
CXUS51 KRLX 201135
CF6PKB
PRELIMINARY LOCAL CLIMATOLOGICAL DATA (WS FORM: F-6)

                                          STATION:   PARKERSBURG WV
                                          MONTH:     MAY
                                          YEAR:      2019
                                          LATITUDE:   39 20 N
                                          LONGITUDE:  81 26 W

  TEMPERATURE IN F:       :PCPN:    SNOW:  WIND      :SUNSHINE: SKY     :PK WND
================================================================================
1   2   3   4   5  6A  6B    7    8   9   10  11  12  13   14  15   16   17  18
                                     12Z  AVG MX 2MIN
DY MAX MIN AVG DEP HDD CDD  WTR  SNW DPTH SPD SPD DIR MIN PSBL S-S WX    SPD DR
================================================================================

 1  87  54  71  12   0   6 0.00    M    M  6.9 22 210   M    M   1 1      31 200
 2  84  63  74  15   0   9 0.50    M    M  4.3 33 280   M    M   5 13     49 270
 3  75  61  68   9   0   3 0.15    M    M  1.4  8  60   M    M   8 18     10  50
 4  70  58  64   5   1   0 0.17    M    M  3.7 10  10   M    M   9 1      14  20
 5  64  52  58  -2   7   0 0.23    M    M  4.2 12 330   M    M   9 1      16 340
 6  76  49  63   3   2   0 0.00    M    M  1.4  9 310   M    M   3 12     14 360
 7  82  47  65   5   0   0 0.00    M    M  2.4  9 210   M    M   1 12     13 350
 8  84  54  69   9   0   4 0.00    M    M  2.6  9 320   M    M   1        11 310
 9  82  61  72  12   0   7 0.23    M    M  6.9 23 200   M    M   4 1      29 200
10  74  55  65   4   0   0 0.31    M    M  6.7 16 280   M    M   8 1      23 320
11  60  49  55  -6  10   0 0.03    M    M  6.1 13  60   M    M   9 18     17  70
12  59  50  55  -6  10   0 0.35    M    M  4.1 10 320   M    M  10 18     15 310
13  60  49  55  -6  10   0 0.05    M    M  8.2 18 280   M    M   9 1      25 270
14  67  44  56  -6   9   0 0.00    M    M  7.0 21 310   M    M   5        28 320
15  70  39  55  -7  10   0 0.00    M    M  4.8 15 220   M    M   3 1      20 240
16  76  50  63   1   2   0 0.00    M    M  5.3 13 210   M    M   2        18 230
17  80  59  70   8   0   5 0.64    M    M  5.6 14 240   M    M   7 1238   20 240
18  86  60  73  10   0   8 0.00    M    M  4.6 12 220   M    M   2 1       M  M
19   M   M   M   M   M   M 0.00    M    M  9.3 14 240   M    M   2        23 250
================================================================================
SM 1336  954        61  42  2.66    M     95.5          M       98
================================================================================
AV 74.2 53.0                               5.0 FASTST   M    M   5    MAX(MPH)
                                 MISC ---->  # 33 280               # 49  270
================================================================================
NOTES:
# LAST OF SEVERAL OCCURRENCES

COLUMN 17 PEAK WIND IN M.P.H.

PRELIMINARY LOCAL CLIMATOLOGICAL DATA (WS FORM: F-6) , PAGE 2

                                          STATION:  PARKERSBURG WV
                                          MONTH:    MAY
                                          YEAR:     2019
                                          LATITUDE:   39 20 N
                                          LONGITUDE:  81 26 W

[TEMPERATURE DATA]      [PRECIPITATION DATA]       SYMBOLS USED IN COLUMN 16

AVERAGE MONTHLY: 63.6   TOTAL FOR MONTH:   2.66    1 = FOG OR MIST
DPTR FM NORMAL:   2.9   DPTR FM NORMAL:    0.12    2 = FOG REDUCING VISIBILITY
HIGHEST:    87 ON  1    GRTST 24HR  0.64 ON 17-17      TO 1/4 MILE OR LESS
LOWEST:     39 ON 15                               3 = THUNDER
                        SNOW, ICE PELLETS, HAIL    4 = ICE PELLETS
                        TOTAL MONTH:    M          5 = HAIL
                        GRTST 24HR    M  ON   M    6 = FREEZING RAIN OR DRIZZLE
                        GRTST DEPTH:  M  ON   M    7 = DUSTSTORM OR SANDSTORM:
                                                       VSBY 1/2 MILE OR LESS
                                                   8 = SMOKE OR HAZE
[NO. OF DAYS WITH]      [WEATHER - DAYS WITH]      9 = BLOWING SNOW
                                                   X = TORNADO
MAX 32 OR BELOW:   0    0.01 INCH OR MORE:  10
MAX 90 OR ABOVE:   0    0.10 INCH OR MORE:   8
MIN 32 OR BELOW:   0    0.50 INCH OR MORE:   2
MIN  0 OR BELOW:   0    1.00 INCH OR MORE:   0

[HDD (BASE 65) ]
TOTAL THIS MO.    61    CLEAR  (SCALE 0-3)   7
DPTR FM NORMAL   -48    PTCLDY (SCALE 4-7)   6
TOTAL FM JUL 1  4589    CLOUDY (SCALE 8-10)  6
DPTR FM NORMAL  -326

[CDD (BASE 65) ]
TOTAL THIS MO.    42
DPTR FM NORMAL    15    [PRESSURE DATA]
TOTAL FM JAN 1    60    HIGHEST SLP M ON M
DPTR FM NORMAL    12    LOWEST  SLP 29.62 ON 12

[REMARKS]
