000
CXUS53 KFGF 260915
CF6PKD
PRELIMINARY LOCAL CLIMATOLOGICAL DATA (WS FORM: F-6)

                                          STATION:   PARK RAPIDS MN
                                          MONTH:     MAY
                                          YEAR:      2019
                                          LATITUDE:   46 54 N
                                          LONGITUDE:  95  4 W

  TEMPERATURE IN F:       :PCPN:    SNOW:  WIND      :SUNSHINE: SKY     :PK WND
================================================================================
1   2   3   4   5  6A  6B    7    8   9   10  11  12  13   14  15   16   17  18
                                     12Z  AVG MX 2MIN
DY MAX MIN AVG DEP HDD CDD  WTR  SNW DPTH SPD SPD DIR MIN PSBL S-S WX    SPD DR
================================================================================

 1  42  35  39 -10  26   0 0.14    M    0  4.2 12 100   M    M  10 1      17 100
 2  51  36  44  -5  21   0 0.05    M    M  6.5 15 300   M    M   6 1      18 300
 3  50  32  41  -9  24   0 0.07    M    0  9.1 21 150   M    M   3 12     29 170
 4  62  34  48  -2  17   0 0.00  0.0    0  8.6 18 310   M    M   7 12     27 260
 5  55  31  43  -7  22   0 0.00  0.0    0  9.8 21 330   M    M   1        28 330
 6  51  25  38 -13  27   0 0.00  0.0    0  6.7 18 340   M    M   0        23 340
 7  58  21  40 -11  25   0 0.00  0.0    0  3.1 13 140   M    M   1        18 170
 8  49  38  44  -7  21   0 0.17    M    0  9.8 18  60   M    M  10 1      26  50
 9  53  30  42 -10  23   0    T    M    M 11.1 20 360   M    M   7        27  10
10  59  29  44  -8  21   0 0.00    M    M  6.6 17 250   M    M   4        25 240
11  66  39  53   1  12   0 0.00  0.0    0 15.2 29 170   M    M   2        40 180
12  60  40  50  -3  15   0 0.00    M    M  7.5 16 200   M    M   6        22 180
13  69  39  54   1  11   0 0.00    M    M  8.7 17 220   M    M   3        27 180
14  73  43  58   5   7   0 0.16    M    M  5.2 23 350   M    M   2        32 360
15  75  33  54   0  11   0 0.07    M    M  8.9 23 170   M    M   1 3      30 180
16  62  44  53  -1  12   0 0.00    M    M 10.1 21 340   M    M   3 12     29  10
17  61  40  51  -3  14   0 0.01    M    0  9.0 16 100   M    M   4        24  40
18  50  41  46  -8  19   0 0.66    M    M 14.5 28  60   M    M   9 1      40  50
19  52  40  46  -9  19   0 0.23  0.0    0 10.2 24  60   M    M   8 1      33  50
20  66  32  49  -6  16   0 0.00    M    M  4.5 15 360   M    M   1        23 360
21  67  38  53  -2  12   0 0.18  0.0    0 13.3 30 120   M    M   1 1      47 140
22  51  45  48  -8  17   0 0.76    M    M 10.8 24 100   M    M  10 1      37 100
23  56  47  52  -4  13   0 0.01    M    0  8.8 16 320   M    M  10 18     22 310
24  60  50  55  -1  10   0 0.39  0.0    0 12.2 20 140   M    M   9 18     29 130
25  60  42  51  -5  14   0 0.00  0.0    0  9.2 18 290   M    M   7 1      24 290
================================================================================
SM 1458  924       429   0  2.90     0.0 223.6          M      125
================================================================================
AV 58.3 37.0                               8.9 FASTST   M    M   5    MAX(MPH)
                                 MISC ---->  # 30 120               # 47  140
================================================================================
NOTES:
# LAST OF SEVERAL OCCURRENCES

COLUMN 17 PEAK WIND IN M.P.H.

PRELIMINARY LOCAL CLIMATOLOGICAL DATA (WS FORM: F-6) , PAGE 2

                                          STATION:  PARK RAPIDS MN
                                          MONTH:    MAY
                                          YEAR:     2019
                                          LATITUDE:   46 54 N
                                          LONGITUDE:  95  4 W

[TEMPERATURE DATA]      [PRECIPITATION DATA]       SYMBOLS USED IN COLUMN 16

AVERAGE MONTHLY: 47.6   TOTAL FOR MONTH:   2.90    1 = FOG OR MIST
DPTR FM NORMAL:  -5.2   DPTR FM NORMAL:    0.43    2 = FOG REDUCING VISIBILITY
HIGHEST:    75 ON 15    GRTST 24HR  0.76 ON 22-22      TO 1/4 MILE OR LESS
LOWEST:     21 ON  7                               3 = THUNDER
                        SNOW, ICE PELLETS, HAIL    4 = ICE PELLETS
                        TOTAL MONTH:   0.0 INCH    5 = HAIL
                        GRTST 24HR     0.0         6 = FREEZING RAIN OR DRIZZLE
                        GRTST DEPTH:   0           7 = DUSTSTORM OR SANDSTORM:
                                                       VSBY 1/2 MILE OR LESS
                                                   8 = SMOKE OR HAZE
[NO. OF DAYS WITH]      [WEATHER - DAYS WITH]      9 = BLOWING SNOW
                                                   X = TORNADO
MAX 32 OR BELOW:   0    0.01 INCH OR MORE:  13
MAX 90 OR ABOVE:   0    0.10 INCH OR MORE:   8
MIN 32 OR BELOW:   7    0.50 INCH OR MORE:   2
MIN  0 OR BELOW:   0    1.00 INCH OR MORE:   0

[HDD (BASE 65) ]
TOTAL THIS MO.   429    CLEAR  (SCALE 0-3)  10
DPTR FM NORMAL   119    PTCLDY (SCALE 4-7)   9
TOTAL FM JUL 1 10076    CLOUDY (SCALE 8-10)  6
DPTR FM NORMAL   653

[CDD (BASE 65) ]
TOTAL THIS MO.     0
DPTR FM NORMAL    -1    [PRESSURE DATA]
TOTAL FM JAN 1     0    HIGHEST SLP M ON M
DPTR FM NORMAL    -2    LOWEST  SLP 29.54 ON 22

[REMARKS]
