000
CXUS53 KFGF 210915
CF6PKD
PRELIMINARY LOCAL CLIMATOLOGICAL DATA (WS FORM: F-6)

                                          STATION:   PARK RAPIDS MN
                                          MONTH:     MARCH
                                          YEAR:      2019
                                          LATITUDE:   46 54 N
                                          LONGITUDE:  95  4 W

  TEMPERATURE IN F:       :PCPN:    SNOW:  WIND      :SUNSHINE: SKY     :PK WND
================================================================================
1   2   3   4   5  6A  6B    7    8   9   10  11  12  13   14  15   16   17  18
                                     12Z  AVG MX 2MIN
DY MAX MIN AVG DEP HDD CDD  WTR  SNW DPTH SPD SPD DIR MIN PSBL S-S WX    SPD DR
================================================================================

 1  17 -11   3 -15  62   0 0.03    M    M  3.6 10 350   M    M   7 1      14 360
 2   9 -19  -5 -24  70   0    T    M    M  8.0 20 310   M    M   3 18     23 300
 3  -4 -24 -14 -34  79   0    T    M    M 11.5 20 290   M    M   3 8      24 280
 4   6 -23  -8 -28  73   0    T    M    M 10.7 23 270   M    M   6 18     29 270
 5  13  -4   5 -15  60   0    T    M    M 13.4 24 310   M    M   6 18     37 330
 6  19 -15   2 -19  63   0    T    M    M  7.7 24 320   M    M   3 18     30 310
 7  17 -22  -2 -23  67   0    T    M    M  3.7 10 180   M    M   1        14 170
 8  30  11  21  -1  44   0 0.00    M    M  7.4 13 180   M    M   8        16 170
 9  32  26  29   7  36   0 0.40    M    M  7.9 16 110   M    M  10 128    25  90
10  30  -1  15  -8  50   0 0.03    M    M 15.9 25 300   M    M   4 18     31 320
11  27 -10   9 -14  56   0 0.00    M    M  5.7 16 230   M    M   0 12     20 220
12  41  12  27   3  38   0 0.00    M    M 11.1 20 160   M    M   7 18     25 190
13  37  32  35  11  30   0 0.83    M    M  7.6 17  50   M    M  10 1      30  20
14  36  26  31   6  34   0 0.13    M    M 17.9 32 340   M    M  10 16     45 340
15  31  10  21  -4  44   0    T    M    M 14.4 26 300   M    M   6        35 340
16  32   1  17  -9  48   0    T    M    M  5.0 14 250   M    M   1        17 260
17  38  18  28   2  37   0 0.00    M    M  6.1 15 310   M    M   7 12     19 340
18  38  10  24  -3  41   0 0.00    M    M  6.1 15 240   M    M   3 12     20 240
19  41  27  34   7  31   0 0.00    M    M  7.2 15 240   M    M   6        19 240
20  43  24  34   6  31   0 0.00    M    M  9.2 20  20   M    M   2 8      28  20
================================================================================
SM  533   68       994   0  1.42    M    180.1          M      103
================================================================================
AV 26.7  3.4                               9.0 FASTST   M    M   5    MAX(MPH)
                                 MISC ---->  # 32 340               # 45  340
================================================================================
NOTES:
# LAST OF SEVERAL OCCURRENCES

COLUMN 17 PEAK WIND IN M.P.H.

PRELIMINARY LOCAL CLIMATOLOGICAL DATA (WS FORM: F-6) , PAGE 2

                                          STATION:  PARK RAPIDS MN
                                          MONTH:    MARCH
                                          YEAR:     2019
                                          LATITUDE:   46 54 N
                                          LONGITUDE:  95  4 W

[TEMPERATURE DATA]      [PRECIPITATION DATA]       SYMBOLS USED IN COLUMN 16

AVERAGE MONTHLY: 15.0   TOTAL FOR MONTH:   1.42    1 = FOG OR MIST
DPTR FM NORMAL:  -8.0   DPTR FM NORMAL:    0.75    2 = FOG REDUCING VISIBILITY
HIGHEST:    43 ON 20    GRTST 24HR  0.83 ON 13-13      TO 1/4 MILE OR LESS
LOWEST:    -24 ON  3                               3 = THUNDER
                        SNOW, ICE PELLETS, HAIL    4 = ICE PELLETS
                        TOTAL MONTH:    M          5 = HAIL
                        GRTST 24HR    M  ON   M    6 = FREEZING RAIN OR DRIZZLE
                        GRTST DEPTH:  M  ON   M    7 = DUSTSTORM OR SANDSTORM:
                                                       VSBY 1/2 MILE OR LESS
                                                   8 = SMOKE OR HAZE
[NO. OF DAYS WITH]      [WEATHER - DAYS WITH]      9 = BLOWING SNOW
                                                   X = TORNADO
MAX 32 OR BELOW:  13    0.01 INCH OR MORE:   5
MAX 90 OR ABOVE:   0    0.10 INCH OR MORE:   3
MIN 32 OR BELOW:  20    0.50 INCH OR MORE:   1
MIN  0 OR BELOW:   9    1.00 INCH OR MORE:   0

[HDD (BASE 65) ]
TOTAL THIS MO.   994    CLEAR  (SCALE 0-3)   7
DPTR FM NORMAL   155    PTCLDY (SCALE 4-7)  10
TOTAL FM JUL 1  8532    CLOUDY (SCALE 8-10)  3
DPTR FM NORMAL   511

[CDD (BASE 65) ]
TOTAL THIS MO.     0
DPTR FM NORMAL     0    [PRESSURE DATA]
TOTAL FM JAN 1     0    HIGHEST SLP M ON M
DPTR FM NORMAL     0    LOWEST  SLP 29.35 ON 14

[REMARKS]
