000
CXUS53 KAPX 260631
CF6PLN
PRELIMINARY LOCAL CLIMATOLOGICAL DATA (WS FORM: F-6)

                                          STATION:   PELLSTON
                                          MONTH:     MAY
                                          YEAR:      2019
                                          LATITUDE:   45 34 N
                                          LONGITUDE:  84 48 W

  TEMPERATURE IN F:       :PCPN:    SNOW:  WIND      :SUNSHINE: SKY     :PK WND
================================================================================
1   2   3   4   5  6A  6B    7    8   9   10  11  12  13   14  15   16   17  18
                                     12Z  AVG MX 2MIN
DY MAX MIN AVG DEP HDD CDD  WTR  SNW DPTH SPD SPD DIR MIN PSBL S-S WX    SPD DR
================================================================================

 1  43  35  39  -7  26   0 0.48    M    M 13.8 24  70   M    M  10 1      34  80
 2  43  34  39  -8  26   0 0.01    M    M  5.7 13 110   M    M  10 1      19 110
 3  55  34  45  -2  20   0 0.00    M    M  3.5 13  10   M    M   7 1      18  20
 4  65  25  45  -3  20   0 0.00    M    M  2.4 15  30   M    M   0 1      20  20
 5  72  31  52   4  13   0 0.02    M    M  7.9 22 300   M    M   2        35 200
 6  54  37  46  -2  19   0 0.19    M    M  5.3 18 320   M    M   8 1      23 350
 7  55  27  41  -7  24   0 0.00    M    M  5.4 13 330   M    M   0        20 340
 8  61  22  42  -7  23   0 0.15    M    M 10.7 23 140   M    M   4        38 100
 9  51  39  45  -4  20   0 0.70    M    M  9.3 22 100   M    M  10 1      33 110
10  49  28  39 -11  26   0    T    M    M 12.5 23 320   M    M   7 1      30 290
11  58  25  42  -8  23   0 0.00    M    M  3.6 13  80   M    M   2        19 140
12  58  33  46  -4  19   0 0.00    M    M  8.2 22 100   M    M   8        31  50
13  65  34  50   0  15   0 0.00    M    M  5.8 22  30   M    M   8        27  30
14  71  29  50  -1  15   0 0.00    M    M  6.1 16 280   M    M   1        23 300
15  66  37  52   1  13   0 0.02    M    M  8.9 20 320   M    M   4        28 300
16  67  32  50  -2  15   0 0.01    M    M  7.3 20 260   M    M   4        33 280
17  57  31  44  -8  21   0 0.00    M    M  8.9 17 330   M    M   5        24 320
18  47  28  38 -14  27   0 0.12    M    M  7.4 21 100   M    M   9 1      33 100
19  46  43  45  -7  20   0 0.98    M    M 10.4 20 100   M    M  10 1      29  90
20  55  36  46  -7  19   0 0.24    M    M 11.1 23 320   M    M   8 1      35 340
21  67  32  50  -3  15   0 0.00    M    M  6.0 14 100   M    M   0        20  80
22  66  45  56   3   9   0 0.09    M    M  9.5 23  20   M    M   4        30 150
23  67  44  56   2   9   0 0.29    M    M 10.3 29 250   M    M   6 13     40 250
24  63  47  55   1  10   0 0.00    M    M  6.3 15  90   M    M   8        22  90
25  81  53  67  13   0   2 0.29  0.0    0  9.1 25 310   M    M   6 1      43 220
================================================================================
SM 1482  861       447   2  3.59     0.0 195.4          M      141
================================================================================
AV 59.3 34.4                               7.8 FASTST   M    M   6    MAX(MPH)
                                 MISC ---->  # 29 250               # 43  220
================================================================================
NOTES:
# LAST OF SEVERAL OCCURRENCES

COLUMN 17 PEAK WIND IN M.P.H.

PRELIMINARY LOCAL CLIMATOLOGICAL DATA (WS FORM: F-6) , PAGE 2

                                          STATION:  PELLSTON
                                          MONTH:    MAY
                                          YEAR:     2019
                                          LATITUDE:   45 34 N
                                          LONGITUDE:  84 48 W

[TEMPERATURE DATA]      [PRECIPITATION DATA]       SYMBOLS USED IN COLUMN 16

AVERAGE MONTHLY: 46.9   TOTAL FOR MONTH:   3.59    1 = FOG OR MIST
DPTR FM NORMAL:  -3.6   DPTR FM NORMAL:    1.50    2 = FOG REDUCING VISIBILITY
HIGHEST:    81 ON 25    GRTST 24HR  0.98 ON 19-19      TO 1/4 MILE OR LESS
LOWEST:     22 ON  8                               3 = THUNDER
                        SNOW, ICE PELLETS, HAIL    4 = ICE PELLETS
                        TOTAL MONTH:   0.0 INCH    5 = HAIL
                        GRTST 24HR     0.0         6 = FREEZING RAIN OR DRIZZLE
                        GRTST DEPTH:   0           7 = DUSTSTORM OR SANDSTORM:
                                                       VSBY 1/2 MILE OR LESS
                                                   8 = SMOKE OR HAZE
[NO. OF DAYS WITH]      [WEATHER - DAYS WITH]      9 = BLOWING SNOW
                                                   X = TORNADO
MAX 32 OR BELOW:   0    0.01 INCH OR MORE:  14
MAX 90 OR ABOVE:   0    0.10 INCH OR MORE:   9
MIN 32 OR BELOW:  11    0.50 INCH OR MORE:   2
MIN  0 OR BELOW:   0    1.00 INCH OR MORE:   0

[HDD (BASE 65) ]
TOTAL THIS MO.   447    CLEAR  (SCALE 0-3)   6
DPTR FM NORMAL    78    PTCLDY (SCALE 4-7)  14
TOTAL FM JUL 1  8537    CLOUDY (SCALE 8-10)  5
DPTR FM NORMAL   109

[CDD (BASE 65) ]
TOTAL THIS MO.     2
DPTR FM NORMAL     2    [PRESSURE DATA]
TOTAL FM JAN 1     2    HIGHEST SLP M ON M
DPTR FM NORMAL     0    LOWEST  SLP 29.57 ON M

[REMARKS]
