000
CXUS53 KAPX 200631
CF6PLN
PRELIMINARY LOCAL CLIMATOLOGICAL DATA (WS FORM: F-6)

                                          STATION:   PELLSTON
                                          MONTH:     MARCH
                                          YEAR:      2019
                                          LATITUDE:   45 34 N
                                          LONGITUDE:  84 48 W

  TEMPERATURE IN F:       :PCPN:    SNOW:  WIND      :SUNSHINE: SKY     :PK WND
================================================================================
1   2   3   4   5  6A  6B    7    8   9   10  11  12  13   14  15   16   17  18
                                     12Z  AVG MX 2MIN
DY MAX MIN AVG DEP HDD CDD  WTR  SNW DPTH SPD SPD DIR MIN PSBL S-S WX    SPD DR
================================================================================

 1  30  -1  15  -6  50   0    T    M    M  5.0 12 330   M    M   3 8      16 220
 2  24  14  19  -2  46   0 0.08    M    M  8.8 23 310   M    M   9 18     29 310
 3  16 -15   1 -20  64   0    T    M    M  7.8 17 280   M    M   6 18     22 280
 4   7 -25  -9 -31  74   0 0.01    M    M  5.0 21 250   M    M   7 189    30 260
 5  14  -5   5 -17  60   0 0.03    M    M  8.1 24 310   M    M   9 1289   34 300
 6  15 -25  -5 -27  70   0    T    M    M  4.6 20 290   M    M   6 18     29 250
 7  16 -12   2 -21  63   0 0.00    M    M  6.5 18 320   M    M   0 18     27 270
 8  28 -11   9 -14  56   0 0.00    M    M  4.5 15 240   M    M   0 18     24 250
 9  37  -4  17  -6  48   0    T    M    M  9.6 25 100   M    M   1 18     37  90
10  33  27  30   6  35   0 0.22    M    M 13.6 23 270   M    M  10 128    38 240
11  32   9  21  -3  44   0    T    M    M 12.7 26 280   M    M  10 18     36 260
12  41  -6  18  -6  47   0 0.00    M    M  4.9 18 260   M    M   1 1      27 260
13  41  34  38  13  27   0 0.18    M    M  6.3 16 210   M    M  10 1      26 210
14  54  37  46  21  19   0 0.15    M    M  7.6 22 220   M    M   9 1      36 220
15  39  25  32   6  33   0 0.07    M    M 15.9 26 310   M    M  10 18     39 280
16  27   5  16 -10  49   0 0.01    M    M 12.1 25 310   M    M   7 18     33 310
17  37   0  19  -7  46   0    T    M    M  3.3 15 310   M    M   2        22 300
18  38   6  22  -5  43   0 0.00    M    M  4.8 21 310   M    M   5 1      32 280
19  42  18  30   3  35   0 0.00    M    M  5.7 16 240   M    M   5        26 240
================================================================================
SM  571   71       909   0  0.75    M    146.8          M      110
================================================================================
AV 30.1  3.7                               7.7 FASTST   M    M   6    MAX(MPH)
                                 MISC ---->  # 26 280               # 39  280
================================================================================
NOTES:
# LAST OF SEVERAL OCCURRENCES

COLUMN 17 PEAK WIND IN M.P.H.

PRELIMINARY LOCAL CLIMATOLOGICAL DATA (WS FORM: F-6) , PAGE 2

                                          STATION:  PELLSTON
                                          MONTH:    MARCH
                                          YEAR:     2019
                                          LATITUDE:   45 34 N
                                          LONGITUDE:  84 48 W

[TEMPERATURE DATA]      [PRECIPITATION DATA]       SYMBOLS USED IN COLUMN 16

AVERAGE MONTHLY: 16.9   TOTAL FOR MONTH:   0.75    1 = FOG OR MIST
DPTR FM NORMAL:  -6.9   DPTR FM NORMAL:   -0.31    2 = FOG REDUCING VISIBILITY
HIGHEST:    54 ON 14    GRTST 24HR  0.22 ON 10-10      TO 1/4 MILE OR LESS
LOWEST:    -25 ON  6, 4                            3 = THUNDER
                        SNOW, ICE PELLETS, HAIL    4 = ICE PELLETS
                        TOTAL MONTH:    M          5 = HAIL
                        GRTST 24HR    M  ON   M    6 = FREEZING RAIN OR DRIZZLE
                        GRTST DEPTH:  M  ON   M    7 = DUSTSTORM OR SANDSTORM:
                                                       VSBY 1/2 MILE OR LESS
                                                   8 = SMOKE OR HAZE
[NO. OF DAYS WITH]      [WEATHER - DAYS WITH]      9 = BLOWING SNOW
                                                   X = TORNADO
MAX 32 OR BELOW:  10    0.01 INCH OR MORE:   8
MAX 90 OR ABOVE:   0    0.10 INCH OR MORE:   3
MIN 32 OR BELOW:  17    0.50 INCH OR MORE:   0
MIN  0 OR BELOW:  10    1.00 INCH OR MORE:   0

[HDD (BASE 65) ]
TOTAL THIS MO.   909    CLEAR  (SCALE 0-3)   6
DPTR FM NORMAL   127    PTCLDY (SCALE 4-7)   6
TOTAL FM JUL 1  6926    CLOUDY (SCALE 8-10)  7
DPTR FM NORMAL    35

[CDD (BASE 65) ]
TOTAL THIS MO.     0
DPTR FM NORMAL     0    [PRESSURE DATA]
TOTAL FM JAN 1     0    HIGHEST SLP M ON M
DPTR FM NORMAL     0    LOWEST  SLP 29.28 ON 14

[REMARKS]
