000
CXUS56 KLOX 241155
CF6PMD
PRELIMINARY LOCAL CLIMATOLOGICAL DATA (WS FORM: F-6)

                                          STATION:   PALMDALE AIRPORT CA
                                          MONTH:     MARCH
                                          YEAR:      2019
                                          LATITUDE:   34 37 N
                                          LONGITUDE: 118  5 W

  TEMPERATURE IN F:       :PCPN:    SNOW:  WIND      :SUNSHINE: SKY     :PK WND
================================================================================
1   2   3   4   5  6A  6B    7    8   9   10  11  12  13   14  15   16   17  18
                                     12Z  AVG MX 2MIN
DY MAX MIN AVG DEP HDD CDD  WTR  SNW DPTH SPD SPD DIR MIN PSBL S-S WX    SPD DR
================================================================================

 1  64  47  56   5   9   0    T    M    0 12.9 31 230   M    M   2        38 230
 2  62  50  56   5   9   0 0.10  0.0    0 17.1 31 230   M    M   7 1      37 230
 3  61  47  54   3  11   0 0.00  0.0    0 18.0 28 240   M    M   2        33 240
 4  66  41  54   2  11   0 0.00  0.0    0 11.6 21 240   M    M   0        23 240
 5  65  40  53   1  12   0 0.12    M    0  6.6 36 260   M    M   4 138    42 250
 6  60  46  53   1  12   0 0.56    M    0 11.5 30 230   M    M   7 1      36 230
 7  57  42  50  -2  15   0 0.01    M    0 14.6 30 230   M    M   2 1      35 230
 8  51  39  45  -7  20   0 0.00  0.0    0 19.4 32 300   M    M   2        39 290
 9  55  32  44  -8  21   0 0.00  0.0    0 12.6 26 220   M    M   1        33 220
10  56  39  48  -4  17   0 0.00  0.0    0  6.6 17 230   M    M   6        20 230
11  54  35  45  -7  20   0    T    M    0  9.1 33  60   M    M   7        40  40
12  60  44  52  -1  13   0 0.16    M    0 17.4 52 270   M    M   5 18     59 280
13  56  35  46  -7  19   0 0.00  0.0    0 12.8 36 270   M    M   0 8      47 290
14  57  30  44  -9  21   0 0.00  0.0    0 12.6 26  60   M    M   0        38  80
15  62  31  47  -6  18   0 0.00  0.0    0  9.4 26  70   M    M   0        32  60
16  69  32  51  -2  14   0 0.00  0.0    0  7.8 21  70   M    M   0        26  60
17  73  36  55   2  10   0 0.00  0.0    0  5.0 13  50   M    M   0        18 210
18  74  42  58   5   7   0 0.00  0.0    0  4.2 14 260   M    M   0 8      17 260
19  73  43  58   5   7   0 0.00  0.0    0  7.7 24 210   M    M   1        28 190
20  60  44  52  -1  13   0 0.04    M    0 14.8 35 230   M    M   4 8      40 230
21  56  42  49  -5  16   0 0.00  0.0    0 16.2 29 220   M    M   3        33 220
22  64  39  52  -2  13   0 0.00  0.0    0 10.6 24 290   M    M   0        30 280
23  61  44  53  -1  12   0 0.00  0.0    0 12.4 24 220   M    M   0        32 230
================================================================================
SM 1416  920       320   0  0.99     0.0 270.9          M       53
================================================================================
AV 61.6 40.0                              11.8 FASTST   M    M   2    MAX(MPH)
                                 MISC ---->  # 52 270               # 59  280
================================================================================
NOTES:
# LAST OF SEVERAL OCCURRENCES

COLUMN 17 PEAK WIND IN M.P.H.

PRELIMINARY LOCAL CLIMATOLOGICAL DATA (WS FORM: F-6) , PAGE 2

                                          STATION:  PALMDALE AIRPORT CA
                                          MONTH:    MARCH
                                          YEAR:     2019
                                          LATITUDE:   34 37 N
                                          LONGITUDE: 118  5 W

[TEMPERATURE DATA]      [PRECIPITATION DATA]       SYMBOLS USED IN COLUMN 16

AVERAGE MONTHLY: 50.8   TOTAL FOR MONTH:   0.99    1 = FOG OR MIST
DPTR FM NORMAL:  -1.7   DPTR FM NORMAL:   -0.03    2 = FOG REDUCING VISIBILITY
HIGHEST:    74 ON 18    GRTST 24HR  0.56 ON  6- 6      TO 1/4 MILE OR LESS
LOWEST:     30 ON 14                               3 = THUNDER
                        SNOW, ICE PELLETS, HAIL    4 = ICE PELLETS
                        TOTAL MONTH:   0.0 INCH    5 = HAIL
                        GRTST 24HR     0.0         6 = FREEZING RAIN OR DRIZZLE
                        GRTST DEPTH:   0           7 = DUSTSTORM OR SANDSTORM:
                                                       VSBY 1/2 MILE OR LESS
                                                   8 = SMOKE OR HAZE
[NO. OF DAYS WITH]      [WEATHER - DAYS WITH]      9 = BLOWING SNOW
                                                   X = TORNADO
MAX 32 OR BELOW:   0    0.01 INCH OR MORE:   6
MAX 90 OR ABOVE:   0    0.10 INCH OR MORE:   4
MIN 32 OR BELOW:   4    0.50 INCH OR MORE:   1
MIN  0 OR BELOW:   0    1.00 INCH OR MORE:   0

[HDD (BASE 65) ]
TOTAL THIS MO.   320    CLEAR  (SCALE 0-3)  16
DPTR FM NORMAL    32    PTCLDY (SCALE 4-7)   7
TOTAL FM JUL 1  2418    CLOUDY (SCALE 8-10)  0
DPTR FM NORMAL  -115

[CDD (BASE 65) ]
TOTAL THIS MO.     0
DPTR FM NORMAL     0    [PRESSURE DATA]
TOTAL FM JAN 1     0    HIGHEST SLP M ON M
DPTR FM NORMAL     0    LOWEST  SLP 29.66 ON 12

[REMARKS]
