000
CXUS52 KMFL 251000
CF6PMP
PRELIMINARY LOCAL CLIMATOLOGICAL DATA (WS FORM: F-6)

                                          STATION:   POMPANO BEACH ARPK
                                          MONTH:     MAY
                                          YEAR:      2019
                                          LATITUDE:   26 14 N
                                          LONGITUDE:  80  7 W

  TEMPERATURE IN F:       :PCPN:    SNOW:  WIND      :SUNSHINE: SKY     :PK WND
================================================================================
1   2   3   4   5  6A  6B    7    8   9   10  11  12  13   14  15   16   17  18
                                     12Z  AVG MX 2MIN
DY MAX MIN AVG DEP HDD CDD  WTR  SNW DPTH SPD SPD DIR MIN PSBL S-S WX    SPD DR
================================================================================

 1  85  76  81   5   0  16 0.03  0.0    0 16.5 24  90   M    M   4 18     32  90
 2  83  73  78   2   0  13 0.76  0.0    0  9.2 23 110   M    M   8 138    29 120
 3  86  74  80   3   0  15 0.49  0.0    0 10.4 21 160   M    M   6 138    28 140
 4  87  78  83   6   0  18    T  0.0    0 10.1 18 150   M    M   1 13     24 130
 5  88  74  81   4   0  16 0.43  0.0    0  9.0 23 150   M    M   2 138    31 160
 6  87  72  80   3   0  15 0.70  0.0    0  5.3 31 330   M    M   3 138    35 330
 7  85  73  79   2   0  14    T  0.0    0  5.3 14  70   M    M   3 13     17  70
 8  85  74  80   3   0  15 0.33  0.0    0  9.4 18  50   M    M   3 1      23  70
 9  86  78  82   5   0  17    T  0.0    0  9.5 16 100   M    M   3 3      21 120
10  87  77  82   4   0  17 0.01  0.0    0  9.4 17 140   M    M   4 3      21 120
11  88  78  83   5   0  18 0.00  0.0    0 10.1 20 140   M    M   1        24 140
12  89  76  83   5   0  18 0.17  0.0    0  9.5 22 260   M    M   2 138    28 140
13  92  76  84   6   0  19 0.11  0.0    0  7.6 24 160   M    M   2 138    31 280
14  95  77  86   8   0  21    T  0.0    0  8.6 25 150   M    M   4 3      30 150
15  83  76  80   2   0  15 0.06  0.0    0  5.6 13 280   M    M   6 13     16  30
16  83  74  79   1   0  14 0.08  0.0    0 10.4 21  40   M    M   4 138    27  40
17  84  75  80   1   0  15 0.00  0.0    0  9.4 17  40   M    M   1        22  60
18  86  73  80   1   0  15 0.00  0.0    0  9.1 16  70   M    M   2        21  70
19  87  78  83   4   0  18 0.00  0.0    0  9.6 16 100   M    M   2        20 100
20  87  75  81   2   0  16 0.00  0.0    0  8.3 15 110   M    M   2        20  70
21  88  79  84   5   0  19 0.00  0.0    0  9.5 16 110   M    M   3        20 110
22  87  73  80   1   0  15    T  0.0    0 10.7 18  90   M    M   2        24  60
23  88  78  83   4   0  18 0.00  0.0    0 15.0 23  60   M    M   3        30  60
24  86  77  82   2   0  17 0.00  0.0    0 14.4 21  40   M    M   5        27  60
================================================================================
SM 2082 1814         0 394  3.17     0.0 231.9          M       76
================================================================================
AV 86.8 75.6                               9.7 FASTST   M    M   3    MAX(MPH)
                                 MISC ---->  # 31 330               # 35  330
================================================================================
NOTES:
# LAST OF SEVERAL OCCURRENCES

COLUMN 17 PEAK WIND IN M.P.H.

PRELIMINARY LOCAL CLIMATOLOGICAL DATA (WS FORM: F-6) , PAGE 2

                                          STATION:  POMPANO BEACH ARPK
                                          MONTH:    MAY
                                          YEAR:     2019
                                          LATITUDE:   26 14 N
                                          LONGITUDE:  80  7 W

[TEMPERATURE DATA]      [PRECIPITATION DATA]       SYMBOLS USED IN COLUMN 16

AVERAGE MONTHLY: 81.2   TOTAL FOR MONTH:   3.17    1 = FOG OR MIST
DPTR FM NORMAL:   3.3   DPTR FM NORMAL:   -0.11    2 = FOG REDUCING VISIBILITY
HIGHEST:    95 ON 14    GRTST 24HR  0.76 ON  2- 2      TO 1/4 MILE OR LESS
LOWEST:     72 ON  6                               3 = THUNDER
                        SNOW, ICE PELLETS, HAIL    4 = ICE PELLETS
                        TOTAL MONTH:   0.0 INCH    5 = HAIL
                        GRTST 24HR     0.0         6 = FREEZING RAIN OR DRIZZLE
                        GRTST DEPTH:   0           7 = DUSTSTORM OR SANDSTORM:
                                                       VSBY 1/2 MILE OR LESS
                                                   8 = SMOKE OR HAZE
[NO. OF DAYS WITH]      [WEATHER - DAYS WITH]      9 = BLOWING SNOW
                                                   X = TORNADO
MAX 32 OR BELOW:   0    0.01 INCH OR MORE:  11
MAX 90 OR ABOVE:   2    0.10 INCH OR MORE:   7
MIN 32 OR BELOW:   0    0.50 INCH OR MORE:   2
MIN  0 OR BELOW:   0    1.00 INCH OR MORE:   0

[HDD (BASE 65) ]
TOTAL THIS MO.     0    CLEAR  (SCALE 0-3)  16
DPTR FM NORMAL     0    PTCLDY (SCALE 4-7)   8
TOTAL FM JUL 1    75    CLOUDY (SCALE 8-10)  0
DPTR FM NORMAL   -99

[CDD (BASE 65) ]
TOTAL THIS MO.   394
DPTR FM NORMAL    83    [PRESSURE DATA]
TOTAL FM JAN 1  1528    HIGHEST SLP M ON M
DPTR FM NORMAL   441    LOWEST  SLP 29.85 ON  5

[REMARKS]
