000
CXUS54 KOUN 200700
CF6PNC
PRELIMINARY LOCAL CLIMATOLOGICAL DATA (WS FORM: F-6)

                                          STATION:   PONCA CITY
                                          MONTH:     MAY
                                          YEAR:      2019
                                          LATITUDE:   36 44 N
                                          LONGITUDE:  97  6 W

  TEMPERATURE IN F:       :PCPN:    SNOW:  WIND      :SUNSHINE: SKY     :PK WND
================================================================================
1   2   3   4   5  6A  6B    7    8   9   10  11  12  13   14  15   16   17  18
                                     12Z  AVG MX 2MIN
DY MAX MIN AVG DEP HDD CDD  WTR  SNW DPTH SPD SPD DIR MIN PSBL S-S WX    SPD DR
================================================================================

 1  71  54  63   0   2   0 0.00  0.0    0  6.4 15  10   M    M  10 1      19  10
 2  66  53  60  -4   5   0 0.00  0.0    0 11.2 28  10   M    M   8        36 350
 3  61  55  58  -6   7   0 1.01  0.0    0  6.4 20 110   M    M   8 13     24 110
 4  73  53  63  -1   2   0 0.00  0.0    0  4.2 14  30   M    M   5 12     16  30
 5  79  54  67   3   0   2 0.21  0.0    0  9.0 30 160   M    M   3 13     37 170
 6  82  56  69   4   0   4 0.01  0.0    0  8.5 24 110   M    M   3 3      31 110
 7  82  61  72   7   0   7 0.16  0.0    0 15.1 30 160   M    M   6 138    39 150
 8  72  59  66   1   0   1 0.21  0.0    0  7.4 23 160   M    M   8 13     28 150
 9  60  44  52 -14  13   0    T  0.0    0 11.4 23 360   M    M   9        29 350
10  64  41  53 -13  12   0 0.06  0.0    0  6.3 18  30   M    M   4        23  20
11  62  51  57  -9   8   0 0.17  0.0    0  3.1 13  20   M    M   9 1      14  20
12  74  49  62  -4   3   0 0.00  0.0    0  4.7 16 330   M    M   2        25 340
13  79  49  64  -3   1   0    T    M    0  8.1 17 120   M    M   1        21 130
14  86  64  75   8   0  10 0.01  0.0    0  8.7 21 220   M    M   3        28 220
15  89  63  76   9   0  11 0.00  0.0    0  6.5 15 210   M    M   0        21 220
16  89  65  77   9   0  12 0.00  0.0    0  9.1 21 210   M    M   0        28 220
17  86  69  78  10   0  13 0.00  0.0    0 14.0 25 160   M    M   2        33 160
18  75  54  65  -3   0   0 0.71  0.0    0 13.4 33 160   M    M   6 13     50 260
19  74  53  64  -4   1   0 0.00  0.0    0  6.9 18 350   M    M   0        25 330
================================================================================
SM 1424 1047        54  60  2.55     0.0 160.4          M       87
================================================================================
AV 75.0 55.1                               8.4 FASTST   M    M   5    MAX(MPH)
                                 MISC ---->  # 33 160               # 50  260
================================================================================
NOTES:
# LAST OF SEVERAL OCCURRENCES

COLUMN 17 PEAK WIND IN M.P.H.

PRELIMINARY LOCAL CLIMATOLOGICAL DATA (WS FORM: F-6) , PAGE 2

                                          STATION:  PONCA CITY
                                          MONTH:    MAY
                                          YEAR:     2019
                                          LATITUDE:   36 44 N
                                          LONGITUDE:  97  6 W

[TEMPERATURE DATA]      [PRECIPITATION DATA]       SYMBOLS USED IN COLUMN 16

AVERAGE MONTHLY: 65.0   TOTAL FOR MONTH:   2.55    1 = FOG OR MIST
DPTR FM NORMAL:  -0.8   DPTR FM NORMAL:   -0.23    2 = FOG REDUCING VISIBILITY
HIGHEST:    89 ON 16,15 GRTST 24HR  1.35 ON 30- 1      TO 1/4 MILE OR LESS
LOWEST:     41 ON 10                               3 = THUNDER
                        SNOW, ICE PELLETS, HAIL    4 = ICE PELLETS
                        TOTAL MONTH:   0.0 INCH    5 = HAIL
                        GRTST 24HR     0.0         6 = FREEZING RAIN OR DRIZZLE
                        GRTST DEPTH:   0           7 = DUSTSTORM OR SANDSTORM:
                                                       VSBY 1/2 MILE OR LESS
                                                   8 = SMOKE OR HAZE
[NO. OF DAYS WITH]      [WEATHER - DAYS WITH]      9 = BLOWING SNOW
                                                   X = TORNADO
MAX 32 OR BELOW:   0    0.01 INCH OR MORE:   9
MAX 90 OR ABOVE:   0    0.10 INCH OR MORE:   6
MIN 32 OR BELOW:   0    0.50 INCH OR MORE:   2
MIN  0 OR BELOW:   0    1.00 INCH OR MORE:   1

[HDD (BASE 65) ]
TOTAL THIS MO.    54    CLEAR  (SCALE 0-3)   9
DPTR FM NORMAL     5    PTCLDY (SCALE 4-7)   6
TOTAL FM JUL 1  4169    CLOUDY (SCALE 8-10)  4
DPTR FM NORMAL    86

[CDD (BASE 65) ]
TOTAL THIS MO.    60
DPTR FM NORMAL    -6    [PRESSURE DATA]
TOTAL FM JAN 1    99    HIGHEST SLP M ON M
DPTR FM NORMAL   -14    LOWEST  SLP 29.50 ON 18

[REMARKS]
