000
CXUS54 KMOB 221543
CF6PNS
PRELIMINARY LOCAL CLIMATOLOGICAL DATA (WS FORM: F-6)

                                          STATION:   PENSACOLA
                                          MONTH:     MARCH
                                          YEAR:      2019
                                          LATITUDE:   30 28 N
                                          LONGITUDE:  87 12 W

  TEMPERATURE IN F:       :PCPN:    SNOW:  WIND      :SUNSHINE: SKY     :PK WND
================================================================================
1   2   3   4   5  6A  6B    7    8   9   10  11  12  13   14  15   16   17  18
                                     12Z  AVG MX 2MIN
DY MAX MIN AVG DEP HDD CDD  WTR  SNW DPTH SPD SPD DIR MIN PSBL S-S WX    SPD DR
================================================================================

 1  78  64  71  13   0   6 0.05  0.0    0  6.4 14 230   M    M   6 13     20 210
 2  79  66  73  15   0   8 0.05  0.0    0  4.2 15 170   M    M   8 1      17 170
 3  75  49  62   4   3   0 1.06  0.0    0 11.8 30 230   M    M   9 123    41 220
 4  50  40  45 -13  20   0 0.01  0.0    0 14.7 23 360   M    M   8        30 360
 5  54  35  45 -13  20   0 0.05  0.0    0 12.2 22 330   M    M   2 1      26 340
 6  58  33  46 -12  19   0 0.00  0.0    0  7.4 16 360   M    M   0        25  30
 7  62  37  50  -9  15   0 0.00  0.0    0  6.9 14 140   M    M   4        20 140
 8  74  60  67   8   0   2 0.00  0.0    0 10.2 18 160   M    M   7        25 180
 9  75  63  69  10   0   4 0.00  0.0    0  9.9 21 170   M    M   5 1      27 160
10  84  66  75  16   0  10 0.00  0.0    0  7.5 15 180   M    M   8 1      19 180
11  84  59  72  12   0   7 0.03  0.0    0  7.5 21 350   M    M   9 12     25 270
12  77  56  67   7   0   2 0.00  0.0    0  6.6 15 360   M    M   1        20 350
13  71  63  67   7   0   2 0.00  0.0    0 15.6 24 120   M    M   8        30 110
14  74  67  71  11   0   6    T  0.0    0 14.4 22 120   M    M   8 1      28 120
15  72  56  64   4   1   0 0.22  0.0    0 11.5 22 340   M    M   6 1      26 350
16  59  52  56  -4   9   0 0.02  0.0    0  9.7 17 360   M    M   9        23 360
17  66  49  58  -3   7   0 0.00  0.0    0  7.7 16 360   M    M   4        21  10
18  66  45  56  -5   9   0 0.00  0.0    0  8.7 16 360   M    M   0        23  40
19  68  46  57  -4   8   0 0.00  0.0    0  6.7 14 340   M    M   0        22  10
20  68  47  58  -3   7   0 0.00  0.0    0  8.0 14 220   M    M   0        18 220
21  72  50  61   0   4   0 0.00  0.0    0 11.1 21 330   M    M   1        28 300
================================================================================
SM 1466 1103       122  47  1.49     0.0 198.7          M      103
================================================================================
AV 69.8 52.5                               9.5 FASTST   M    M   5    MAX(MPH)
                                 MISC ---->  # 30 230               # 41  220
================================================================================
NOTES:
# LAST OF SEVERAL OCCURRENCES

COLUMN 17 PEAK WIND IN M.P.H.

PRELIMINARY LOCAL CLIMATOLOGICAL DATA (WS FORM: F-6) , PAGE 2

                                          STATION:  PENSACOLA
                                          MONTH:    MARCH
                                          YEAR:     2019
                                          LATITUDE:   30 28 N
                                          LONGITUDE:  87 12 W

[TEMPERATURE DATA]      [PRECIPITATION DATA]       SYMBOLS USED IN COLUMN 16

AVERAGE MONTHLY: 61.2   TOTAL FOR MONTH:   1.49    1 = FOG OR MIST
DPTR FM NORMAL:   1.7   DPTR FM NORMAL:   -2.52    2 = FOG REDUCING VISIBILITY
HIGHEST:    84 ON 11,10 GRTST 24HR  1.06 ON  3- 3      TO 1/4 MILE OR LESS
LOWEST:     33 ON  6                               3 = THUNDER
                        SNOW, ICE PELLETS, HAIL    4 = ICE PELLETS
                        TOTAL MONTH:   0.0 INCH    5 = HAIL
                        GRTST 24HR     0.0         6 = FREEZING RAIN OR DRIZZLE
                        GRTST DEPTH:   0           7 = DUSTSTORM OR SANDSTORM:
                                                       VSBY 1/2 MILE OR LESS
                                                   8 = SMOKE OR HAZE
[NO. OF DAYS WITH]      [WEATHER - DAYS WITH]      9 = BLOWING SNOW
                                                   X = TORNADO
MAX 32 OR BELOW:   0    0.01 INCH OR MORE:   8
MAX 90 OR ABOVE:   0    0.10 INCH OR MORE:   2
MIN 32 OR BELOW:   0    0.50 INCH OR MORE:   1
MIN  0 OR BELOW:   0    1.00 INCH OR MORE:   1

[HDD (BASE 65) ]
TOTAL THIS MO.   122    CLEAR  (SCALE 0-3)   7
DPTR FM NORMAL   -14    PTCLDY (SCALE 4-7)  11
TOTAL FM JUL 1  1070    CLOUDY (SCALE 8-10)  3
DPTR FM NORMAL  -374

[CDD (BASE 65) ]
TOTAL THIS MO.    47
DPTR FM NORMAL    27    [PRESSURE DATA]
TOTAL FM JAN 1   111    HIGHEST SLP M ON M
DPTR FM NORMAL    77    LOWEST  SLP 29.78 ON  3

[REMARKS]
