000
CXUS54 KMOB 271326
CF6PNS
PRELIMINARY LOCAL CLIMATOLOGICAL DATA (WS FORM: F-6)

                                          STATION:   PENSACOLA
                                          MONTH:     MAY
                                          YEAR:      2019
                                          LATITUDE:   30 28 N
                                          LONGITUDE:  87 12 W

  TEMPERATURE IN F:       :PCPN:    SNOW:  WIND      :SUNSHINE: SKY     :PK WND
================================================================================
1   2   3   4   5  6A  6B    7    8   9   10  11  12  13   14  15   16   17  18
                                     12Z  AVG MX 2MIN
DY MAX MIN AVG DEP HDD CDD  WTR  SNW DPTH SPD SPD DIR MIN PSBL S-S WX    SPD DR
================================================================================

 1  80  68  74   3   0   9 0.00  0.0    0  7.4 16 120   M    M   4 1      21 130
 2  82  68  75   4   0  10 0.00  0.0    0  6.8 14 150   M    M   2 12     18 120
 3  85  68  77   6   0  12 0.00  0.0    0  6.4 14 220   M    M   2 1      18 210
 4  82  69  76   4   0  11 0.65  0.0    0 10.2 33 210   M    M   6 13     41 210
 5  84  65  75   3   0  10 0.00  0.0    0  8.5 17 350   M    M   4        23 320
 6  84  62  73   1   0   8 0.00  0.0    0  6.3 14 180   M    M   0        17 190
 7  87  64  76   4   0  11 0.00  0.0    0  5.0 14 150   M    M   0        17 150
 8  84  69  77   4   0  12 0.00  0.0    0 10.1 18 160   M    M   2 1      26  50
 9  85  68  77   4   0  12 0.38  0.0    0 11.4 21 360   M    M   7 13     25 150
10  83  67  75   2   0  10 0.00  0.0    0  8.6 17 140   M    M   3        22 130
11  85  71  78   5   0  13 0.03  0.0    0  9.7 21 300   M    M   7 3      28 310
12  80  66  73  -1   0   8 1.35  0.0    0  9.7 35 280   M    M   5 123    52 270
13  84  65  75   1   0  10 0.38  0.0    0  8.5 35 330   M    M   3 13     45 330
14  83  63  73  -1   0   8 0.00  0.0    0  8.0 18 360   M    M   0        25 360
15  85  61  73  -1   0   8 0.00  0.0    0  6.4 13 200   M    M   0        18  30
16  87  64  76   1   0  11 0.00  0.0    0  7.2 15 210   M    M   0        19 170
17  85  67  76   1   0  11 0.00  0.0    0  6.2 15 170   M    M   0        20 150
18  85  73  79   4   0  14 0.00  0.0    0 10.2 18 140   M    M   0        24 140
19  85  71  78   2   0  13 0.00  0.0    0  8.9 17 170   M    M   1        23 170
20  87  72  80   4   0  15 0.00  0.0    0  6.1 15 200   M    M   2 1      21 190
21  85  72  79   3   0  14 0.00  0.0    0  8.7 20 170   M    M   2        23 150
22  86  72  79   3   0  14 0.00  0.0    0  7.3 14 150   M    M   2        19 140
23  87  73  80   4   0  15 0.00  0.0    0  6.9 15 150   M    M   2 8      21 140
24  89  72  81   4   0  16 0.00  0.0    0  5.5 13 160   M    M   1        17 180
25  95  71  83   6   0  18 0.00  0.0    0  4.7 10 140   M    M   0 1      15 280
26  94  74  84   7   0  19 0.00  0.0    0  6.1 14 170   M    M   0        19 160
================================================================================
SM 2218 1775         0 312  2.79     0.0 200.8          M       55
================================================================================
AV 85.3 68.3                               7.7 FASTST   M    M   2    MAX(MPH)
                                 MISC ---->  # 35 280               # 52  270
================================================================================
NOTES:
# LAST OF SEVERAL OCCURRENCES

COLUMN 17 PEAK WIND IN M.P.H.

PRELIMINARY LOCAL CLIMATOLOGICAL DATA (WS FORM: F-6) , PAGE 2

                                          STATION:  PENSACOLA
                                          MONTH:    MAY
                                          YEAR:     2019
                                          LATITUDE:   30 28 N
                                          LONGITUDE:  87 12 W

[TEMPERATURE DATA]      [PRECIPITATION DATA]       SYMBOLS USED IN COLUMN 16

AVERAGE MONTHLY: 76.8   TOTAL FOR MONTH:   2.79    1 = FOG OR MIST
DPTR FM NORMAL:   2.8   DPTR FM NORMAL:   -0.67    2 = FOG REDUCING VISIBILITY
HIGHEST:    95 ON 25    GRTST 24HR  1.35 ON 12-12      TO 1/4 MILE OR LESS
LOWEST:     61 ON 15                               3 = THUNDER
                        SNOW, ICE PELLETS, HAIL    4 = ICE PELLETS
                        TOTAL MONTH:   0.0 INCH    5 = HAIL
                        GRTST 24HR     0.0         6 = FREEZING RAIN OR DRIZZLE
                        GRTST DEPTH:   0           7 = DUSTSTORM OR SANDSTORM:
                                                       VSBY 1/2 MILE OR LESS
                                                   8 = SMOKE OR HAZE
[NO. OF DAYS WITH]      [WEATHER - DAYS WITH]      9 = BLOWING SNOW
                                                   X = TORNADO
MAX 32 OR BELOW:   0    0.01 INCH OR MORE:   5
MAX 90 OR ABOVE:   2    0.10 INCH OR MORE:   4
MIN 32 OR BELOW:   0    0.50 INCH OR MORE:   2
MIN  0 OR BELOW:   0    1.00 INCH OR MORE:   1

[HDD (BASE 65) ]
TOTAL THIS MO.     0    CLEAR  (SCALE 0-3)  20
DPTR FM NORMAL     0    PTCLDY (SCALE 4-7)   6
TOTAL FM JUL 1  1139    CLOUDY (SCALE 8-10)  0
DPTR FM NORMAL  -396

[CDD (BASE 65) ]
TOTAL THIS MO.   312
DPTR FM NORMAL    78    [PRESSURE DATA]
TOTAL FM JAN 1   533    HIGHEST SLP M ON M
DPTR FM NORMAL   151    LOWEST  SLP 29.75 ON 12

[REMARKS]
