000
CXUS55 KPAH 260629
CF6POF
PRELIMINARY LOCAL CLIMATOLOGICAL DATA (WS FORM: F-6)

                                          STATION:   POPLAR BLUFF MO
                                          MONTH:     MAY
                                          YEAR:      2019
                                          LATITUDE:   36 46 N
                                          LONGITUDE:  90 19 W

  TEMPERATURE IN F:       :PCPN:    SNOW:  WIND      :SUNSHINE: SKY     :PK WND
================================================================================
1   2   3   4   5  6A  6B    7    8   9   10  11  12  13   14  15   16   17  18
                                     12Z  AVG MX 2MIN
DY MAX MIN AVG DEP HDD CDD  WTR  SNW DPTH SPD SPD DIR MIN PSBL S-S WX    SPD DR
================================================================================

 1  74  62  68   5   0   3 0.48    M    M  7.6 21 310   M    M   7 1      35 330
 2  68  63  66   2   0   1 2.92    M    M  4.6 16 350   M    M   9 1      22 350
 3  70  61  66   2   0   1 0.04    M    M  4.7 14 160   M    M   9 1      17 130
 4  65  53  59  -5   6   0 0.01    M    M  5.9 15  20   M    M   7 1      19  10
 5  73  49  61  -3   4   0 0.00    M    M  4.0 12  20   M    M   0        15  10
 6  71  52  62  -3   3   0    T    M    M  2.2  9 170   M    M   3        13 150
 7  83  58  71   6   0   6    T    M    M  5.1 17 160   M    M   4        22 170
 8  83  67  75  10   0  10 1.43    M    M  9.7 21 200   M    M   3 18     30 210
 9  74  58  66   0   0   1 0.35    M    M  8.9 16 210   M    M   8 1      25 220
10  64  51  58  -8   7   0 0.00    M    M  9.2 22 340   M    M   8        28 340
11  55  51  53 -13  12   0 0.26  0.0    0  7.1 14  40   M    M  10 1      18  40
12  67  50  59  -7   6   0 0.09    M    M  4.6 14 320   M    M   8 1      20 320
13  68  47  58  -9   7   0 0.00    M    M  4.2 12 300   M    M   3        15 300
14  73  46  60  -7   5   0 0.00    M    M  3.9 10 200   M    M   0        15 180
15  80  60  70   3   0   5 0.00    M    M  4.8 14  60   M    M   3        20  40
16  87  63  75   7   0  10 0.00    M    M  6.4 17 210   M    M   2 1      24 190
17  87  65  76   8   0  11 0.00    M    M  8.8 20 220   M    M   0        28 220
18  87  62  75   7   0  10 0.29    M    M  9.5 26 250   M    M   1 18     39 250
19  82  61  72   4   0   7 0.74    M    M  8.9 21 210   M    M   4 1      29 210
20  79  56  68  -1   0   3 0.00    M    M  5.1 12  90   M    M   0        19  80
21  84  58  71   2   0   6 2.78    M    M 12.4 31 280   M    M   8 138    54 320
22  84  60  72   3   0   7 0.35    M    M  7.0 16 210   M    M   5 13     24 200
23  86  70  78   8   0  13 0.00    M    M  8.8 21 200   M    M   1 1      31 200
24  89  65  77   7   0  12 0.00    M    M  5.8 17 200   M    M   1 1      25 190
25  88  70  79   9   0  14 0.00  0.0    0  7.4 17 210   M    M   0        24 230
================================================================================
SM 1921 1458        50 120  9.74     0.0 166.6          M      104
================================================================================
AV 76.8 58.3                               6.7 FASTST   M    M   4    MAX(MPH)
                                 MISC ---->  # 31 280               # 54  320
================================================================================
NOTES:
# LAST OF SEVERAL OCCURRENCES

COLUMN 17 PEAK WIND IN M.P.H.

PRELIMINARY LOCAL CLIMATOLOGICAL DATA (WS FORM: F-6) , PAGE 2

                                          STATION:  POPLAR BLUFF MO
                                          MONTH:    MAY
                                          YEAR:     2019
                                          LATITUDE:   36 46 N
                                          LONGITUDE:  90 19 W

[TEMPERATURE DATA]      [PRECIPITATION DATA]       SYMBOLS USED IN COLUMN 16

AVERAGE MONTHLY: 67.6   TOTAL FOR MONTH:   9.74    1 = FOG OR MIST
DPTR FM NORMAL:   0.9   DPTR FM NORMAL:    6.25    2 = FOG REDUCING VISIBILITY
HIGHEST:    89 ON 24    GRTST 24HR  2.92 ON  2- 2      TO 1/4 MILE OR LESS
LOWEST:     46 ON 14                               3 = THUNDER
                        SNOW, ICE PELLETS, HAIL    4 = ICE PELLETS
                        TOTAL MONTH:   0.0 INCH    5 = HAIL
                        GRTST 24HR     0.0         6 = FREEZING RAIN OR DRIZZLE
                        GRTST DEPTH:   0           7 = DUSTSTORM OR SANDSTORM:
                                                       VSBY 1/2 MILE OR LESS
                                                   8 = SMOKE OR HAZE
[NO. OF DAYS WITH]      [WEATHER - DAYS WITH]      9 = BLOWING SNOW
                                                   X = TORNADO
MAX 32 OR BELOW:   0    0.01 INCH OR MORE:  12
MAX 90 OR ABOVE:   0    0.10 INCH OR MORE:   9
MIN 32 OR BELOW:   0    0.50 INCH OR MORE:   4
MIN  0 OR BELOW:   0    1.00 INCH OR MORE:   3

[HDD (BASE 65) ]
TOTAL THIS MO.    50    CLEAR  (SCALE 0-3)  13
DPTR FM NORMAL     2    PTCLDY (SCALE 4-7)   8
TOTAL FM JUL 1  4043    CLOUDY (SCALE 8-10)  4
DPTR FM NORMAL   -27

[CDD (BASE 65) ]
TOTAL THIS MO.   120
DPTR FM NORMAL    27    [PRESSURE DATA]
TOTAL FM JAN 1   147    HIGHEST SLP M ON M
DPTR FM NORMAL    24    LOWEST  SLP 29.73 ON  9

[REMARKS]
