000
CXUS55 KALY 260710
CF6POU
PRELIMINARY LOCAL CLIMATOLOGICAL DATA (WS FORM: F-6)

                                          STATION:   POUGHKEEPSIE NY
                                          MONTH:     MAY
                                          YEAR:      2019
                                          LATITUDE:   41 37 N
                                          LONGITUDE:  73 53 W

  TEMPERATURE IN F:       :PCPN:    SNOW:  WIND      :SUNSHINE: SKY     :PK WND
================================================================================
1   2   3   4   5  6A  6B    7    8   9   10  11  12  13   14  15   16   17  18
                                     12Z  AVG MX 2MIN
DY MAX MIN AVG DEP HDD CDD  WTR  SNW DPTH SPD SPD DIR MIN PSBL S-S WX    SPD DR
================================================================================

 1  56  48  52  -2  13   0    T    M    M  4.4 12 130   M    M  10 1      16 130
 2  73  48  61   6   4   0 0.00    M    M  3.9 14 150   M    M   8 1      17 130
 3  56  49  53  -2  12   0 0.13    M    M  3.2 12 140   M    M  10 18     16 150
 4  70  53  62   7   3   0 0.17    M    M  2.5  9 340   M    M   9 1      12 340
 5  60  53  57   1   8   0 0.53    M    M  4.7 12  90   M    M  10 1      15  90
 6  73  46  60   4   5   0 0.00    M    M  3.5 12 140   M    M   9 12     18  10
 7  76  50  63   7   2   0 0.20    M    M  5.2 28 330   M    M   6 1      40 340
 8  70  49  60   4   5   0 0.00    M    M  5.8 14  30   M    M   2        20  40
 9  61  48  55  -2  10   0 0.00    M    M  6.2 14 120   M    M   9        19 120
10  75  53  64   7   1   0 0.14    M    M  7.4 17  10   M    M   9 13     22  10
11  67  51  59   2   6   0 0.02    M    M  6.8 16  20   M    M   5 1      21  20
12  56  41  49  -9  16   0 1.07    M    M  6.3 14  40   M    M  10 1      18  40
13  49  42  46 -12  19   0 0.53    M    M  3.9  9 320   M    M  10 18     12  60
14  50  43  47 -11  18   0 0.12    M    M  2.1 12 360   M    M  10 1      16  10
15  69  40  55  -3  10   0 0.04    M    M  3.9 17 300   M    M   7 12     25 290
16  72  46  59   0   6   0 0.00    M    M  1.8 12 300   M    M   4 1      16 320
17  73  51  62   3   3   0 0.02    M    M  3.9 14 340   M    M   5        19 320
18  76  44  60   1   5   0 0.00    M    M  2.6 13  10   M    M   1        17  10
19  82  54  68   8   0   3 0.07    M    M  5.5 15 150   M    M   3 1      23 210
20  82  62  72  12   0   7 0.15    M    M  6.4 16  20   M    M   5 1      24  30
21  71  46  59  -1   6   0 0.00    M    M 11.3 23 310   M    M   2        31 320
22  73  41  57  -4   8   0 0.00    M    M  4.4 17  20   M    M   0        22 300
23  72  55  64   3   1   0 0.16    M    M  5.6 14 240   M    M   7 1      20 230
24  73  60  67   6   0   2 0.00    M    M 10.0 23 310   M    M   4 1      34 320
25  72  49  61   0   4   0    T    M    M  5.7 14 160   M    M   6        21 170
================================================================================
SM 1707 1222       165  12  3.35    M    127.0          M      161
================================================================================
AV 68.3 48.9                               5.1 FASTST   M    M   6    MAX(MPH)
                                 MISC ---->  # 28 330               # 40  340
================================================================================
NOTES:
# LAST OF SEVERAL OCCURRENCES

COLUMN 17 PEAK WIND IN M.P.H.

PRELIMINARY LOCAL CLIMATOLOGICAL DATA (WS FORM: F-6) , PAGE 2

                                          STATION:  POUGHKEEPSIE NY
                                          MONTH:    MAY
                                          YEAR:     2019
                                          LATITUDE:   41 37 N
                                          LONGITUDE:  73 53 W

[TEMPERATURE DATA]      [PRECIPITATION DATA]       SYMBOLS USED IN COLUMN 16

AVERAGE MONTHLY: 58.6   TOTAL FOR MONTH:   3.35    1 = FOG OR MIST
DPTR FM NORMAL:   0.7   DPTR FM NORMAL:   -0.12    2 = FOG REDUCING VISIBILITY
HIGHEST:    82 ON 20,19 GRTST 24HR  1.07 ON 12-12      TO 1/4 MILE OR LESS
LOWEST:     40 ON 15                               3 = THUNDER
                        SNOW, ICE PELLETS, HAIL    4 = ICE PELLETS
                        TOTAL MONTH:    M          5 = HAIL
                        GRTST 24HR    M  ON   M    6 = FREEZING RAIN OR DRIZZLE
                        GRTST DEPTH:  M  ON   M    7 = DUSTSTORM OR SANDSTORM:
                                                       VSBY 1/2 MILE OR LESS
                                                   8 = SMOKE OR HAZE
[NO. OF DAYS WITH]      [WEATHER - DAYS WITH]      9 = BLOWING SNOW
                                                   X = TORNADO
MAX 32 OR BELOW:   0    0.01 INCH OR MORE:  14
MAX 90 OR ABOVE:   0    0.10 INCH OR MORE:  10
MIN 32 OR BELOW:   0    0.50 INCH OR MORE:   3
MIN  0 OR BELOW:   0    1.00 INCH OR MORE:   1

[HDD (BASE 65) ]
TOTAL THIS MO.   165    CLEAR  (SCALE 0-3)   5
DPTR FM NORMAL   -32    PTCLDY (SCALE 4-7)  10
TOTAL FM JUL 1  5784    CLOUDY (SCALE 8-10) 10
DPTR FM NORMAL  -352

[CDD (BASE 65) ]
TOTAL THIS MO.    12
DPTR FM NORMAL    -8    [PRESSURE DATA]
TOTAL FM JAN 1    12    HIGHEST SLP M ON M
DPTR FM NORMAL   -13    LOWEST  SLP 29.64 ON 20

[REMARKS]
