000
CXUS56 KFGZ 220900
CF6PRC
PRELIMINARY LOCAL CLIMATOLOGICAL DATA (WS FORM: F-6)

                                          STATION:   PRESCOTT AZ AIRPORT
                                          MONTH:     MAY
                                          YEAR:      2019
                                          LATITUDE:   34 39 N
                                          LONGITUDE: 112 26 W

  TEMPERATURE IN F:       :PCPN:    SNOW:  WIND      :SUNSHINE: SKY     :PK WND
================================================================================
1   2   3   4   5  6A  6B    7    8   9   10  11  12  13   14  15   16   17  18
                                     12Z  AVG MX 2MIN
DY MAX MIN AVG DEP HDD CDD  WTR  SNW DPTH SPD SPD DIR MIN PSBL S-S WX    SPD DR
================================================================================

 1  70  42  56  -1   9   0 0.00    M    M  7.7 20 230   M    M   1        35 230
 2  72  38  55  -2  10   0 0.00    M    M  6.0 17 200   M    M   0        28 220
 3  77  40  59   1   6   0 0.00    M    M  6.4 20 250   M    M   0        24 250
 4  79  44  62   4   3   0 0.00    M    M  7.6 18 250   M    M   1        24 250
 5  78  45  62   4   3   0 0.00    M    M  9.5 22 220   M    M   0        28 200
 6  70  44  57  -2   8   0 0.00    M    M 10.6 28 140   M    M   0        36 150
 7  62  41  52  -7  13   0 0.27    M    M  6.6 18 230   M    M   7 13     24 220
 8  68  45  57  -2   8   0 0.34    M    M  7.6 23 320   M    M   6 138    29 330
 9  62  43  53  -7  12   0 0.12    M    M  6.5 18 320   M    M   7 13     22 330
10  69  40  55  -5  10   0 0.00    M    M  6.6 22 140   M    M   3        28 150
11  69  44  57  -3   8   0 0.06    M    M  4.9 28 360   M    M   4 3      33 360
12  72  43  58  -2   7   0 0.01    M    M  6.5 18 130   M    M   4 3      25 120
13  78  45  62   1   3   0 0.00    M    M  6.6 21 290   M    M   2        25 290
14  80  50  65   4   0   0 0.01    M    M  5.5 22 340   M    M   2        35 340
15  79  49  64   3   1   0 0.00    M    M  9.6 23 200   M    M   1        29 180
16  72  51  62   0   3   0 0.00    M    M 12.2 30 200   M    M   1        40 200
17  64  40  52 -10  13   0 0.00    M    M  9.6 26 240   M    M   1        35 240
18  69  38  54  -8  11   0 0.00    M    M  7.5 20 230   M    M   1        25 250
19  62  45  54  -9  11   0 0.08    M    M 13.2 33 200   M    M   4 1      43 200
20  52  37  45 -18  20   0 0.05    M    M  7.4 25 270   M    M   4 18     32 280
21  62  37  50 -13  15   0 0.00    M    M 12.0 29 220   M    M   3        42 240
================================================================================
SM 1466  901       174   0  0.94    M    170.1          M       52
================================================================================
AV 69.8 42.9                               8.1 FASTST   M    M   2    MAX(MPH)
                                 MISC ---->  # 33 200               # 43  200
================================================================================
NOTES:
# LAST OF SEVERAL OCCURRENCES

COLUMN 17 PEAK WIND IN M.P.H.

PRELIMINARY LOCAL CLIMATOLOGICAL DATA (WS FORM: F-6) , PAGE 2

                                          STATION:  PRESCOTT AZ AIRPORT
                                          MONTH:    MAY
                                          YEAR:     2019
                                          LATITUDE:   34 39 N
                                          LONGITUDE: 112 26 W

[TEMPERATURE DATA]      [PRECIPITATION DATA]       SYMBOLS USED IN COLUMN 16

AVERAGE MONTHLY: 56.4   TOTAL FOR MONTH:   0.94    1 = FOG OR MIST
DPTR FM NORMAL:  -3.8   DPTR FM NORMAL:    0.63    2 = FOG REDUCING VISIBILITY
HIGHEST:    80 ON 14    GRTST 24HR  0.34 ON  8- 8      TO 1/4 MILE OR LESS
LOWEST:     37 ON 21,20                            3 = THUNDER
                        SNOW, ICE PELLETS, HAIL    4 = ICE PELLETS
                        TOTAL MONTH:    M          5 = HAIL
                        GRTST 24HR    M  ON   M    6 = FREEZING RAIN OR DRIZZLE
                        GRTST DEPTH:  M  ON   M    7 = DUSTSTORM OR SANDSTORM:
                                                       VSBY 1/2 MILE OR LESS
                                                   8 = SMOKE OR HAZE
[NO. OF DAYS WITH]      [WEATHER - DAYS WITH]      9 = BLOWING SNOW
                                                   X = TORNADO
MAX 32 OR BELOW:   0    0.01 INCH OR MORE:   8
MAX 90 OR ABOVE:   0    0.10 INCH OR MORE:   3
MIN 32 OR BELOW:   0    0.50 INCH OR MORE:   0
MIN  0 OR BELOW:   0    1.00 INCH OR MORE:   0

[HDD (BASE 65) ]
TOTAL THIS MO.   174    CLEAR  (SCALE 0-3)  14
DPTR FM NORMAL    55    PTCLDY (SCALE 4-7)   7
TOTAL FM JUL 1  4223    CLOUDY (SCALE 8-10)  0
DPTR FM NORMAL   -15

[CDD (BASE 65) ]
TOTAL THIS MO.     0
DPTR FM NORMAL   -17    [PRESSURE DATA]
TOTAL FM JAN 1     1    HIGHEST SLP M ON M
DPTR FM NORMAL   -18    LOWEST  SLP 29.56 ON 21

[REMARKS]
