000
CXUS54 KMAF 191100
CF6PRS
PRELIMINARY LOCAL CLIMATOLOGICAL DATA (WS FORM: F-6)

                                          STATION:   Presidio Lely
                                          MONTH:     MAY
                                          YEAR:      2019
                                          LATITUDE:   29 38 N
                                          LONGITUDE: 104 22 W

  TEMPERATURE IN F:       :PCPN:    SNOW:  WIND      :SUNSHINE: SKY     :PK WND
================================================================================
1   2   3   4   5  6A  6B    7    8   9   10  11  12  13   14  15   16   17  18
                                     12Z  AVG MX 2MIN
DY MAX MIN AVG DEP HDD CDD  WTR  SNW DPTH SPD SPD DIR MIN PSBL S-S WX    SPD DR
================================================================================

 1  93  58  76   M   0  11 0.00  0.0    0  6.0 12 160   M    M   0        22 160
 2  94  63  79   M   0  14 0.00  0.0    0  6.9 17  40   M    M   0        23  40
 3  95  68  82   M   0  17 0.00  0.0    0  9.1 17 270   M    M   0        30 270
 4  94  66  80   M   0  15 0.00  0.0    0  8.5 20  60   M    M   0        28  60
 5  96  69  83   M   0  18 0.05  0.0    0  9.9 24  70   M    M   1 3      36  70
 6  95  65  80   M   0  15 0.00  0.0    0  7.7 13  70   M    M   1        21 160
 7  96  69  83   M   0  18 0.00  0.0    0  8.3 18 280   M    M   0        27 200
 8  89  67  78   M   0  13 0.00  0.0    0 10.6 23 290   M    M   0        29 270
 9  91  61  76   M   0  11 0.00  0.0    0  8.5 32  40   M    M   0        43  40
10  78  58  68   M   0   3 0.00  0.0    0 16.2 22  40   M    M   5        32  40
11  84  55  70   M   0   5 0.00  0.0    0  6.9 16  50   M    M   2        27  50
12  89  65  77   M   0  12 0.00  0.0    0 11.4 27  10   M    M   2        37 360
13  83  67  75   M   0  10 0.00  0.0    0 10.2 21 270   M    M   4        32 270
14  91  60  76   M   0  11 0.00  0.0    0  7.1 17  50   M    M   0        24  50
15  96  67  82   M   0  17 0.00  0.0    0  7.7 20  50   M    M   0        27  60
16 101  71  86   M   0  21 0.00  0.0    0  9.1 23  50   M    M   0        32  50
17 100  73  87   M   0  22 0.00  0.0    0  9.0 21 290   M    M   0        30 290
18  94  70  82   M   0  17 0.00  0.0    0 10.9 20 280   M    M   0        28 280
================================================================================
SM 1659 1172         0 250  0.05     0.0 164.0          M       15
================================================================================
AV 92.2 65.1                               9.1 FASTST   M    M   1    MAX(MPH)
                                 MISC ---->  # 32  40               # 43   40
================================================================================
NOTES:
# LAST OF SEVERAL OCCURRENCES

COLUMN 17 PEAK WIND IN M.P.H.

PRELIMINARY LOCAL CLIMATOLOGICAL DATA (WS FORM: F-6) , PAGE 2

                                          STATION:  Presidio Lely
                                          MONTH:    MAY
                                          YEAR:     2019
                                          LATITUDE:   29 38 N
                                          LONGITUDE: 104 22 W

[TEMPERATURE DATA]      [PRECIPITATION DATA]       SYMBOLS USED IN COLUMN 16

AVERAGE MONTHLY: 78.6   TOTAL FOR MONTH:   0.05    1 = FOG OR MIST
DPTR FM NORMAL:     M   DPTR FM NORMAL:       M    2 = FOG REDUCING VISIBILITY
HIGHEST:   101 ON 16    GRTST 24HR  0.05 ON  5- 5      TO 1/4 MILE OR LESS
LOWEST:     55 ON 11                               3 = THUNDER
                        SNOW, ICE PELLETS, HAIL    4 = ICE PELLETS
                        TOTAL MONTH:   0.0 INCH    5 = HAIL
                        GRTST 24HR     0.0         6 = FREEZING RAIN OR DRIZZLE
                        GRTST DEPTH:   0           7 = DUSTSTORM OR SANDSTORM:
                                                       VSBY 1/2 MILE OR LESS
                                                   8 = SMOKE OR HAZE
[NO. OF DAYS WITH]      [WEATHER - DAYS WITH]      9 = BLOWING SNOW
                                                   X = TORNADO
MAX 32 OR BELOW:   0    0.01 INCH OR MORE:   1
MAX 90 OR ABOVE:  13    0.10 INCH OR MORE:   0
MIN 32 OR BELOW:   0    0.50 INCH OR MORE:   0
MIN  0 OR BELOW:   0    1.00 INCH OR MORE:   0

[HDD (BASE 65) ]
TOTAL THIS MO.     0    CLEAR  (SCALE 0-3)  16
DPTR FM NORMAL     M    PTCLDY (SCALE 4-7)   2
TOTAL FM JUL 1  1359    CLOUDY (SCALE 8-10)  0
DPTR FM NORMAL     M

[CDD (BASE 65) ]
TOTAL THIS MO.   250
DPTR FM NORMAL     M    [PRESSURE DATA]
TOTAL FM JAN 1   648    HIGHEST SLP M ON M
DPTR FM NORMAL     M    LOWEST  SLP M ON M

[REMARKS]
