000
CXUS54 KFWD 190730
CF6PRX
PRELIMINARY LOCAL CLIMATOLOGICAL DATA (WS FORM: F-6)

                                          STATION:   PARIS
                                          MONTH:     MAY
                                          YEAR:      2019
                                          LATITUDE:   33 37 N
                                          LONGITUDE:  95 27 W

  TEMPERATURE IN F:       :PCPN:    SNOW:  WIND      :SUNSHINE: SKY     :PK WND
================================================================================
1   2   3   4   5  6A  6B    7    8   9   10  11  12  13   14  15   16   17  18
                                     12Z  AVG MX 2MIN
DY MAX MIN AVG DEP HDD CDD  WTR  SNW DPTH SPD SPD DIR MIN PSBL S-S WX    SPD DR
================================================================================

 1  76  59  68   0   0   3 2.20  0.0    0 13.7 22 360   M    M   9 123    48 330
 2  80  61  71   3   0   6 0.51  0.0    0  5.2 12 350   M    M   5 13      M  M
 3  74  62  68  -1   0   3    T  0.0    0  5.5 14 170   M    M   7 12     20 170
 4  77  57  67  -2   0   2 0.00  0.0    0  8.5 15 340   M    M   3         M  M
 5  81  53  67  -2   0   2 0.00  0.0    0  5.6  9 120   M    M   2         M  M
 6  84  64  74   4   0   9 0.00  0.0    0  8.5 12 180   M    M   1         M  M
 7  82  64  73   3   0   8    T  0.0    0  8.6 15 110   M    M   4        20 110
 8  69  60  65  -5   0   0 1.38  0.0    0  6.1 12 150   M    M   7 13     31 110
 9  73  53  63  -7   2   0 0.00  0.0    0  8.5 17 340   M    M   9 12     27 330
10  58  49  54 -17  11   0    T  0.0    0  9.7 15 350   M    M   9        23 340
11  64  55  60 -11   5   0 1.18  0.0    0  5.9 12 100   M    M  10 13      M  M
12  76  57  67  -4   0   2 0.00  0.0    0  5.4  9 260   M    M   5        16 290
13  83  54  69  -3   0   4 0.00  0.0    0  4.9 10 230   M    M   1         M  M
14  84  59  72   0   0   7 0.00  0.0    0  5.9 12 180   M    M   0 8      16  99
15  86  59  73   1   0   8 0.00  0.0    0  6.7 13 210   M    M   1         M  M
16  85  62  74   2   0   9 0.00  0.0    0  8.3 16 180   M    M   0        18 200
17  84  62  73   0   0   8 0.00  0.0    0 11.2 18 170   M    M   3        25 170
18  78  62  70  -3   0   5 1.93  0.0    0 10.8 20 160   M    M   7 13     30 260
================================================================================
SM 1394 1052        18  76  7.20     0.0 139.0          M       83
================================================================================
AV 77.4 58.4                               7.7 FASTST   M    M   5    MAX(MPH)
                                 MISC ---->  # 22 360               # 48  330
================================================================================
NOTES:
# LAST OF SEVERAL OCCURRENCES

COLUMN 17 PEAK WIND IN M.P.H.

PRELIMINARY LOCAL CLIMATOLOGICAL DATA (WS FORM: F-6) , PAGE 2

                                          STATION:  PARIS
                                          MONTH:    MAY
                                          YEAR:     2019
                                          LATITUDE:   33 37 N
                                          LONGITUDE:  95 27 W

[TEMPERATURE DATA]      [PRECIPITATION DATA]       SYMBOLS USED IN COLUMN 16

AVERAGE MONTHLY: 67.9   TOTAL FOR MONTH:   7.20    1 = FOG OR MIST
DPTR FM NORMAL:  -2.6   DPTR FM NORMAL:    4.09    2 = FOG REDUCING VISIBILITY
HIGHEST:    86 ON 15    GRTST 24HR  2.20 ON  1- 1      TO 1/4 MILE OR LESS
LOWEST:     49 ON 10                               3 = THUNDER
                        SNOW, ICE PELLETS, HAIL    4 = ICE PELLETS
                        TOTAL MONTH:   0.0 INCH    5 = HAIL
                        GRTST 24HR     0.0         6 = FREEZING RAIN OR DRIZZLE
                        GRTST DEPTH:   0           7 = DUSTSTORM OR SANDSTORM:
                                                       VSBY 1/2 MILE OR LESS
                                                   8 = SMOKE OR HAZE
[NO. OF DAYS WITH]      [WEATHER - DAYS WITH]      9 = BLOWING SNOW
                                                   X = TORNADO
MAX 32 OR BELOW:   0    0.01 INCH OR MORE:   5
MAX 90 OR ABOVE:   0    0.10 INCH OR MORE:   5
MIN 32 OR BELOW:   0    0.50 INCH OR MORE:   5
MIN  0 OR BELOW:   0    1.00 INCH OR MORE:   4

[HDD (BASE 65) ]
TOTAL THIS MO.    18    CLEAR  (SCALE 0-3)   6
DPTR FM NORMAL     3    PTCLDY (SCALE 4-7)   8
TOTAL FM JUL 1  2858    CLOUDY (SCALE 8-10)  4
DPTR FM NORMAL   171

[CDD (BASE 65) ]
TOTAL THIS MO.    76
DPTR FM NORMAL   -39    [PRESSURE DATA]
TOTAL FM JAN 1   159    HIGHEST SLP M ON M
DPTR FM NORMAL   -67    LOWEST  SLP M ON M

[REMARKS]
