000
CXUS55 KALY 260710
CF6PSF
PRELIMINARY LOCAL CLIMATOLOGICAL DATA (WS FORM: F-6)

                                          STATION:   PITTSFIELD MA
                                          MONTH:     MAY
                                          YEAR:      2019
                                          LATITUDE:   42 25 N
                                          LONGITUDE:  73 18 W

  TEMPERATURE IN F:       :PCPN:    SNOW:  WIND      :SUNSHINE: SKY     :PK WND
================================================================================
1   2   3   4   5  6A  6B    7    8   9   10  11  12  13   14  15   16   17  18
                                     12Z  AVG MX 2MIN
DY MAX MIN AVG DEP HDD CDD  WTR  SNW DPTH SPD SPD DIR MIN PSBL S-S WX    SPD DR
================================================================================

 1  53  37  45  -5  20   0    T    M    M  5.7 15 140   M    M  10 1      20 170
 2  62  46  54   3  11   0 0.06    M    M  2.1  9  50   M    M  10 18     12  50
 3  55  45  50  -1  15   0 0.50    M    M  4.4 12 220   M    M  10 1      16 240
 4  66  53  60   9   5   0 0.07    M    M  2.6 10 290   M    M  10 1      13 330
 5  57  51  54   2  11   0 0.13    M    M  4.7 12 110   M    M  10 18     17 100
 6  72  45  59   7   6   0 0.00    M    M  3.7 12 140   M    M   7 1      17 140
 7  71  49  60   8   5   0 0.05    M    M  6.6 17 240   M    M   7 1      22 240
 8  64  42  53   1  12   0 0.00    M    M  6.2 16 300   M    M   2        22 310
 9  65  40  53   0  12   0 0.01    M    M  6.5 17 150   M    M   7        25 130
10  65  48  57   4   8   0 0.18    M    M  8.3 17 280   M    M  10 18     25 120
11  62  44  53   0  12   0 0.00    M    M  9.3 24 300   M    M   5        31 300
12  50  38  44 -10  21   0 0.45    M    M  5.2 14  90   M    M   9 1      22 120
13  51  38  45  -9  20   0 0.38    M    M  7.2 20 110   M    M  10 1      29 120
14  46  36  41 -13  24   0 0.19    M    M  2.6  8  40   M    M  10 1      11  50
15  62  41  52  -3  13   0 0.06    M    M  6.4 17 270   M    M   9 1      23 270
16  66  46  56   1   9   0 0.00    M    M  6.4 17 280   M    M   3        23 300
17  68  46  57   2   8   0 0.28    M    M  4.4 24 290   M    M   8 1      32 290
18  69  45  57   1   8   0 0.00    M    M  4.5 17 300   M    M   2        23 290
19  82  45  64   8   1   0 0.03    M    M  7.3 21 180   M    M   4        29 170
20  79  53  66  10   0   1 0.12    M    M 11.8 23 300   M    M   7 1      33 300
21  63  47  55  -1  10   0    T    M    M 14.6 31 280   M    M   5        43 280
22  68  44  56  -1   9   0 0.00    M    M  7.0 18 330   M    M   1        25 310
23  70  50  60   3   5   0 0.40    M    M  7.5 22 290   M    M   7 13     37 290
24  66  48  57   0   8   0    T    M    M  9.3 32 290   M    M   8        42 290
25  71  44  58   0   7   0 0.08    M    M  6.4 15 170   M    M   6 123    22 190
================================================================================
SM 1603 1121       260   1  2.99    M    160.7          M      177
================================================================================
AV 64.1 44.8                               6.4 FASTST   M    M   7    MAX(MPH)
                                 MISC ---->  # 32 290               # 43  280
================================================================================
NOTES:
# LAST OF SEVERAL OCCURRENCES

COLUMN 17 PEAK WIND IN M.P.H.

PRELIMINARY LOCAL CLIMATOLOGICAL DATA (WS FORM: F-6) , PAGE 2

                                          STATION:  PITTSFIELD MA
                                          MONTH:    MAY
                                          YEAR:     2019
                                          LATITUDE:   42 25 N
                                          LONGITUDE:  73 18 W

[TEMPERATURE DATA]      [PRECIPITATION DATA]       SYMBOLS USED IN COLUMN 16

AVERAGE MONTHLY: 54.5   TOTAL FOR MONTH:   2.99    1 = FOG OR MIST
DPTR FM NORMAL:   0.5   DPTR FM NORMAL:   -0.24    2 = FOG REDUCING VISIBILITY
HIGHEST:    82 ON 19    GRTST 24HR  0.50 ON  3- 3      TO 1/4 MILE OR LESS
LOWEST:     36 ON 14                               3 = THUNDER
                        SNOW, ICE PELLETS, HAIL    4 = ICE PELLETS
                        TOTAL MONTH:    M          5 = HAIL
                        GRTST 24HR    M  ON   M    6 = FREEZING RAIN OR DRIZZLE
                        GRTST DEPTH:  M  ON   M    7 = DUSTSTORM OR SANDSTORM:
                                                       VSBY 1/2 MILE OR LESS
                                                   8 = SMOKE OR HAZE
[NO. OF DAYS WITH]      [WEATHER - DAYS WITH]      9 = BLOWING SNOW
                                                   X = TORNADO
MAX 32 OR BELOW:   0    0.01 INCH OR MORE:  16
MAX 90 OR ABOVE:   0    0.10 INCH OR MORE:   9
MIN 32 OR BELOW:   0    0.50 INCH OR MORE:   1
MIN  0 OR BELOW:   0    1.00 INCH OR MORE:   0

[HDD (BASE 65) ]
TOTAL THIS MO.   260    CLEAR  (SCALE 0-3)   4
DPTR FM NORMAL   -23    PTCLDY (SCALE 4-7)  11
TOTAL FM JUL 1  6878    CLOUDY (SCALE 8-10) 10
DPTR FM NORMAL  -440

[CDD (BASE 65) ]
TOTAL THIS MO.     1
DPTR FM NORMAL     1    [PRESSURE DATA]
TOTAL FM JAN 1     1    HIGHEST SLP M ON M
DPTR FM NORMAL    -1    LOWEST  SLP 29.64 ON 20

[REMARKS]
