000
CXUS54 KFWD 200730
CF6PSN
PRELIMINARY LOCAL CLIMATOLOGICAL DATA (WS FORM: F-6)

                                          STATION:   PALESTINE
                                          MONTH:     MARCH
                                          YEAR:      2019
                                          LATITUDE:   31 46 N
                                          LONGITUDE:  95 42 W

  TEMPERATURE IN F:       :PCPN:    SNOW:  WIND      :SUNSHINE: SKY     :PK WND
================================================================================
1   2   3   4   5  6A  6B    7    8   9   10  11  12  13   14  15   16   17  18
                                     12Z  AVG MX 2MIN
DY MAX MIN AVG DEP HDD CDD  WTR  SNW DPTH SPD SPD DIR MIN PSBL S-S WX    SPD DR
================================================================================

 1  47  36  42 -11  23   0 0.00  0.0    0  3.1  7 360   M    M  10 1       M  M
 2  52  44  48  -5  17   0 0.03  0.0    0  3.6  6 360   M    M  10 1       M  M
 3  50  31  41 -12  24   0 0.03  0.0    0 10.8 20 340   M    M  10 1      24 330
 4  33  26  30 -24  35   0 0.00  0.0    0 10.5 16 340   M    M   9        22 360
 5  46  22  34 -20  31   0 0.00  0.0    0  6.1 12 350   M    M   0        20 330
 6  57  26  42 -12  23   0 0.00  0.0    0  4.9 10 110   M    M   3        16 150
 7  70  49  60   6   5   0 0.00  0.0    0  8.9 20 180   M    M   8        24 190
 8  79  65  72  18   0   7 0.00  0.0    0 10.1 15 200   M    M   7        21 190
 9  80  53  67  12   0   2 0.12  0.0    0  8.7 20 270   M    M   5        31 180
10  75  53  64   9   1   0 0.00  0.0    0  5.2  9  40   M    M   4 12      M  M
11  65  53  59   4   6   0 0.01  0.0    0  8.0 15  40   M    M  10        20  70
12  71  56  64   8   1   0 0.00  0.0    0  8.6 14 120   M    M   9 1      21 150
13  69  54  62   6   3   0 0.47  0.0    0 10.3 22 140   M    M   9 1      32 140
14  72  48  60   4   5   0 0.55  0.0    0  9.4 29 260   M    M   2        41 260
15  60  44  52  -4  13   0 0.00  0.0    0  9.5 18 350   M    M   0        23 350
16  62  41  52  -4  13   0 0.00  0.0    0  5.4 12  60   M    M   0        18  60
17  67  40  54  -3  11   0 0.00  0.0    0  3.5  9  30   M    M   0         M  M
18  71  40  56  -1   9   0 0.00  0.0    0  2.4 10  80   M    M   0        17  80
19  71  47  59   2   6   0 0.00  0.0    0  3.9 10  80   M    M   1         M  M
================================================================================
SM 1197  828       226   9  1.21     0.0 132.9          M       97
================================================================================
AV 63.0 43.6                               7.0 FASTST   M    M   5    MAX(MPH)
                                 MISC ---->  # 29 260               # 41  260
================================================================================
NOTES:
# LAST OF SEVERAL OCCURRENCES

COLUMN 17 PEAK WIND IN M.P.H.

PRELIMINARY LOCAL CLIMATOLOGICAL DATA (WS FORM: F-6) , PAGE 2

                                          STATION:  PALESTINE
                                          MONTH:    MARCH
                                          YEAR:     2019
                                          LATITUDE:   31 46 N
                                          LONGITUDE:  95 42 W

[TEMPERATURE DATA]      [PRECIPITATION DATA]       SYMBOLS USED IN COLUMN 16

AVERAGE MONTHLY: 53.3   TOTAL FOR MONTH:   1.21    1 = FOG OR MIST
DPTR FM NORMAL:  -1.7   DPTR FM NORMAL:   -1.27    2 = FOG REDUCING VISIBILITY
HIGHEST:    80 ON  9    GRTST 24HR  0.55 ON 14-14      TO 1/4 MILE OR LESS
LOWEST:     22 ON  5                               3 = THUNDER
                        SNOW, ICE PELLETS, HAIL    4 = ICE PELLETS
                        TOTAL MONTH:   0.0 INCH    5 = HAIL
                        GRTST 24HR     0.0         6 = FREEZING RAIN OR DRIZZLE
                        GRTST DEPTH:   0           7 = DUSTSTORM OR SANDSTORM:
                                                       VSBY 1/2 MILE OR LESS
                                                   8 = SMOKE OR HAZE
[NO. OF DAYS WITH]      [WEATHER - DAYS WITH]      9 = BLOWING SNOW
                                                   X = TORNADO
MAX 32 OR BELOW:   0    0.01 INCH OR MORE:   6
MAX 90 OR ABOVE:   0    0.10 INCH OR MORE:   3
MIN 32 OR BELOW:   4    0.50 INCH OR MORE:   1
MIN  0 OR BELOW:   0    1.00 INCH OR MORE:   0

[HDD (BASE 65) ]
TOTAL THIS MO.   226    CLEAR  (SCALE 0-3)   8
DPTR FM NORMAL    27    PTCLDY (SCALE 4-7)   3
TOTAL FM JUL 1  2023    CLOUDY (SCALE 8-10)  8
DPTR FM NORMAL  -145

[CDD (BASE 65) ]
TOTAL THIS MO.     9
DPTR FM NORMAL     1    [PRESSURE DATA]
TOTAL FM JAN 1    30    HIGHEST SLP M ON M
DPTR FM NORMAL    13    LOWEST  SLP M ON M

[REMARKS]
