000
CXUS54 KHGX 221515
CF6PSX
PRELIMINARY LOCAL CLIMATOLOGICAL DATA (WS FORM: F-6)

                                          STATION:   PALACIOS
                                          MONTH:     MAY
                                          YEAR:      2019
                                          LATITUDE:   28 43 N
                                          LONGITUDE:  96 15 W

  TEMPERATURE IN F:       :PCPN:    SNOW:  WIND      :SUNSHINE: SKY     :PK WND
================================================================================
1   2   3   4   5  6A  6B    7    8   9   10  11  12  13   14  15   16   17  18
                                     12Z  AVG MX 2MIN
DY MAX MIN AVG DEP HDD CDD  WTR  SNW DPTH SPD SPD DIR MIN PSBL S-S WX    SPD DR
================================================================================

 1  82  77  80   6   0  15    T  0.0    0 17.2 23 140   M    M  10 138    53 330
 2  83  75  79   5   0  14 0.00  0.0    0 13.3 24 110   M    M   9        33 110
 3  82  68  75   1   0  10 0.78  0.0    0 11.4 24 340   M    M   6 13     33  60
 4  87  65  76   2   0  11 0.12  0.0    0  7.9 23 340   M    M   1 13     28 340
 5  86  67  77   2   0  12 0.00  0.0    0  8.8 14 150   M    M   0 1       M  M
 6  83  68  76   1   0  11 0.06  0.0    0  9.8 26 100   M    M   4 1      36 110
 7  85  74  80   5   0  15 0.02  0.0    0 15.0 24 150   M    M   9 1      33 160
 8  85  74  80   5   0  15    T  0.0    0 14.8 23 160   M    M   9 18     31 160
 9  88  69  79   3   0  14 1.89  0.0    0 11.4 24  40   M    M   8 13     33  40
10  73  65  69  -7   0   4 0.23  0.0    0 12.0 31  80   M    M   9 13     39  40
11  72  66  69  -7   0   4 0.53  0.0    0  9.9 22 340   M    M   8 13     26 350
12  80  64  72  -4   0   7    T  0.0    0 11.0 21 360   M    M   5 1      24 340
13  82  65  74  -2   0   9 0.00  0.0    0  8.4 15 100   M    M   3        21 110
14  85  66  76  -1   0  11 0.00  0.0    0  9.4 22 110   M    M   2        26 110
15  86  68  77   0   0  12 0.00  0.0    0  9.0 18 130   M    M   2 8      21 110
16  85  70  78   1   0  13 0.00  0.0    0 10.6 20 140   M    M   4 1      27  20
17  84  76  80   3   0  15    T  0.0    0 15.2 24 130   M    M   9        29 140
18  85  79  82   4   0  17 0.00  0.0    0 18.1 25 160   M    M  10 18     33 130
19  88  81  85   7   0  20 0.00  0.0    0 11.5 18 110   M    M   8 18     25 100
20  87  80  84   6   0  19 0.00  0.0    0 20.6 30 150   M    M   9 18     51 330
21  87  81  84   6   0  19 0.02  0.0    0 18.6 31 150   M    M  10 18     41 150
================================================================================
SM 1755 1498         0 267  3.65     0.0 263.9          M      135
================================================================================
AV 83.6 71.3                              12.6 FASTST   M    M   6    MAX(MPH)
                                 MISC ---->  # 31  80               # 53  330
================================================================================
NOTES:
# LAST OF SEVERAL OCCURRENCES

COLUMN 17 PEAK WIND IN M.P.H.

PRELIMINARY LOCAL CLIMATOLOGICAL DATA (WS FORM: F-6) , PAGE 2

                                          STATION:  PALACIOS
                                          MONTH:    MAY
                                          YEAR:     2019
                                          LATITUDE:   28 43 N
                                          LONGITUDE:  96 15 W

[TEMPERATURE DATA]      [PRECIPITATION DATA]       SYMBOLS USED IN COLUMN 16

AVERAGE MONTHLY: 77.5   TOTAL FOR MONTH:   3.65    1 = FOG OR MIST
DPTR FM NORMAL:   1.5   DPTR FM NORMAL:    0.88    2 = FOG REDUCING VISIBILITY
HIGHEST:    88 ON 19, 9 GRTST 24HR  1.89 ON  9- 9      TO 1/4 MILE OR LESS
LOWEST:     64 ON 12                               3 = THUNDER
                        SNOW, ICE PELLETS, HAIL    4 = ICE PELLETS
                        TOTAL MONTH:   0.0 INCH    5 = HAIL
                        GRTST 24HR     0.0         6 = FREEZING RAIN OR DRIZZLE
                        GRTST DEPTH:   0           7 = DUSTSTORM OR SANDSTORM:
                                                       VSBY 1/2 MILE OR LESS
                                                   8 = SMOKE OR HAZE
[NO. OF DAYS WITH]      [WEATHER - DAYS WITH]      9 = BLOWING SNOW
                                                   X = TORNADO
MAX 32 OR BELOW:   0    0.01 INCH OR MORE:   8
MAX 90 OR ABOVE:   0    0.10 INCH OR MORE:   5
MIN 32 OR BELOW:   0    0.50 INCH OR MORE:   3
MIN  0 OR BELOW:   0    1.00 INCH OR MORE:   1

[HDD (BASE 65) ]
TOTAL THIS MO.     0    CLEAR  (SCALE 0-3)   5
DPTR FM NORMAL     0    PTCLDY (SCALE 4-7)   6
TOTAL FM JUL 1   987    CLOUDY (SCALE 8-10) 10
DPTR FM NORMAL  -208

[CDD (BASE 65) ]
TOTAL THIS MO.   267
DPTR FM NORMAL    36    [PRESSURE DATA]
TOTAL FM JAN 1   634    HIGHEST SLP M ON M
DPTR FM NORMAL   135    LOWEST  SLP 29.61 ON 21

[REMARKS]
