000
CXUS55 KPUB 261059
CF6PUB
PRELIMINARY LOCAL CLIMATOLOGICAL DATA (WS FORM: F-6)

                                          STATION:   PUEBLO CO
                                          MONTH:     MAY
                                          YEAR:      2019
                                          LATITUDE:   38 16 N
                                          LONGITUDE: 104 31 W

  TEMPERATURE IN F:       :PCPN:    SNOW:  WIND      :SUNSHINE: SKY     :PK WND
================================================================================
1   2   3   4   5  6A  6B    7    8   9   10  11  12  13   14  15   16   17  18
                                     12Z  AVG MX 2MIN
DY MAX MIN AVG DEP HDD CDD  WTR  SNW DPTH SPD SPD DIR MIN PSBL S-S WX    SPD DR
================================================================================

 1  68  41  55  -1  10   0 0.01  0.0    0  9.7 35  20   M    M   9 18     43  20
 2  65  39  52  -4  13   0    T  0.0    0  6.7 18 100   M    M   8 18     25 120
 3  73  39  56   0   9   0 0.00  0.0    0  8.5 18 120   M    M   2 1      26 130
 4  79  40  60   3   5   0 0.00  0.0    0  8.2 24 280   M    M   0 1      31 260
 5  81  37  59   2   6   0    T  0.0    0  6.4 29 330   M    M   1        39 320
 6  80  43  62   5   3   0 0.02  0.0    0 10.0 26 140   M    M   1 1      36 140
 7  57  49  53  -5  12   0 0.05  0.0    0  8.1 17 110   M    M   8 1      22 120
 8  63  39  51  -7  14   0 0.04  0.0    0 14.0 32  50   M    M   9 1      43  60
 9  44  36  40 -18  25   0 0.10  0.0    0  9.6 17 110   M    M  10 8      22 110
10  51  38  45 -14  20   0    T  0.0    0  3.3  9 110   M    M   9        16 130
11  71  35  53  -6  12   0    T  0.0    0  6.4 24  80   M    M   4 1      32  80
12  77  33  55  -4  10   0 0.00  0.0    0  4.6 15 230   M    M   0        21 230
13  85  38  62   2   3   0 0.00  0.0    0  9.1 30 350   M    M   1        41 350
14  88  41  65   5   0   0 0.00  0.0    0  8.0 28 260   M    M   0        36 280
15  90  49  70  10   0   5 0.00  0.0    0  7.9 20 200   M    M   0        27 210
16  86  48  67   7   0   2 0.00  0.0    0  6.6 22 200   M    M   0        29 200
17  83  47  65   4   0   0 0.00  0.0    0 14.3 41 260   M    M   1        55 230
18  68  37  53  -8  12   0    T  0.0    0  9.6 36  20   M    M   1        48  50
19  73  32  53  -8  12   0 0.00  0.0    0  8.5 22 100   M    M   1        28 100
20  61  40  51 -11  14   0 1.35    T    0 16.6 36  10   M    M   8 135    45  10
21  52  35  44 -18  21   0 0.52    T    0 15.9 29 360   M    M   8 1      36  30
22  68  34  51 -11  14   0    T  0.0    0  9.1 24  20   M    M   4        35  50
23  51  38  45 -18  20   0 0.01  0.0    0  7.0 16 100   M    M   9        20 100
24  80  36  58  -5   7   0 0.00  0.0    0  6.6 21 230   M    M   1 12     27 230
25  80  42  61  -2   4   0 0.00  0.0    0  7.2 16 120   M    M   0        23 160
================================================================================
SM 1774  986       246   7  2.10    T    221.9          M       95
================================================================================
AV 71.0 39.4                               8.9 FASTST   M    M   4    MAX(MPH)
                                 MISC ---->  # 41 260               # 55  230
================================================================================
NOTES:
# LAST OF SEVERAL OCCURRENCES

COLUMN 17 PEAK WIND IN M.P.H.

PRELIMINARY LOCAL CLIMATOLOGICAL DATA (WS FORM: F-6) , PAGE 2

                                          STATION:  PUEBLO CO
                                          MONTH:    MAY
                                          YEAR:     2019
                                          LATITUDE:   38 16 N
                                          LONGITUDE: 104 31 W

[TEMPERATURE DATA]      [PRECIPITATION DATA]       SYMBOLS USED IN COLUMN 16

AVERAGE MONTHLY: 55.2   TOTAL FOR MONTH:   2.10    1 = FOG OR MIST
DPTR FM NORMAL:  -4.3   DPTR FM NORMAL:    0.88    2 = FOG REDUCING VISIBILITY
HIGHEST:    90 ON 15    GRTST 24HR  1.35 ON 20-20      TO 1/4 MILE OR LESS
LOWEST:     32 ON 19                               3 = THUNDER
                        SNOW, ICE PELLETS, HAIL    4 = ICE PELLETS
                        TOTAL MONTH:    T          5 = HAIL
                        GRTST 24HR    T  ON 21-21  6 = FREEZING RAIN OR DRIZZLE
                        GRTST DEPTH:   0           7 = DUSTSTORM OR SANDSTORM:
                                                       VSBY 1/2 MILE OR LESS
                                                   8 = SMOKE OR HAZE
[NO. OF DAYS WITH]      [WEATHER - DAYS WITH]      9 = BLOWING SNOW
                                                   X = TORNADO
MAX 32 OR BELOW:   0    0.01 INCH OR MORE:   8
MAX 90 OR ABOVE:   1    0.10 INCH OR MORE:   3
MIN 32 OR BELOW:   1    0.50 INCH OR MORE:   2
MIN  0 OR BELOW:   0    1.00 INCH OR MORE:   1

[HDD (BASE 65) ]
TOTAL THIS MO.   246    CLEAR  (SCALE 0-3)  14
DPTR FM NORMAL    90    PTCLDY (SCALE 4-7)   6
TOTAL FM JUL 1  5375    CLOUDY (SCALE 8-10)  5
DPTR FM NORMAL  -221

[CDD (BASE 65) ]
TOTAL THIS MO.     7
DPTR FM NORMAL   -11    [PRESSURE DATA]
TOTAL FM JAN 1     7    HIGHEST SLP M ON M
DPTR FM NORMAL   -13    LOWEST  SLP 29.39 ON 21

[REMARKS]
