000
CXUS56 KOTX 250900
CF6PUW
PRELIMINARY LOCAL CLIMATOLOGICAL DATA (WS FORM: F-6)

                                          STATION:   PULLMAN-MOSCOW  AIRPORT
                                          MONTH:     JUNE
                                          YEAR:      2019
                                          LATITUDE:   46 44 N
                                          LONGITUDE: 117  7 W

  TEMPERATURE IN F:       :PCPN:    SNOW:  WIND      :SUNSHINE: SKY     :PK WND
================================================================================
1   2   3   4   5  6A  6B    7    8   9   10  11  12  13   14  15   16   17  18
                                     12Z  AVG MX 2MIN
DY MAX MIN AVG DEP HDD CDD  WTR  SNW DPTH SPD SPD DIR MIN PSBL S-S WX    SPD DR
================================================================================

 1  82  57  70  14   0   5 0.00    M    M  4.2 17 250   M    M   2        25 250
 2  82  57  70  14   0   5 0.00    M    M  4.3 13 250   M    M   0        15 250
 3  75  50  63   7   2   0 0.00    M    M  9.1 21 280   M    M   0        27 240
 4  73  47  60   4   5   0 0.00    M    M  6.2 15 250   M    M   0        21 250
 5  76  49  63   6   2   0 0.33    M    M  5.1 17 300   M    M   4 13     28 310
 6  55  46  51  -6  14   0 0.03    M    M  8.1 16 240   M    M   7        22 240
 7  60  42  51  -6  14   0 0.12    M    M 10.7 25 250   M    M   5 13     33 260
 8  62  40  51  -6  14   0    T    M    M  8.8 20 240   M    M   3        25 240
 9  72  44  58   1   7   0 0.00    M    M  6.1 13 200   M    M   0        17 120
10  77  52  65   8   0   0 0.00    M    M  4.1 15 240   M    M   2        19 250
11  79  51  65   7   0   0 0.00    M    M  2.6 10  10   M    M   1        15 350
12  85  52  69  11   0   4 0.00    M    M  2.7 12 260   M    M   0        14 270
13  87  58  73  15   0   8 0.00    M    M  8.0 20 230   M    M   0        25 260
14  77  52  65   7   0   0 0.00    M    M  8.6 21 240   M    M   0        26 250
15  80  47  64   6   1   0 0.00    M    M  2.8 10  10   M    M   0        14 280
16  83  50  67   9   0   2 0.00    M    M  2.4  9 340   M    M   0        13 300
17  82  55  69  10   0   4 0.00    M    M  4.8 14 280   M    M   0        18 280
18  78  59  69  10   0   4 0.00    M    M 11.9 22 250   M    M   0        29 250
19  69  50  60   1   5   0 0.00    M    M 16.0 26 240   M    M   0        34 240
20  61  44  53  -6  12   0 0.15    M    M 13.2 29 250   M    M   8 1      37 250
21  60  47  54  -6  11   0    T    M    M  5.7 17 250   M    M   7        23 250
22  73  47  60   0   5   0 0.00    M    M  5.2 12 230   M    M   5        15 200
23  69  52  61   1   4   0 0.00    M    M 13.5 22 250   M    M   5        29 230
24  69  47  58  -2   7   0 0.00    M    M  7.4 18 260   M    M   1        24 260
================================================================================
SM 1766 1195       103  32  0.63    M    171.5          M       50
================================================================================
AV 73.6 49.8                               7.1 FASTST   M    M   2    MAX(MPH)
                                 MISC ---->  # 29 250               # 37  250
================================================================================
NOTES:
# LAST OF SEVERAL OCCURRENCES

COLUMN 17 PEAK WIND IN M.P.H.

PRELIMINARY LOCAL CLIMATOLOGICAL DATA (WS FORM: F-6) , PAGE 2

                                          STATION:  PULLMAN-MOSCOW  AIRPORT
                                          MONTH:    JUNE
                                          YEAR:     2019
                                          LATITUDE:   46 44 N
                                          LONGITUDE: 117  7 W

[TEMPERATURE DATA]      [PRECIPITATION DATA]       SYMBOLS USED IN COLUMN 16

AVERAGE MONTHLY: 61.7   TOTAL FOR MONTH:   0.63    1 = FOG OR MIST
DPTR FM NORMAL:   3.8   DPTR FM NORMAL:   -0.26    2 = FOG REDUCING VISIBILITY
HIGHEST:    87 ON 13    GRTST 24HR  0.33 ON  5- 5      TO 1/4 MILE OR LESS
LOWEST:     40 ON  8                               3 = THUNDER
                        SNOW, ICE PELLETS, HAIL    4 = ICE PELLETS
                        TOTAL MONTH:    M          5 = HAIL
                        GRTST 24HR    M  ON   M    6 = FREEZING RAIN OR DRIZZLE
                        GRTST DEPTH:  M  ON   M    7 = DUSTSTORM OR SANDSTORM:
                                                       VSBY 1/2 MILE OR LESS
                                                   8 = SMOKE OR HAZE
[NO. OF DAYS WITH]      [WEATHER - DAYS WITH]      9 = BLOWING SNOW
                                                   X = TORNADO
MAX 32 OR BELOW:   0    0.01 INCH OR MORE:   4
MAX 90 OR ABOVE:   0    0.10 INCH OR MORE:   3
MIN 32 OR BELOW:   0    0.50 INCH OR MORE:   0
MIN  0 OR BELOW:   0    1.00 INCH OR MORE:   0

[HDD (BASE 65) ]
TOTAL THIS MO.   103    CLEAR  (SCALE 0-3)  17
DPTR FM NORMAL   -74    PTCLDY (SCALE 4-7)   7
TOTAL FM JUL 1  6492    CLOUDY (SCALE 8-10)  0
DPTR FM NORMAL   -85

[CDD (BASE 65) ]
TOTAL THIS MO.    32
DPTR FM NORMAL    29    [PRESSURE DATA]
TOTAL FM JAN 1    35    HIGHEST SLP M ON M
DPTR FM NORMAL    27    LOWEST  SLP 29.69 ON M

[REMARKS]
