000
CXUS56 KOTX 260900
CF6PUW
PRELIMINARY LOCAL CLIMATOLOGICAL DATA (WS FORM: F-6)

                                          STATION:   PULLMAN-MOSCOW  AIRPORT
                                          MONTH:     MARCH
                                          YEAR:      2019
                                          LATITUDE:   46 44 N
                                          LONGITUDE: 117  7 W

  TEMPERATURE IN F:       :PCPN:    SNOW:  WIND      :SUNSHINE: SKY     :PK WND
================================================================================
1   2   3   4   5  6A  6B    7    8   9   10  11  12  13   14  15   16   17  18
                                     12Z  AVG MX 2MIN
DY MAX MIN AVG DEP HDD CDD  WTR  SNW DPTH SPD SPD DIR MIN PSBL S-S WX    SPD DR
================================================================================

 1  30  12  21 -17  44   0 0.00    M    M  5.7 12 300   M    M  10 12     14 110
 2  31   7  19 -19  46   0 0.00    M    M  6.1 20  10   M    M   8 12     21  10
 3  22  -5   9 -29  56   0 0.00    M    M  3.3 13 100   M    M   3        15 110
 4  22  -9   7 -31  58   0 0.00    M    M  3.1 12 350   M    M   7 128    13 350
 5  39   0  20 -18  45   0    T    M    M  8.8 23 100   M    M   6 18     28  90
 6  42  18  30  -9  35   0 0.12    M    M  9.0 17 290   M    M  10 126    21 100
 7  35  18  27 -12  38   0 0.08    M    M  7.1 37 230   M    M   5 18     45 240
 8  30  19  25 -14  40   0    T    M    M  5.3 14 280   M    M   9 1      17 250
 9  32   7  20 -19  45   0 0.00    M    M  5.1 13 100   M    M   1        16 110
10  30   0  15 -25  50   0 0.00    M    M  2.6 12 300   M    M   2 128    12 290
11  40  14  27 -13  38   0 0.00    M    M  7.4 16 140   M    M   0        20 140
12  38  30  34  -6  31   0 0.15    M    M 11.9 21 250   M    M  10 1      26 250
13  33  17  25 -15  40   0 0.01    M    M  9.2 18 250   M    M   2 1      24 260
14  38  19  29 -11  36   0 0.00    M    M  8.5 16 110   M    M   2        18 110
15  42  27  35  -6  30   0 0.00    M    M  6.3 14  90   M    M   5        16  90
16  45  26  36  -5  29   0 0.00    M    M  6.5 17 100   M    M   0        21  90
17  43  24  34  -7  31   0 0.00    M    M  1.5  8 340   M    M   0         9 350
18  48  25  37  -4  28   0 0.00    M    M  1.5 10 100   M    M   0        13 100
19  55  31  43   2  22   0 0.00    M    M  6.1 18 100   M    M   0        21 100
20  60  32  46   4  19   0 0.00    M    M  7.1 20  90   M    M   0        21  90
21  52  34  43   1  22   0 0.00    M    M  3.7 10 100   0    0   0         M  M
22  56  31  44   2  21   0 0.00    M    M  2.1  9 200   M    M   1        13 160
23  54  38  46   4  19   0    T    M    M  3.6 14 220   M    M   4        16 190
24  46  35  41  -1  24   0 0.02    M    M  6.3 15 100   M    M   8 12     19  90
25  56  36  46   4  19   0 0.01    M    M 14.0 24 100   M    M   2        28 100
================================================================================
SM 1019  486       866   0  0.39    M    151.8            0     95
================================================================================
AV 40.8 19.4                               6.1 FASTST    0   0   4    MAX(MPH)
                                 MISC ---->  # 37 230               # 45  240
================================================================================
NOTES:
# LAST OF SEVERAL OCCURRENCES

COLUMN 17 PEAK WIND IN M.P.H.

PRELIMINARY LOCAL CLIMATOLOGICAL DATA (WS FORM: F-6) , PAGE 2

                                          STATION:  PULLMAN-MOSCOW  AIRPORT
                                          MONTH:    MARCH
                                          YEAR:     2019
                                          LATITUDE:   46 44 N
                                          LONGITUDE: 117  7 W

[TEMPERATURE DATA]      [PRECIPITATION DATA]       SYMBOLS USED IN COLUMN 16

AVERAGE MONTHLY: 30.1   TOTAL FOR MONTH:   0.39    1 = FOG OR MIST
DPTR FM NORMAL: -10.0   DPTR FM NORMAL:   -1.27    2 = FOG REDUCING VISIBILITY
HIGHEST:    60 ON 20    GRTST 24HR  0.15 ON 12-12      TO 1/4 MILE OR LESS
LOWEST:     -9 ON  4                               3 = THUNDER
                        SNOW, ICE PELLETS, HAIL    4 = ICE PELLETS
                        TOTAL MONTH:    M          5 = HAIL
                        GRTST 24HR    M  ON   M    6 = FREEZING RAIN OR DRIZZLE
                        GRTST DEPTH:  M  ON   M    7 = DUSTSTORM OR SANDSTORM:
                                                       VSBY 1/2 MILE OR LESS
                                                   8 = SMOKE OR HAZE
[NO. OF DAYS WITH]      [WEATHER - DAYS WITH]      9 = BLOWING SNOW
                                                   X = TORNADO
MAX 32 OR BELOW:   7    0.01 INCH OR MORE:   6
MAX 90 OR ABOVE:   0    0.10 INCH OR MORE:   2
MIN 32 OR BELOW:  21    0.50 INCH OR MORE:   0
MIN  0 OR BELOW:   4    1.00 INCH OR MORE:   0

[HDD (BASE 65) ]
TOTAL THIS MO.   866    CLEAR  (SCALE 0-3)  14
DPTR FM NORMAL   243    PTCLDY (SCALE 4-7)   7
TOTAL FM JUL 1  5510    CLOUDY (SCALE 8-10)  4
DPTR FM NORMAL   184

[CDD (BASE 65) ]
TOTAL THIS MO.     0
DPTR FM NORMAL     0    [PRESSURE DATA]
TOTAL FM JAN 1     0    HIGHEST SLP  0.00 ON 21
DPTR FM NORMAL     0    LOWEST  SLP  0.00 ON 21

[REMARKS]
