000
CXUS51 KBOX 231200
CF6PVD
PRELIMINARY LOCAL CLIMATOLOGICAL DATA (WS FORM: F-6)

                                          STATION:   PROVIDENCE RI
                                          MONTH:     MARCH
                                          YEAR:      2019
                                          LATITUDE:   41 43 N
                                          LONGITUDE:  71 26 W

  TEMPERATURE IN F:       :PCPN:    SNOW:  WIND      :SUNSHINE: SKY     :PK WND
================================================================================
1   2   3   4   5  6A  6B    7    8   9   10  11  12  13   14  15   16   17  18
                                     12Z  AVG MX 2MIN
DY MAX MIN AVG DEP HDD CDD  WTR  SNW DPTH SPD SPD DIR MIN PSBL S-S WX    SPD DR
================================================================================

 1  36  19  28  -7  37   0 0.00  0.0    1  3.5 13 180   M    M   7        14 180
 2  34  30  32  -3  33   0 0.33  3.7    2 10.4 21 360   M    M  10 1      26 360
 3  43  26  35   0  30   0 0.20  1.8    2  5.2 16 160   M    M   7 1      19 150
 4  39  23  31  -4  34   0 1.00  5.2    7 13.5 21 290   M    M   7 12     29 290
 5  31  16  24 -12  41   0 0.00  0.0    4  8.0 15 220   M    M   1        21 300
 6  25  15  20 -16  45   0 0.00  0.0    4 11.8 24 280   M    M   5        32 270
 7  27   9  18 -18  47   0 0.00  0.0    4  8.7 21 270   M    M   3        26 280
 8  36  10  23 -13  42   0 0.00  0.0    4  6.6 17 220   M    M   4        23 210
 9  45  18  32  -5  33   0 0.00  0.0    3  4.4 14 120   M    M   1 1      17 120
10  42  27  35  -2  30   0 0.64  0.9    2  6.9 18 120   M    M   8 124    23 120
11  50  34  42   5  23   0 0.00  0.0    2  9.0 21 280   M    M   4        26 270
12  43  32  38   0  27   0 0.00  0.0    1 11.2 22 340   M    M   3        35 320
13  42  25  34  -4  31   0 0.00  0.0    1  6.5 15 150   M    M   5        19 160
14  49  36  43   5  22   0 0.00  0.0    0  8.2 17 160   M    M   8        22 150
15  60  42  51  13  14   0 0.09  0.0    0 12.5 25 230   M    M   8 13     35 220
16  55  33  44   5  21   0    T  0.0    0 14.5 28 290   M    M   3        36 330
17  43  29  36  -3  29   0 0.00  0.0    0  9.8 22 310   M    M   2        31 320
18  44  23  34  -5  31   0 0.00  0.0    0  8.0 17 320   M    M   1        23 310
19  47  26  37  -3  28   0 0.00  0.0    0  7.6 21 280   M    M   2        26 300
20  49  25  37  -3  28   0 0.00  0.0    0  9.1 21 180   M    M   4        28 180
21  49  29  39  -1  26   0 0.12  0.0    0  8.2 18 140   M    M   7 1      23 120
22  45  35  40  -1  25   0 0.85    T    0 17.4 26 260   M    M  10 14     35 290
================================================================================
SM  934  562       677   0  3.23    11.6 201.0          M      110
================================================================================
AV 42.5 25.6                               9.1 FASTST   M    M   5    MAX(MPH)
                                 MISC ---->  # 28 290               # 36  330
================================================================================
NOTES:
# LAST OF SEVERAL OCCURRENCES

COLUMN 17 PEAK WIND IN M.P.H.

PRELIMINARY LOCAL CLIMATOLOGICAL DATA (WS FORM: F-6) , PAGE 2

                                          STATION:  PROVIDENCE RI
                                          MONTH:    MARCH
                                          YEAR:     2019
                                          LATITUDE:   41 43 N
                                          LONGITUDE:  71 26 W

[TEMPERATURE DATA]      [PRECIPITATION DATA]       SYMBOLS USED IN COLUMN 16

AVERAGE MONTHLY: 34.0   TOTAL FOR MONTH:   3.23    1 = FOG OR MIST
DPTR FM NORMAL:  -3.5   DPTR FM NORMAL:   -0.23    2 = FOG REDUCING VISIBILITY
HIGHEST:    60 ON 15    GRTST 24HR  1.00 ON  4- 4      TO 1/4 MILE OR LESS
LOWEST:      9 ON  7                               3 = THUNDER
                        SNOW, ICE PELLETS, HAIL    4 = ICE PELLETS
                        TOTAL MONTH:  11.6 INCHES  5 = HAIL
                        GRTST 24HR   5.2 ON  4- 4  6 = FREEZING RAIN OR DRIZZLE
                        GRTST DEPTH:   7 ON  4     7 = DUSTSTORM OR SANDSTORM:
                                                       VSBY 1/2 MILE OR LESS
                                                   8 = SMOKE OR HAZE
[NO. OF DAYS WITH]      [WEATHER - DAYS WITH]      9 = BLOWING SNOW
                                                   X = TORNADO
MAX 32 OR BELOW:   3    0.01 INCH OR MORE:   7
MAX 90 OR ABOVE:   0    0.10 INCH OR MORE:   6
MIN 32 OR BELOW:  17    0.50 INCH OR MORE:   3
MIN  0 OR BELOW:   0    1.00 INCH OR MORE:   1

[HDD (BASE 65) ]
TOTAL THIS MO.   677    CLEAR  (SCALE 0-3)   7
DPTR FM NORMAL    72    PTCLDY (SCALE 4-7)  13
TOTAL FM JUL 1  4724    CLOUDY (SCALE 8-10)  2
DPTR FM NORMAL    57

[CDD (BASE 65) ]
TOTAL THIS MO.     0
DPTR FM NORMAL     0    [PRESSURE DATA]
TOTAL FM JAN 1     0    HIGHEST SLP M ON M
DPTR FM NORMAL     0    LOWEST  SLP 29.05 ON 22

[REMARKS]
