000
CXUS54 KOUN 210700
CF6PWA
PRELIMINARY LOCAL CLIMATOLOGICAL DATA (WS FORM: F-6)

                                          STATION:   BETHANY/WILEY POST
                                          MONTH:     MARCH
                                          YEAR:      2019
                                          LATITUDE:   35 31 N
                                          LONGITUDE:  97 38 W

  TEMPERATURE IN F:       :PCPN:    SNOW:  WIND      :SUNSHINE: SKY     :PK WND
================================================================================
1   2   3   4   5  6A  6B    7    8   9   10  11  12  13   14  15   16   17  18
                                     12Z  AVG MX 2MIN
DY MAX MIN AVG DEP HDD CDD  WTR  SNW DPTH SPD SPD DIR MIN PSBL S-S WX    SPD DR
================================================================================

 1  41  26  34 -12  31   0 0.00  0.0    0  4.5 10  70   M    M   8 1      13 150
 2  36  28  32 -14  33   0 0.00  0.0    0 10.4 17  50   M    M   8 1      21  50
 3  33  13  23 -23  42   0 0.02    T    M 20.2 28 360   M    M   9 1      35  10
 4  25  10  18 -29  47   0    T    T    M 12.0 21 360   M    M   8        26  10
 5  44  13  29 -18  36   0 0.00  0.0    0  8.4 17 350   M    M   0        23 360
 6  55  20  38 -10  27   0 0.00  0.0    0 14.1 26 170   M    M   0        34 160
 7  61  41  51   3  14   0 0.00  0.0    0 13.0 25 180   M    M   0        33 180
 8  52  43  48   0  17   0 0.00  0.0    0  7.8 15 350   M    M   8 128    17 350
 9  72  45  59  11   6   0 0.17    M    0 17.5 35 290   M    M   2 13     43 300
10  46  37  42  -7  23   0 0.13  0.0    0 11.0 21  40   M    M   4 1      25  20
11  60  39  50   1  15   0    T  0.0    0  5.6 12  80   M    M  10 1      14  80
12  59  53  56   7   9   0 0.04  0.0    0 13.6 23 160   M    M  10 13     29 170
13  69  49  59   9   6   0 1.26  0.0    0 26.1 41 200   M    M   3 138    55 200
14  54  40  47  -3  18   0 0.00  0.0    0 17.9 28 310   M    M   5        40 300
15  55  34  45  -5  20   0 0.00  0.0    0 12.0 23  10   M    M   0        30  10
16  60  27  44  -7  21   0 0.00  0.0    0  4.4 12 200   M    M   0        17 200
17  68  32  50  -1  15   0 0.00  0.0    0  7.7 16 210   M    M   0        20 220
18  70  36  53   2  12   0 0.00  0.0    0  4.0 10 190   M    M   0        13 180
19  71  41  56   4   9   0    T  0.0    0 12.7 26 210   M    M   3        32 200
20  63  43  53   1  12   0 0.07  0.0    0  8.9 21 320   M    M   4        27 320
================================================================================
SM 1094  670       413   0  1.69    T    231.8          M       82
================================================================================
AV 54.7 33.5                              11.6 FASTST   M    M   4    MAX(MPH)
                                 MISC ---->  # 41 200               # 55  200
================================================================================
NOTES:
# LAST OF SEVERAL OCCURRENCES

COLUMN 17 PEAK WIND IN M.P.H.

PRELIMINARY LOCAL CLIMATOLOGICAL DATA (WS FORM: F-6) , PAGE 2

                                          STATION:  BETHANY/WILEY POST
                                          MONTH:    MARCH
                                          YEAR:     2019
                                          LATITUDE:   35 31 N
                                          LONGITUDE:  97 38 W

[TEMPERATURE DATA]      [PRECIPITATION DATA]       SYMBOLS USED IN COLUMN 16

AVERAGE MONTHLY: 44.1   TOTAL FOR MONTH:   1.69    1 = FOG OR MIST
DPTR FM NORMAL:  -4.8   DPTR FM NORMAL:    0.11    2 = FOG REDUCING VISIBILITY
HIGHEST:    72 ON  9    GRTST 24HR  1.26 ON 13-13      TO 1/4 MILE OR LESS
LOWEST:     10 ON  4                               3 = THUNDER
                        SNOW, ICE PELLETS, HAIL    4 = ICE PELLETS
                        TOTAL MONTH:    T          5 = HAIL
                        GRTST 24HR    T  ON  4- 4  6 = FREEZING RAIN OR DRIZZLE
                        GRTST DEPTH:   0           7 = DUSTSTORM OR SANDSTORM:
                                                       VSBY 1/2 MILE OR LESS
                                                   8 = SMOKE OR HAZE
[NO. OF DAYS WITH]      [WEATHER - DAYS WITH]      9 = BLOWING SNOW
                                                   X = TORNADO
MAX 32 OR BELOW:   1    0.01 INCH OR MORE:   6
MAX 90 OR ABOVE:   0    0.10 INCH OR MORE:   3
MIN 32 OR BELOW:   8    0.50 INCH OR MORE:   1
MIN  0 OR BELOW:   0    1.00 INCH OR MORE:   1

[HDD (BASE 65) ]
TOTAL THIS MO.   413    CLEAR  (SCALE 0-3)   9
DPTR FM NORMAL    87    PTCLDY (SCALE 4-7)   8
TOTAL FM JUL 1  3426    CLOUDY (SCALE 8-10)  3
DPTR FM NORMAL   168

[CDD (BASE 65) ]
TOTAL THIS MO.     0
DPTR FM NORMAL     0    [PRESSURE DATA]
TOTAL FM JAN 1     0    HIGHEST SLP M ON M
DPTR FM NORMAL    -1    LOWEST  SLP 29.25 ON 13

[REMARKS]
