000
CXUS51 KGYX 220900
CF6PWM
PRELIMINARY LOCAL CLIMATOLOGICAL DATA (WS FORM: F-6)

                                          STATION:   PORTLAND ME
                                          MONTH:     MAY
                                          YEAR:      2019
                                          LATITUDE:   43 39 N
                                          LONGITUDE:  70 19 W

  TEMPERATURE IN F:       :PCPN:    SNOW:  WIND      :SUNSHINE: SKY     :PK WND
================================================================================
1   2   3   4   5  6A  6B    7    8   9   10  11  12  13   14  15   16   17  18
                                     12Z  AVG MX 2MIN
DY MAX MIN AVG DEP HDD CDD  WTR  SNW DPTH SPD SPD DIR MIN PSBL S-S WX    SPD DR
================================================================================

 1  55  37  46  -3  19   0 0.17  0.0    0  4.9 16 180   M    M   8 13     21 190
 2  45  42  44  -6  21   0 0.38  0.0    0  6.9 15  70   M    M  10 138    20  50
 3  48  43  46  -4  19   0 0.17  0.0    0  5.1 14 180   M    M  10 1      18 200
 4  61  44  53   3  12   0    T  0.0    0  3.6 12 160   M    M   8 1      15 150
 5  61  48  55   5  10   0    T  0.0    0  3.5 12 160   M    M   8        14 150
 6  60  45  53   2  12   0 0.00  0.0    0  6.7 15  90   M    M   2        18  90
 7  66  44  55   4  10   0 0.05  0.0    0  5.3 13 190   M    M   7 1      18 280
 8  64  44  54   3  11   0 0.00  0.0    0  9.9 23 360   M    M   2        29 320
 9  56  38  47  -5  18   0 0.00  0.0    0  7.1 17 150   M    M   4        22 140
10  51  45  48  -4  17   0 0.30  0.0    0  5.7 16 160   M    M  10 1      22 170
11  63  47  55   3  10   0 0.00  0.0    0  8.9 22 350   M    M   6 1      27 360
12  54  42  48  -5  17   0 0.00  0.0    0  5.2 13 180   M    M   8        17 190
13  54  42  48  -5  17   0 0.16  0.0    0 10.4 22 100   M    M   8 1      28 110
14  45  39  42 -11  23   0 0.61  0.0    0 10.0 22  50   M    M  10 18     33 100
15  56  40  48  -6  17   0 0.01  0.0    0  6.4 18 310   M    M   9        28 290
16  60  43  52  -2  13   0 0.00  0.0    0  5.0 13  80   M    M   7        18 100
17  57  44  51  -3  14   0 0.21  0.0    0  4.0 15 310   M    M   9 12     18 310
18  68  44  56   2   9   0 0.00  0.0    0  9.9 24 350   M    M   4 12     35 350
19  62  49  56   1   9   0 0.05  0.0    0  6.9 20 190   M    M   8 1      27 200
20  75  50  63   8   2   0 0.14  0.0    0  4.7 16 200   M    M   7 12     24 190
21  65  52  59   4   6   0 0.00  0.0    0 15.7 32 290   M    M   5        41 290
================================================================================
SM 1226  922       286   0  2.25     0.0 145.8          M      150
================================================================================
AV 58.4 43.9                               6.9 FASTST   M    M   7    MAX(MPH)
                                 MISC ---->  # 32 290               # 41  290
================================================================================
NOTES:
# LAST OF SEVERAL OCCURRENCES

COLUMN 17 PEAK WIND IN M.P.H.

PRELIMINARY LOCAL CLIMATOLOGICAL DATA (WS FORM: F-6) , PAGE 2

                                          STATION:  PORTLAND ME
                                          MONTH:    MAY
                                          YEAR:     2019
                                          LATITUDE:   43 39 N
                                          LONGITUDE:  70 19 W

[TEMPERATURE DATA]      [PRECIPITATION DATA]       SYMBOLS USED IN COLUMN 16

AVERAGE MONTHLY: 51.1   TOTAL FOR MONTH:   2.25    1 = FOG OR MIST
DPTR FM NORMAL:  -1.1   DPTR FM NORMAL:   -0.46    2 = FOG REDUCING VISIBILITY
HIGHEST:    75 ON 20    GRTST 24HR  0.61 ON 14-14      TO 1/4 MILE OR LESS
LOWEST:     37 ON  1                               3 = THUNDER
                        SNOW, ICE PELLETS, HAIL    4 = ICE PELLETS
                        TOTAL MONTH:   0.0 INCH    5 = HAIL
                        GRTST 24HR     0.0         6 = FREEZING RAIN OR DRIZZLE
                        GRTST DEPTH:   0           7 = DUSTSTORM OR SANDSTORM:
                                                       VSBY 1/2 MILE OR LESS
                                                   8 = SMOKE OR HAZE
[NO. OF DAYS WITH]      [WEATHER - DAYS WITH]      9 = BLOWING SNOW
                                                   X = TORNADO
MAX 32 OR BELOW:   0    0.01 INCH OR MORE:  11
MAX 90 OR ABOVE:   0    0.10 INCH OR MORE:   8
MIN 32 OR BELOW:   0    0.50 INCH OR MORE:   1
MIN  0 OR BELOW:   0    1.00 INCH OR MORE:   0

[HDD (BASE 65) ]
TOTAL THIS MO.   286    CLEAR  (SCALE 0-3)   2
DPTR FM NORMAL    17    PTCLDY (SCALE 4-7)  10
TOTAL FM JUL 1  6896    CLOUDY (SCALE 8-10)  9
DPTR FM NORMAL   -21

[CDD (BASE 65) ]
TOTAL THIS MO.     0
DPTR FM NORMAL     0    [PRESSURE DATA]
TOTAL FM JAN 1     0    HIGHEST SLP M ON M
DPTR FM NORMAL     0    LOWEST  SLP 29.61 ON 20

[REMARKS]
