000
CXUS53 KUNR 230945
CF6RAP
PRELIMINARY LOCAL CLIMATOLOGICAL DATA (WS FORM: F-6)

                                          STATION:   RAPID CITY AIRPORT SD
                                          MONTH:     MAY
                                          YEAR:      2019
                                          LATITUDE:   44  2 N
                                          LONGITUDE: 103  4 W

  TEMPERATURE IN F:       :PCPN:    SNOW:  WIND      :SUNSHINE: SKY     :PK WND
================================================================================
1   2   3   4   5  6A  6B    7    8   9   10  11  12  13   14  15   16   17  18
                                     12Z  AVG MX 2MIN
DY MAX MIN AVG DEP HDD CDD  WTR  SNW DPTH SPD SPD DIR MIN PSBL S-S WX    SPD DR
================================================================================

 1  41  26  34 -16  31   0 0.28    M    M  6.7 13  10   M    M   8 1      16  70
 2  62  21  42  -9  23   0 0.00    M    M  7.7 23 230   M    M   1        31 220
 3  59  37  48  -3  17   0 0.01    M    M  9.6 24 340   M    M   4 8      31 330
 4  71  31  51   0  14   0 0.00    M    M  7.9 23 320   M    M   2        31 330
 5  53  34  44  -8  21   0 0.05    M    M 10.0 21  60   M    M   7 1      25  60
 6  39  34  37 -15  28   0 0.11    M    M  8.6 15 120   M    M  10 1      18 120
 7  40  32  36 -16  29   0 0.32    M    M 10.7 18 130   M    M  10 12     24 140
 8  41  35  38 -15  27   0 0.30    M    M 16.1 28 350   M    M   9 1      34 350
 9  51  29  40 -13  25   0    T    M    M  8.1 18  20   M    M   6        24  20
10  63  27  45  -8  20   0    T    M    M  9.1 23 200   M    M   2        33 330
11  57  34  46  -8  19   0 0.07    M    M 18.6 39 330   M    M   5        53 330
12  65  31  48  -6  17   0 0.00    M    M  7.0 15 360   M    M   0        21 180
13  78  40  59   5   6   0 0.01    M    M  5.3 14 170   M    M   1 38     21 150
14  77  46  62   8   3   0 0.01    M    M  8.8 18  60   M    M   1 3      25  80
15  85  45  65  10   0   0 0.08    M    M 11.2 25 340   M    M   0 3      32 300
16  67  49  58   3   7   0    T    M    M 11.8 26  70   M    M   4        33  60
17  49  39  44 -11  21   0 0.24    M    M 11.5 39 100   M    M   9 138    54 110
18  44  33  39 -17  26   0 0.37    M    M 21.9 31 330   M    M  10 1      40 340
19  43  33  38 -18  27   0 0.08    M    M 12.5 22 340   M    M   9 1      32 330
20  39  32  36 -20  29   0 0.61    M    M  8.3 17 120   M    M  10 1      21 140
21  40  32  36 -20  29   0 2.34    M    M 15.3 26  20   M    M  10 1      36  40
22  49  32  41 -16  24   0 0.47    M    M 17.8 28 330   M    M  10 1      36 330
================================================================================
SM 1213  752       443   0  5.35    M    244.5          M      128
================================================================================
AV 55.1 34.2                              11.1 FASTST   M    M   6    MAX(MPH)
                                 MISC ---->  # 39 330               # 54  110
================================================================================
NOTES:
# LAST OF SEVERAL OCCURRENCES

COLUMN 17 PEAK WIND IN M.P.H.

PRELIMINARY LOCAL CLIMATOLOGICAL DATA (WS FORM: F-6) , PAGE 2

                                          STATION:  RAPID CITY AIRPORT SD
                                          MONTH:    MAY
                                          YEAR:     2019
                                          LATITUDE:   44  2 N
                                          LONGITUDE: 103  4 W

[TEMPERATURE DATA]      [PRECIPITATION DATA]       SYMBOLS USED IN COLUMN 16

AVERAGE MONTHLY: 44.7   TOTAL FOR MONTH:   5.35    1 = FOG OR MIST
DPTR FM NORMAL:  -9.0   DPTR FM NORMAL:    3.11    2 = FOG REDUCING VISIBILITY
HIGHEST:    85 ON 15    GRTST 24HR  2.34 ON 21-21      TO 1/4 MILE OR LESS
LOWEST:     21 ON  2                               3 = THUNDER
                        SNOW, ICE PELLETS, HAIL    4 = ICE PELLETS
                        TOTAL MONTH:    M          5 = HAIL
                        GRTST 24HR    M  ON   M    6 = FREEZING RAIN OR DRIZZLE
                        GRTST DEPTH:  M  ON   M    7 = DUSTSTORM OR SANDSTORM:
                                                       VSBY 1/2 MILE OR LESS
                                                   8 = SMOKE OR HAZE
[NO. OF DAYS WITH]      [WEATHER - DAYS WITH]      9 = BLOWING SNOW
                                                   X = TORNADO
MAX 32 OR BELOW:   0    0.01 INCH OR MORE:  16
MAX 90 OR ABOVE:   0    0.10 INCH OR MORE:   9
MIN 32 OR BELOW:  10    0.50 INCH OR MORE:   2
MIN  0 OR BELOW:   0    1.00 INCH OR MORE:   1

[HDD (BASE 65) ]
TOTAL THIS MO.   443    CLEAR  (SCALE 0-3)   7
DPTR FM NORMAL   184    PTCLDY (SCALE 4-7)   6
TOTAL FM JUL 1  7960    CLOUDY (SCALE 8-10)  9
DPTR FM NORMAL   972

[CDD (BASE 65) ]
TOTAL THIS MO.     0
DPTR FM NORMAL     0    [PRESSURE DATA]
TOTAL FM JAN 1     0    HIGHEST SLP M ON M
DPTR FM NORMAL    -2    LOWEST  SLP 29.57 ON 22

[REMARKS]
