000
CXUS53 KUNR 190945
CF6RAP
PRELIMINARY LOCAL CLIMATOLOGICAL DATA (WS FORM: F-6)

                                          STATION:   RAPID CITY AIRPORT SD
                                          MONTH:     MARCH
                                          YEAR:      2019
                                          LATITUDE:   44  2 N
                                          LONGITUDE: 103  4 W

  TEMPERATURE IN F:       :PCPN:    SNOW:  WIND      :SUNSHINE: SKY     :PK WND
================================================================================
1   2   3   4   5  6A  6B    7    8   9   10  11  12  13   14  15   16   17  18
                                     12Z  AVG MX 2MIN
DY MAX MIN AVG DEP HDD CDD  WTR  SNW DPTH SPD SPD DIR MIN PSBL S-S WX    SPD DR
================================================================================

 1  23  11  17 -14  48   0    T    M    5 13.8 26 350   M    M   9 16     33 350
 2  11 -13  -1 -32  66   0 0.10    M    M 15.5 29 350   M    M   9 189    35 360
 3   3 -15  -6 -37  71   0 0.00    M    M  7.8 21 340   M    M   2        26 330
 4  15 -16   0 -32  65   0 0.00    M    M  4.9 28 320   M    M   0        36 320
 5  27   0  14 -18  51   0 0.00    M    M  9.1 26 330   M    M   0        33 330
 6  19   3  11 -21  54   0 0.05    M    M  8.1 17 350   M    M   6 1      19 140
 7  19   7  13 -20  52   0 0.28    M    M 11.1 23 160   M    M   6 12     27 170
 8  33   7  20 -13  45   0 0.07    M    M  5.6 18 360   M    M   4 128    20 360
 9  31  10  21 -12  44   0 0.07    M    M 21.8 46 330   M    M   7 12689  56 340
10  35   6  21 -13  44   0 0.00    M    M  2.9  8  50   M    M   0        10  40
11  39   6  23 -11  42   0 0.00    M    M  8.1 22 170   M    M   0        29 170
12  49  28  39   5  26   0 0.00    M    M  7.4 10  40   M    M   0         M  M
13   M   M   M   M   M   M    M    M    M 28.7 47 330   M    M  10 12     67 340
14  33  17  25 -10  40   0    M    M    M 31.8 54 320   M    M   0 9      68 320
15  37  13  25 -10  40   0 0.00    M    M  4.9 12 300   M    M   0        13 300
16  39  23  31  -4  34   0 0.00    M    M 10.2 25  10   M    M   0        31 360
17  38  20  29  -7  36   0 0.00    M    M  8.7 25  30   M    M   0        30  20
18  45  22  34  -2  31   0 0.00    M    M  3.9 14 330   M    M   3        19 330
================================================================================
SM  496  129       789   0  0.57    M    204.3          M       56
================================================================================
AV 29.2  7.6                              11.3 FASTST   M    M   3    MAX(MPH)
                                 MISC ---->  # 54 320               # 68  320
================================================================================
NOTES:
# LAST OF SEVERAL OCCURRENCES

COLUMN 17 PEAK WIND IN M.P.H.

PRELIMINARY LOCAL CLIMATOLOGICAL DATA (WS FORM: F-6) , PAGE 2

                                          STATION:  RAPID CITY AIRPORT SD
                                          MONTH:    MARCH
                                          YEAR:     2019
                                          LATITUDE:   44  2 N
                                          LONGITUDE: 103  4 W

[TEMPERATURE DATA]      [PRECIPITATION DATA]       SYMBOLS USED IN COLUMN 16

AVERAGE MONTHLY: 18.4   TOTAL FOR MONTH:   0.57    1 = FOG OR MIST
DPTR FM NORMAL: -15.0   DPTR FM NORMAL:    0.07    2 = FOG REDUCING VISIBILITY
HIGHEST:    49 ON 12    GRTST 24HR  0.28 ON  7- 7      TO 1/4 MILE OR LESS
LOWEST:    -16 ON  4                               3 = THUNDER
                        SNOW, ICE PELLETS, HAIL    4 = ICE PELLETS
                        TOTAL MONTH:    M          5 = HAIL
                        GRTST 24HR    M  ON   M    6 = FREEZING RAIN OR DRIZZLE
                        GRTST DEPTH:   5 ON  1     7 = DUSTSTORM OR SANDSTORM:
                                                       VSBY 1/2 MILE OR LESS
                                                   8 = SMOKE OR HAZE
[NO. OF DAYS WITH]      [WEATHER - DAYS WITH]      9 = BLOWING SNOW
                                                   X = TORNADO
MAX 32 OR BELOW:   8    0.01 INCH OR MORE:   5
MAX 90 OR ABOVE:   0    0.10 INCH OR MORE:   2
MIN 32 OR BELOW:  17    0.50 INCH OR MORE:   0
MIN  0 OR BELOW:   4    1.00 INCH OR MORE:   0

[HDD (BASE 65) ]
TOTAL THIS MO.   789    CLEAR  (SCALE 0-3)  11
DPTR FM NORMAL   220    PTCLDY (SCALE 4-7)   4
TOTAL FM JUL 1  6559    CLOUDY (SCALE 8-10)  3
DPTR FM NORMAL   780

[CDD (BASE 65) ]
TOTAL THIS MO.     0
DPTR FM NORMAL     0    [PRESSURE DATA]
TOTAL FM JAN 1     0    HIGHEST SLP M ON M
DPTR FM NORMAL     0    LOWEST  SLP 29.65 ON  9

[REMARKS]
