000
CXUS54 KFWD 220730
CF6RBD
PRELIMINARY LOCAL CLIMATOLOGICAL DATA (WS FORM: F-6)

                                          STATION:   DALLAS EXECUTIVE
                                          MONTH:     MAY
                                          YEAR:      2019
                                          LATITUDE:   32 40 N
                                          LONGITUDE:  96 52 W

  TEMPERATURE IN F:       :PCPN:    SNOW:  WIND      :SUNSHINE: SKY     :PK WND
================================================================================
1   2   3   4   5  6A  6B    7    8   9   10  11  12  13   14  15   16   17  18
                                     12Z  AVG MX 2MIN
DY MAX MIN AVG DEP HDD CDD  WTR  SNW DPTH SPD SPD DIR MIN PSBL S-S WX    SPD DR
================================================================================

 1  82  62  72   3   0   7 1.24  0.0    0 11.6 22  10   M    M   9 138    30 160
 2  78  58  68  -1   0   3 0.40  0.0    0  9.5 26 170   M    M   3 1      35 170
 3  77  59  68  -2   0   3 0.13  0.0    0  8.5 18 160   M    M   4 1      26 120
 4  78  63  71   1   0   6 0.80  0.0    0  8.1 16  10   M    M   4 1      19  10
 5  81  55  68  -2   0   3 0.00  0.0    0  6.2 16 170   M    M   2        21 170
 6  82  66  74   3   0   9 0.00  0.0    0 10.4 20 180   M    M   0        26 180
 7  85  67  76   5   0  11    T  0.0    0 10.4 24 140   M    M   5 18     34 160
 8  70  61  66  -5   0   1 1.99  0.0    0  9.3 36 100   M    M   8 1      43 110
 9  76  53  65  -6   0   0 0.02  0.0    0 11.4 22  10   M    M   8 128    28 360
10  60  51  56 -16   9   0 0.18  0.0    0 10.7 20  20   M    M  10 1      25 360
11  66  55  61 -11   4   0 1.58  0.0    0  6.3 15 330   M    M  10 1      19 310
12  76  57  67  -5   0   2 0.00  0.0    0  5.2 13 320   M    M   4        17 330
13  82  60  71  -2   0   6 0.00  0.0    0  6.8 14 130   M    M   0        18 190
14  83  59  71  -2   0   6 0.00  0.0    0  6.5 16 190   M    M   1        19 180
15  84  64  74   1   0   9 0.00  0.0    0  8.1 15 180   M    M   1        20 190
16  85  67  76   3   0  11 0.00  0.0    0 10.1 16 150   M    M   0        27 140
17  86  67  77   3   0  12 0.00  0.0    0 14.0 23 180   M    M   5        31 180
18  77  64  71  -3   0   6 2.17  0.0    0 10.0 26 260   M    M   8 123    38 290
19  86  69  78   4   0  13 0.00  0.0    0  8.4 14  20   M    M   2 1      17 180
20  87  70  79   5   0  14 0.00  0.0    0 16.3 31 170   M    M   6 18     41 170
21  82  64  73  -2   0   8 0.12  0.0    0 11.6 33 170   M    M   6 1      46 160
================================================================================
SM 1663 1291        13 130  8.63     0.0 199.4          M       96
================================================================================
AV 79.2 61.5                               9.5 FASTST   M    M   5    MAX(MPH)
                                 MISC ---->  # 36 100               # 46  160
================================================================================
NOTES:
# LAST OF SEVERAL OCCURRENCES

COLUMN 17 PEAK WIND IN M.P.H.

PRELIMINARY LOCAL CLIMATOLOGICAL DATA (WS FORM: F-6) , PAGE 2

                                          STATION:  DALLAS EXECUTIVE
                                          MONTH:    MAY
                                          YEAR:     2019
                                          LATITUDE:   32 40 N
                                          LONGITUDE:  96 52 W

[TEMPERATURE DATA]      [PRECIPITATION DATA]       SYMBOLS USED IN COLUMN 16

AVERAGE MONTHLY: 70.3   TOTAL FOR MONTH:   8.63    1 = FOG OR MIST
DPTR FM NORMAL:  -1.6   DPTR FM NORMAL:    5.37    2 = FOG REDUCING VISIBILITY
HIGHEST:    87 ON 20    GRTST 24HR  2.17 ON 18-18      TO 1/4 MILE OR LESS
LOWEST:     51 ON 10                               3 = THUNDER
                        SNOW, ICE PELLETS, HAIL    4 = ICE PELLETS
                        TOTAL MONTH:   0.0 INCH    5 = HAIL
                        GRTST 24HR     0.0         6 = FREEZING RAIN OR DRIZZLE
                        GRTST DEPTH:   0           7 = DUSTSTORM OR SANDSTORM:
                                                       VSBY 1/2 MILE OR LESS
                                                   8 = SMOKE OR HAZE
[NO. OF DAYS WITH]      [WEATHER - DAYS WITH]      9 = BLOWING SNOW
                                                   X = TORNADO
MAX 32 OR BELOW:   0    0.01 INCH OR MORE:  10
MAX 90 OR ABOVE:   0    0.10 INCH OR MORE:   9
MIN 32 OR BELOW:   0    0.50 INCH OR MORE:   5
MIN  0 OR BELOW:   0    1.00 INCH OR MORE:   4

[HDD (BASE 65) ]
TOTAL THIS MO.    13    CLEAR  (SCALE 0-3)   8
DPTR FM NORMAL     7    PTCLDY (SCALE 4-7)   9
TOTAL FM JUL 1  2291    CLOUDY (SCALE 8-10)  4
DPTR FM NORMAL    46

[CDD (BASE 65) ]
TOTAL THIS MO.   130
DPTR FM NORMAL   -25    [PRESSURE DATA]
TOTAL FM JAN 1   245    HIGHEST SLP M ON M
DPTR FM NORMAL   -32    LOWEST  SLP 29.46 ON 21

[REMARKS]
