000
CXUS56 KSTO 251425
CF6RDD
PRELIMINARY LOCAL CLIMATOLOGICAL DATA (WS FORM: F-6)

                                          STATION:   REDDING AIRPORT CA
                                          MONTH:     MAY
                                          YEAR:      2019
                                          LATITUDE:   40 30 N
                                          LONGITUDE: 122 18 W

  TEMPERATURE IN F:       :PCPN:    SNOW:  WIND      :SUNSHINE: SKY     :PK WND
================================================================================
1   2   3   4   5  6A  6B    7    8   9   10  11  12  13   14  15   16   17  18
                                     12Z  AVG MX 2MIN
DY MAX MIN AVG DEP HDD CDD  WTR  SNW DPTH SPD SPD DIR MIN PSBL S-S WX    SPD DR
================================================================================

 1  78  43  61  -2   4   0 0.00  0.0    0  2.9 13 120   M    M   0        18  50
 2  82  45  64   1   1   0 0.00  0.0    0  3.5  9 150   M    M   0        13 120
 3  84  47  66   3   0   1 0.00  0.0    0  3.9 12 140   M    M   0        18 160
 4  86  50  68   4   0   3 0.00  0.0    0  4.0 13 190   M    M   0        17 150
 5  85  50  68   4   0   3 0.00  0.0    0  5.5 18 170   M    M   1        24 160
 6  78  50  64   0   1   0 0.00  0.0    0  5.8 16 150   M    M   0        19 160
 7  82  52  67   3   0   2 0.00  0.0    0  4.0 14 160   M    M   1        17 170
 8  93  53  73   8   0   8 0.00  0.0    0  6.0 17  20   M    M   0 1      25  10
 9  92  57  75  10   0  10 0.00  0.0    0  9.2 23  30   M    M   0        32  10
10  93  57  75   9   0  10 0.00  0.0    0  8.1 24  20   M    M   0        30  30
11  89  55  72   6   0   7 0.00  0.0    0  4.4 14 170   M    M   0        17 190
12  88  57  73   7   0   8 0.00  0.0    0  4.6 14 160   M    M   0        20 160
13  82  61  72   6   0   7 0.00  0.0    0  5.0 15 180   M    M   0        20 200
14  75  57  66  -1   0   1 0.00  0.0    0  4.8 14 160   M    M   3        17 180
15  65  57  61  -6   4   0 0.52  0.0    0 12.3 29 160   M    M   9 1      41 160
16  64  52  58  -9   7   0 0.50  0.0    M 21.4 41 160   M    M   7 3      51 160
17  67  51  59  -9   6   0 0.00  0.0    0  8.1 17 170   M    M   8        20 160
18  57  49  53 -15  12   0 0.75  0.0    0  6.9 24 180   M    M   9 1      31 180
19  63  48  56 -12   9   0 0.58  0.0    0  7.8 20 160   M    M   8 1      26 150
20  69  51  60  -9   5   0 0.00  0.0    0 10.2 26 170   M    M   8 3      33 180
21  61  51  56 -13   9   0 0.41  0.0    0 10.4 24 180   M    M   9 13     29 170
22  81  47  64  -5   1   0 0.00  0.0    0  6.9 22  20   M    M   3        26  20
23  83  59  71   1   0   6 0.00  0.0    0  7.9 24  30   M    M   2        29  20
24  79  54  67  -3   0   2 0.12  0.0    0  8.0 28 340   M    M   2 38     58 330
================================================================================
SM 1876 1253        59  68  2.88     0.0 171.6          M       70
================================================================================
AV 78.2 52.2                               7.1 FASTST   M    M   3    MAX(MPH)
                                 MISC ---->  # 41 160               # 58  330
================================================================================
NOTES:
# LAST OF SEVERAL OCCURRENCES

COLUMN 17 PEAK WIND IN M.P.H.

PRELIMINARY LOCAL CLIMATOLOGICAL DATA (WS FORM: F-6) , PAGE 2

                                          STATION:  REDDING AIRPORT CA
                                          MONTH:    MAY
                                          YEAR:     2019
                                          LATITUDE:   40 30 N
                                          LONGITUDE: 122 18 W

[TEMPERATURE DATA]      [PRECIPITATION DATA]       SYMBOLS USED IN COLUMN 16

AVERAGE MONTHLY: 65.2   TOTAL FOR MONTH:   2.88    1 = FOG OR MIST
DPTR FM NORMAL:  -1.1   DPTR FM NORMAL:    1.43    2 = FOG REDUCING VISIBILITY
HIGHEST:    93 ON  8,10 GRTST 24HR  0.75 ON 18-18      TO 1/4 MILE OR LESS
LOWEST:     43 ON  1                               3 = THUNDER
                        SNOW, ICE PELLETS, HAIL    4 = ICE PELLETS
                        TOTAL MONTH:   0.0 INCH    5 = HAIL
                        GRTST 24HR     0.0         6 = FREEZING RAIN OR DRIZZLE
                        GRTST DEPTH:   0           7 = DUSTSTORM OR SANDSTORM:
                                                       VSBY 1/2 MILE OR LESS
                                                   8 = SMOKE OR HAZE
[NO. OF DAYS WITH]      [WEATHER - DAYS WITH]      9 = BLOWING SNOW
                                                   X = TORNADO
MAX 32 OR BELOW:   0    0.01 INCH OR MORE:   6
MAX 90 OR ABOVE:   3    0.10 INCH OR MORE:   6
MIN 32 OR BELOW:   0    0.50 INCH OR MORE:   4
MIN  0 OR BELOW:   0    1.00 INCH OR MORE:   0

[HDD (BASE 65) ]
TOTAL THIS MO.    59    CLEAR  (SCALE 0-3)  16
DPTR FM NORMAL    -6    PTCLDY (SCALE 4-7)   3
TOTAL FM JUL 1  2362    CLOUDY (SCALE 8-10)  5
DPTR FM NORMAL  -439

[CDD (BASE 65) ]
TOTAL THIS MO.    68
DPTR FM NORMAL   -28    [PRESSURE DATA]
TOTAL FM JAN 1   145    HIGHEST SLP M ON M
DPTR FM NORMAL    25    LOWEST  SLP 29.53 ON 16

[REMARKS]
