000
CXUS56 KSTO 231425
CF6RDD
PRELIMINARY LOCAL CLIMATOLOGICAL DATA (WS FORM: F-6)

                                          STATION:   REDDING AIRPORT CA
                                          MONTH:     MARCH
                                          YEAR:      2019
                                          LATITUDE:   40 30 N
                                          LONGITUDE: 122 18 W

  TEMPERATURE IN F:       :PCPN:    SNOW:  WIND      :SUNSHINE: SKY     :PK WND
================================================================================
1   2   3   4   5  6A  6B    7    8   9   10  11  12  13   14  15   16   17  18
                                     12Z  AVG MX 2MIN
DY MAX MIN AVG DEP HDD CDD  WTR  SNW DPTH SPD SPD DIR MIN PSBL S-S WX    SPD DR
================================================================================

 1  55  40  48  -4  17   0 0.01  0.0    0  3.6 13 160   M    M   9        15 150
 2  60  45  53   1  12   0 0.69  0.0    0  5.4 12 360   M    M  10 1      16 340
 3  58  49  54   2  11   0 0.28    M    0  1.6  8 160   M    M  10 1      11 160
 4  58  48  53   1  12   0 0.06    M    0  5.9 17 170   M    M   7 12     23 170
 5  51  47  49  -3  16   0 1.03  0.0    0  3.5 17 160   M    M  10 1      21 160
 6  59  50  55   2  10   0 0.68  0.0    0 15.8 29 170   M    M  10 13     37 160
 7  52  47  50  -3  15   0 0.92    M    0  5.2 16 190   M    M  10 1      20 180
 8  54  42  48  -5  17   0 0.04  0.0    0  6.8 23 230   M    M   7 1      29 220
 9  46  40  43 -10  22   0 0.81    M    0  8.7 20 180   M    M   9 1      23 180
10  60  42  51  -2  14   0 0.03    M    0  5.9 15 360   M    M   3 1      18 360
11  69  44  57   4   8   0 0.00  0.0    0  7.2 16  20   M    M   0        20 350
12  64  41  53   0  12   0 0.00  0.0    0  6.9 23  10   M    M   3        29  10
13  63  33  48  -6  17   0 0.00  0.0    0  5.5 16  10   M    M   0        19 360
14  70  39  55   1  10   0 0.00  0.0    0  9.8 21  10   M    M   0        25  10
15  73  34  54   0  11   0 0.00  0.0    0  2.2 10  30   M    M   0        13  40
16  73  35  54   0  11   0 0.00  0.0    0  2.1  8 100   M    M   0         9 130
17  74  43  59   5   6   0 0.00  0.0    0  1.9  7 160   M    M   0 8      14 140
18  76  40  58   4   7   0 0.00  0.0    0  2.5 10 190   M    M   0        13 150
19  72  49  61   7   4   0    T    M    0  3.8 20 130   M    M   4        25 130
20  63  49  56   2   9   0 0.56    M    0 10.6 37 170   M    M   9 1      48 170
21  65  46  56   2   9   0 0.00  0.0    0  3.7 13 150   M    M   4        15 150
22  52  44  48  -6  17   0 0.61  0.0    0  4.3 13 190   M    M   9 1      15 190
================================================================================
SM 1367  947       267   0  5.72     0.0 122.9          M      114
================================================================================
AV 62.1 43.1                               5.6 FASTST   M    M   5    MAX(MPH)
                                 MISC ---->  # 37 170               # 48  170
================================================================================
NOTES:
# LAST OF SEVERAL OCCURRENCES

COLUMN 17 PEAK WIND IN M.P.H.

PRELIMINARY LOCAL CLIMATOLOGICAL DATA (WS FORM: F-6) , PAGE 2

                                          STATION:  REDDING AIRPORT CA
                                          MONTH:    MARCH
                                          YEAR:     2019
                                          LATITUDE:   40 30 N
                                          LONGITUDE: 122 18 W

[TEMPERATURE DATA]      [PRECIPITATION DATA]       SYMBOLS USED IN COLUMN 16

AVERAGE MONTHLY: 52.6   TOTAL FOR MONTH:   5.72    1 = FOG OR MIST
DPTR FM NORMAL:  -0.6   DPTR FM NORMAL:    2.27    2 = FOG REDUCING VISIBILITY
HIGHEST:    76 ON 18    GRTST 24HR  1.03 ON  5- 5      TO 1/4 MILE OR LESS
LOWEST:     33 ON 13                               3 = THUNDER
                        SNOW, ICE PELLETS, HAIL    4 = ICE PELLETS
                        TOTAL MONTH:   0.0 INCH    5 = HAIL
                        GRTST 24HR     0.0         6 = FREEZING RAIN OR DRIZZLE
                        GRTST DEPTH:   0           7 = DUSTSTORM OR SANDSTORM:
                                                       VSBY 1/2 MILE OR LESS
                                                   8 = SMOKE OR HAZE
[NO. OF DAYS WITH]      [WEATHER - DAYS WITH]      9 = BLOWING SNOW
                                                   X = TORNADO
MAX 32 OR BELOW:   0    0.01 INCH OR MORE:  12
MAX 90 OR ABOVE:   0    0.10 INCH OR MORE:   8
MIN 32 OR BELOW:   0    0.50 INCH OR MORE:   7
MIN  0 OR BELOW:   0    1.00 INCH OR MORE:   1

[HDD (BASE 65) ]
TOTAL THIS MO.   267    CLEAR  (SCALE 0-3)   8
DPTR FM NORMAL     6    PTCLDY (SCALE 4-7)   5
TOTAL FM JUL 1  2104    CLOUDY (SCALE 8-10)  9
DPTR FM NORMAL  -318

[CDD (BASE 65) ]
TOTAL THIS MO.     0
DPTR FM NORMAL     0    [PRESSURE DATA]
TOTAL FM JAN 1     0    HIGHEST SLP M ON M
DPTR FM NORMAL     0    LOWEST  SLP 29.52 ON  6

[REMARKS]
