000
CXUS51 KPHI 230800
CF6RDG
PRELIMINARY LOCAL CLIMATOLOGICAL DATA (WS FORM: F-6)

                                          STATION:   READING PA
                                          MONTH:     MARCH
                                          YEAR:      2019
                                          LATITUDE:   40 22 N
                                          LONGITUDE:  75 58 W

  TEMPERATURE IN F:       :PCPN:    SNOW:  WIND      :SUNSHINE: SKY     :PK WND
================================================================================
1   2   3   4   5  6A  6B    7    8   9   10  11  12  13   14  15   16   17  18
                                     12Z  AVG MX 2MIN
DY MAX MIN AVG DEP HDD CDD  WTR  SNW DPTH SPD SPD DIR MIN PSBL S-S WX    SPD DR
================================================================================

 1  34  27  31  -5  34   0 0.18    M    M  5.0 13 130   M    M  10 16     16 120
 2  38  31  35  -1  30   0 0.23    M    M  5.2 12  30   M    M   9 18     15 270
 3  38  29  34  -3  31   0 0.50    M    M  4.7 12 300   M    M   8 18     14  30
 4  36  20  28  -9  37   0 0.01    M    M 12.9 21 280   M    M   6 18     29 270
 5  30  11  21 -16  44   0    T    M    M  7.4 28 300   M    M   1        35 300
 6  25  14  20 -18  45   0    T    M    M 11.4 24 260   M    M   3        32 260
 7  33  12  23 -15  42   0    T    M    M  6.1 20 260   M    M   5        25 260
 8  36  15  26 -12  39   0    T    M    M  2.5 13 200   M    M   5 18     16 200
 9  47  30  39   0  26   0    T    M    M  4.3 14 140   M    M   3 1      24 150
10  42  36  39   0  26   0 0.75    M    M  4.2 16 120   M    M  10 12     24  90
11  55  36  46   7  19   0 0.00    M    M 11.4 25 300   M    M   1 2      38 280
12  46  29  38  -2  27   0 0.00    M    M 10.8 29 350   M    M   1        35 350
13  52  24  38  -2  27   0 0.00    M    M  5.5 15 190   M    M   2        20 200
14  66  35  51  11  14   0 0.00    M    M  5.6 17 200   M    M   0        22 200
15  75  51  63  22   2   0 0.53    M    M 10.8 30 290   M    M   4 13     42 300
16  51  33  42   1  23   0    T    M    M 17.6 38 300   M    M   5        48 290
17  46  29  38  -3  27   0 0.00    M    M  7.9 21 300   M    M   1        27 320
18  46  28  37  -5  28   0 0.00    M    M  3.4 14 280   M    M   7        18 260
19  50  26  38  -4  27   0    T  0.0    M  3.0 15 290   M    M   2        18 300
20  54  26  40  -2  25   0 0.00    M    M  5.8 17 160   M    M   1        23 200
21  48  39  44   1  21   0 1.41    M    M  8.1 17  80   M    M  10 1      29  70
22  49  36  43   0  22   0 0.56    M    M 18.9 35 300   M    M   9 1      44 300
================================================================================
SM  997  617       616   0  4.17     0.0 172.5          M      103
================================================================================
AV 45.3 28.1                               7.8 FASTST   M    M   5    MAX(MPH)
                                 MISC ---->  # 38 300               # 48  290
================================================================================
NOTES:
# LAST OF SEVERAL OCCURRENCES

COLUMN 17 PEAK WIND IN M.P.H.

PRELIMINARY LOCAL CLIMATOLOGICAL DATA (WS FORM: F-6) , PAGE 2

                                          STATION:  READING PA
                                          MONTH:    MARCH
                                          YEAR:     2019
                                          LATITUDE:   40 22 N
                                          LONGITUDE:  75 58 W

[TEMPERATURE DATA]      [PRECIPITATION DATA]       SYMBOLS USED IN COLUMN 16

AVERAGE MONTHLY: 36.7   TOTAL FOR MONTH:   4.17    1 = FOG OR MIST
DPTR FM NORMAL:  -2.8   DPTR FM NORMAL:    1.87    2 = FOG REDUCING VISIBILITY
HIGHEST:    75 ON 15    GRTST 24HR  1.41 ON 21-21      TO 1/4 MILE OR LESS
LOWEST:     11 ON  5                               3 = THUNDER
                        SNOW, ICE PELLETS, HAIL    4 = ICE PELLETS
                        TOTAL MONTH:   0.0 INCH    5 = HAIL
                        GRTST 24HR     0.0         6 = FREEZING RAIN OR DRIZZLE
                        GRTST DEPTH:  M  ON   M    7 = DUSTSTORM OR SANDSTORM:
                                                       VSBY 1/2 MILE OR LESS
                                                   8 = SMOKE OR HAZE
[NO. OF DAYS WITH]      [WEATHER - DAYS WITH]      9 = BLOWING SNOW
                                                   X = TORNADO
MAX 32 OR BELOW:   2    0.01 INCH OR MORE:   8
MAX 90 OR ABOVE:   0    0.10 INCH OR MORE:   7
MIN 32 OR BELOW:  15    0.50 INCH OR MORE:   5
MIN  0 OR BELOW:   0    1.00 INCH OR MORE:   1

[HDD (BASE 65) ]
TOTAL THIS MO.   616    CLEAR  (SCALE 0-3)   9
DPTR FM NORMAL    55    PTCLDY (SCALE 4-7)   8
TOTAL FM JUL 1  4446    CLOUDY (SCALE 8-10)  5
DPTR FM NORMAL  -157

[CDD (BASE 65) ]
TOTAL THIS MO.     0
DPTR FM NORMAL     0    [PRESSURE DATA]
TOTAL FM JAN 1     0    HIGHEST SLP M ON M
DPTR FM NORMAL     0    LOWEST  SLP 29.26 ON 22

[REMARKS]
