000
CXUS51 KPHI 250800
CF6RDG
PRELIMINARY LOCAL CLIMATOLOGICAL DATA (WS FORM: F-6)

                                          STATION:   READING PA
                                          MONTH:     MAY
                                          YEAR:      2019
                                          LATITUDE:   40 22 N
                                          LONGITUDE:  75 58 W

  TEMPERATURE IN F:       :PCPN:    SNOW:  WIND      :SUNSHINE: SKY     :PK WND
================================================================================
1   2   3   4   5  6A  6B    7    8   9   10  11  12  13   14  15   16   17  18
                                     12Z  AVG MX 2MIN
DY MAX MIN AVG DEP HDD CDD  WTR  SNW DPTH SPD SPD DIR MIN PSBL S-S WX    SPD DR
================================================================================

 1  59  54  57   0   8   0 0.00    M    M  6.5 15 140   M    M  10 1      20 100
 2  80  53  67  10   0   2    T    M    M  4.0 14 270   M    M   6 128    18 250
 3  64  53  59   2   6   0 1.00    M    M  3.7 10  80   M    M   9 138    15  90
 4  73  57  65   7   0   0 0.11    M    M  2.5  8 250   M    M   8 128     9 270
 5  64  55  60   2   5   0 0.70    M    M  5.2 15  60   M    M  10 1      20  70
 6  75  53  64   6   1   0 0.00    M    M  3.1  8 230   M    M   6        12 240
 7  78  56  67   9   0   2    T    M    M  6.9 21  20   M    M   5 18     27  30
 8  71  57  64   5   1   0 0.00    M    M  6.2 13  30   M    M   6        19  20
 9  61  57  59   0   6   0    T    M    M  6.2 16 110   M    M   9        26 120
10  79  58  69  10   0   4 1.11    M    M  6.5 25 310   M    M   8 13     33 290
11  68  54  61   1   4   0 0.12    M    M  6.1 15 340   M    M   4        19  10
12  54  45  50 -10  15   0 0.96    M    M  9.2 18  70   M    M  10 1      26  70
13  51  43  47 -13  18   0 0.86    M    M  5.0 12  70   M    M  10 1      17  60
14  56  45  51  -9  14   0 0.05    M    M  6.6 17 290   M    M   9 1      23 310
15  74  41  58  -3   7   0    T    M    M  6.4 21 290   M    M   4        26 290
16  75  51  63   2   2   0    T    M    M  5.4 16 300   M    M   3        20 320
17  81  58  70   9   0   5    T    M    M  3.9 15 240   M    M   3        19 290
18  78  58  68   6   0   3 0.00    M    M  4.0 10 250   M    M   3        13 320
19  88  60  74  12   0   9 2.00    M    M  5.5 38 240   M    M   2 13     49 230
20  85  65  75  13   0  10 0.07    M    M  9.9 24 220   M    M   3 3      35 220
21  71  53  62  -1   3   0 0.00    M    M 12.2 22 340   M    M   2        28 320
22  74  45  60  -3   5   0 0.00    M    M  3.6 12 290   M    M   1        14 290
23  77  61  69   6   0   4 0.12    M    M  8.1 16 220   M    M   4 3      22 230
24  80  62  71   7   0   6 0.00    M    M 11.9 23 300   M    M   1        32 300
================================================================================
SM 1716 1294        95  45  7.10    M    148.6          M      136
================================================================================
AV 71.5 53.9                               6.2 FASTST   M    M   6    MAX(MPH)
                                 MISC ---->  # 38 240               # 49  230
================================================================================
NOTES:
# LAST OF SEVERAL OCCURRENCES

COLUMN 17 PEAK WIND IN M.P.H.

PRELIMINARY LOCAL CLIMATOLOGICAL DATA (WS FORM: F-6) , PAGE 2

                                          STATION:  READING PA
                                          MONTH:    MAY
                                          YEAR:     2019
                                          LATITUDE:   40 22 N
                                          LONGITUDE:  75 58 W

[TEMPERATURE DATA]      [PRECIPITATION DATA]       SYMBOLS USED IN COLUMN 16

AVERAGE MONTHLY: 62.7   TOTAL FOR MONTH:   7.10    1 = FOG OR MIST
DPTR FM NORMAL:   2.6   DPTR FM NORMAL:    4.03    2 = FOG REDUCING VISIBILITY
HIGHEST:    88 ON 19    GRTST 24HR  2.00 ON 19-19      TO 1/4 MILE OR LESS
LOWEST:     41 ON 15                               3 = THUNDER
                        SNOW, ICE PELLETS, HAIL    4 = ICE PELLETS
                        TOTAL MONTH:    M          5 = HAIL
                        GRTST 24HR    M  ON   M    6 = FREEZING RAIN OR DRIZZLE
                        GRTST DEPTH:  M  ON   M    7 = DUSTSTORM OR SANDSTORM:
                                                       VSBY 1/2 MILE OR LESS
                                                   8 = SMOKE OR HAZE
[NO. OF DAYS WITH]      [WEATHER - DAYS WITH]      9 = BLOWING SNOW
                                                   X = TORNADO
MAX 32 OR BELOW:   0    0.01 INCH OR MORE:  11
MAX 90 OR ABOVE:   0    0.10 INCH OR MORE:   9
MIN 32 OR BELOW:   0    0.50 INCH OR MORE:   6
MIN  0 OR BELOW:   0    1.00 INCH OR MORE:   3

[HDD (BASE 65) ]
TOTAL THIS MO.    95    CLEAR  (SCALE 0-3)   5
DPTR FM NORMAL   -54    PTCLDY (SCALE 4-7)  10
TOTAL FM JUL 1  4969    CLOUDY (SCALE 8-10)  9
DPTR FM NORMAL  -378

[CDD (BASE 65) ]
TOTAL THIS MO.    45
DPTR FM NORMAL    12    [PRESSURE DATA]
TOTAL FM JAN 1    57    HIGHEST SLP  0.00 ON 18
DPTR FM NORMAL    15    LOWEST  SLP 29.70 ON M

[REMARKS]
