000
CXUS56 KPDT 271032
CF6RDM
PRELIMINARY LOCAL CLIMATOLOGICAL DATA (WS FORM: F-6)

                                          STATION:   REDMOND OR
                                          MONTH:     MAY
                                          YEAR:      2019
                                          LATITUDE:   44 16 N
                                          LONGITUDE: 121  9 W

  TEMPERATURE IN F:       :PCPN:    SNOW:  WIND      :SUNSHINE: SKY     :PK WND
================================================================================
1   2   3   4   5  6A  6B    7    8   9   10  11  12  13   14  15   16   17  18
                                     12Z  AVG MX 2MIN
DY MAX MIN AVG DEP HDD CDD  WTR  SNW DPTH SPD SPD DIR MIN PSBL S-S WX    SPD DR
================================================================================

 1  65  23  44  -4  21   0 0.00    M    M  8.1 23 280   M    M   0        29 280
 2  67  24  46  -2  19   0 0.00    M    M  4.4 14 340   M    M   0        19 340
 3  75  32  54   6  11   0 0.00    M    M  5.9 16 350   M    M   0        21 360
 4  77  35  56   8   9   0 0.00    M    M  6.0 15 330   M    M   0        20  10
 5  76  37  57   8   8   0 0.00    M    M  7.4 20 350   M    M   0        26 340
 6  77  39  58   9   7   0 0.00    M    M  7.4 21 330   M    M   0        26 330
 7  76  40  58   9   7   0 0.00    M    M  8.5 20 360   M    M   0        27  30
 8  76  40  58   9   7   0 0.00    M    M  7.3 20  20   M    M   0        24  10
 9  74  34  54   4  11   0 0.00    M    M  8.1 24  10   M    M   0        34  30
10  82  35  59   9   6   0 0.00    M    M  5.1 13  30   M    M   0        16 350
11  87  36  62  12   3   0 0.00    M    M  6.1 21 330   M    M   0        26 330
12  83  39  61  11   4   0 0.00    M    M  6.9 24 320   M    M   0        28 300
13  79  40  60   9   5   0 0.00    M    M  6.4 20 330   M    M   0        26 320
14  62  45  54   3  11   0    T    M    M  5.3 20 300   M    M   6        23 290
15  65  47  56   5   9   0 0.08    M    M  5.0 21 170   M    M   8        26 160
16  65  47  56   4   9   0 0.03    M    M  6.2 22 290   M    M   8 1      26 290
17  62  37  50  -2  15   0    T    M    M 10.0 26 310   M    M   4        35 280
18  68  35  52   0  13   0    T    M    M  9.8 28 190   M    M   5        35 200
19  50  44  47  -5  18   0 0.52    M    M  6.9 13 270   M    M  10 18     15 270
20  55  41  48  -5  17   0 0.10    M    M  5.6 15 300   M    M   8        19 310
21  57  37  47  -6  18   0 0.18    M    M  6.2 15 230   M    M   8 3      18 230
22  66  46  56   3   9   0    T    M    M  8.6 23  30   M    M  10        30  30
23  73  48  61   8   4   0 0.00    M    M 11.1 24 340   M    M   5        31 350
24  68  42  55   1  10   0 0.00    M    M 14.7 36 290   M    M   3        41 280
25  65  33  49  -5  16   0 0.62    M    M  6.9 24 300   M    M   4 1      28 300
26  65  42  54   0  11   0 0.01  0.0    0  9.4 16 350   M    M   9 1      20 320
================================================================================
SM 1815  998       278   0  1.54     0.0 193.3          M       88
================================================================================
AV 69.8 38.4                               7.4 FASTST   M    M   3    MAX(MPH)
                                 MISC ---->  # 36 290               # 41  280
================================================================================
NOTES:
# LAST OF SEVERAL OCCURRENCES

COLUMN 17 PEAK WIND IN M.P.H.

PRELIMINARY LOCAL CLIMATOLOGICAL DATA (WS FORM: F-6) , PAGE 2

                                          STATION:  REDMOND OR
                                          MONTH:    MAY
                                          YEAR:     2019
                                          LATITUDE:   44 16 N
                                          LONGITUDE: 121  9 W

[TEMPERATURE DATA]      [PRECIPITATION DATA]       SYMBOLS USED IN COLUMN 16

AVERAGE MONTHLY: 54.1   TOTAL FOR MONTH:   1.54    1 = FOG OR MIST
DPTR FM NORMAL:   3.2   DPTR FM NORMAL:    0.70    2 = FOG REDUCING VISIBILITY
HIGHEST:    87 ON 11    GRTST 24HR  0.62 ON 25-25      TO 1/4 MILE OR LESS
LOWEST:     23 ON  1                               3 = THUNDER
                        SNOW, ICE PELLETS, HAIL    4 = ICE PELLETS
                        TOTAL MONTH:   0.0 INCH    5 = HAIL
                        GRTST 24HR     0.0         6 = FREEZING RAIN OR DRIZZLE
                        GRTST DEPTH:   0           7 = DUSTSTORM OR SANDSTORM:
                                                       VSBY 1/2 MILE OR LESS
                                                   8 = SMOKE OR HAZE
[NO. OF DAYS WITH]      [WEATHER - DAYS WITH]      9 = BLOWING SNOW
                                                   X = TORNADO
MAX 32 OR BELOW:   0    0.01 INCH OR MORE:   7
MAX 90 OR ABOVE:   0    0.10 INCH OR MORE:   4
MIN 32 OR BELOW:   3    0.50 INCH OR MORE:   2
MIN  0 OR BELOW:   0    1.00 INCH OR MORE:   0

[HDD (BASE 65) ]
TOTAL THIS MO.   278    CLEAR  (SCALE 0-3)  14
DPTR FM NORMAL   -95    PTCLDY (SCALE 4-7)   8
TOTAL FM JUL 1  6154    CLOUDY (SCALE 8-10)  4
DPTR FM NORMAL  -290

[CDD (BASE 65) ]
TOTAL THIS MO.     0
DPTR FM NORMAL     0    [PRESSURE DATA]
TOTAL FM JAN 1     0    HIGHEST SLP M ON M
DPTR FM NORMAL     0    LOWEST  SLP 29.50 ON 16

[REMARKS]
