000
CXUS52 KRAH 221345
CF6RDU
PRELIMINARY LOCAL CLIMATOLOGICAL DATA (WS FORM: F-6)

                                          STATION:   RALEIGH-DURHAM INTL AIRPORT NC
                                          MONTH:     MAY
                                          YEAR:      2019
                                          LATITUDE:   35 52 N
                                          LONGITUDE:  78 47 W

  TEMPERATURE IN F:       :PCPN:    SNOW:  WIND      :SUNSHINE: SKY     :PK WND
================================================================================
1   2   3   4   5  6A  6B    7    8   9   10  11  12  13   14  15   16   17  18
                                     12Z  AVG MX 2MIN
DY MAX MIN AVG DEP HDD CDD  WTR  SNW DPTH SPD SPD DIR MIN PSBL S-S WX    SPD DR
================================================================================

 1  84  63  74  10   0   9 0.00  0.0    0  8.1 17 240   M    M   7        22 230
 2  85  63  74  10   0   9 0.00  0.0    0  9.1 16 250   M    M   5        21 250
 3  84  63  74   9   0   9    T  0.0    0  8.3 18 220   M    M   7 13     23 220
 4  86  65  76  11   0  11 0.63  0.0    0  7.4 35 240   M    M   9 13     44 230
 5  77  63  70   5   0   5 0.36  0.0    0  6.7 23 240   M    M   9 1      29 250
 6  77  60  69   4   0   4 0.00  0.0    0  5.7 14  40   M    M   6        18  50
 7  79  58  69   3   0   4 0.00  0.0    0  4.5 10 190   M    M   6        14 200
 8  83  62  73   7   0   8 0.00  0.0    0  7.3 15 190   M    M   7        22 170
 9  83  63  73   7   0   8 0.00  0.0    0  8.0 15 170   M    M   6        20 170
10  78  66  72   6   0   7    T  0.0    0  8.2 17 230   M    M   8        22 230
11  81  64  73   6   0   8 0.18  0.0    0  5.4 13 220   M    M   8 1      17 230
12  76  65  71   4   0   6 0.00  0.0    0 11.7 22 230   M    M  10        27 220
13  74  57  66  -1   0   1 1.32  0.0    0  3.6 23 330   M    M   6 13     36  10
14  67  47  57 -10   8   0 0.00  0.0    0  5.0 14 310   M    M   4        22 310
15  72  43  58 -10   7   0 0.00  0.0    0  3.6 14 230   M    M   3        19  50
16  79  51  65  -3   0   0 0.00  0.0    0  4.0 15 230   M    M   4        21 240
17  85  58  72   4   0   7 0.00  0.0    0  6.3 22 230   M    M   7        27 230
18  91  62  77   9   0  12 0.00  0.0    0  2.0  9 250   M    M   4 1      15  50
19  89  69  79  10   0  14 0.00  0.0    0 10.7 21 220   M    M   3        25 240
20  88  69  79  10   0  14 0.00  0.0    0 10.9 18 240   M    M   5        26 230
21  85  63  74   5   0   9 0.00  0.0    0  5.8 13  30   M    M   3 1      20  70
================================================================================
SM 1703 1274        15 145  2.49     0.0 142.3          M      127
================================================================================
AV 81.1 60.7                               6.8 FASTST   M    M   6    MAX(MPH)
                                 MISC ---->  # 35 240               # 44  230
================================================================================
NOTES:
# LAST OF SEVERAL OCCURRENCES

COLUMN 17 PEAK WIND IN M.P.H.

PRELIMINARY LOCAL CLIMATOLOGICAL DATA (WS FORM: F-6) , PAGE 2

                                          STATION:  RALEIGH-DURHAM INTL AIRPORT NC
                                          MONTH:    MAY
                                          YEAR:     2019
                                          LATITUDE:   35 52 N
                                          LONGITUDE:  78 47 W

[TEMPERATURE DATA]      [PRECIPITATION DATA]       SYMBOLS USED IN COLUMN 16

AVERAGE MONTHLY: 70.9   TOTAL FOR MONTH:   2.49    1 = FOG OR MIST
DPTR FM NORMAL:   4.3   DPTR FM NORMAL:    0.40    2 = FOG REDUCING VISIBILITY
HIGHEST:    91 ON 18    GRTST 24HR  1.32 ON 13-13      TO 1/4 MILE OR LESS
LOWEST:     43 ON 15                               3 = THUNDER
                        SNOW, ICE PELLETS, HAIL    4 = ICE PELLETS
                        TOTAL MONTH:   0.0 INCH    5 = HAIL
                        GRTST 24HR     0.0         6 = FREEZING RAIN OR DRIZZLE
                        GRTST DEPTH:   0           7 = DUSTSTORM OR SANDSTORM:
                                                       VSBY 1/2 MILE OR LESS
                                                   8 = SMOKE OR HAZE
[NO. OF DAYS WITH]      [WEATHER - DAYS WITH]      9 = BLOWING SNOW
                                                   X = TORNADO
MAX 32 OR BELOW:   0    0.01 INCH OR MORE:   4
MAX 90 OR ABOVE:   1    0.10 INCH OR MORE:   4
MIN 32 OR BELOW:   0    0.50 INCH OR MORE:   2
MIN  0 OR BELOW:   0    1.00 INCH OR MORE:   1

[HDD (BASE 65) ]
TOTAL THIS MO.    15    CLEAR  (SCALE 0-3)   2
DPTR FM NORMAL   -30    PTCLDY (SCALE 4-7)  16
TOTAL FM JUL 1  3129    CLOUDY (SCALE 8-10)  3
DPTR FM NORMAL  -105

[CDD (BASE 65) ]
TOTAL THIS MO.   145
DPTR FM NORMAL    64    [PRESSURE DATA]
TOTAL FM JAN 1   202    HIGHEST SLP M ON M
DPTR FM NORMAL    60    LOWEST  SLP 29.64 ON  5

[REMARKS]
