000
CXUS56 KBOI 231002
CF6REO
PRELIMINARY LOCAL CLIMATOLOGICAL DATA (WS FORM: F-6)

                                          STATION:   ROME OR
                                          MONTH:     MARCH
                                          YEAR:      2019
                                          LATITUDE:   42 35 N
                                          LONGITUDE: 117 52 W

  TEMPERATURE IN F:       :PCPN:    SNOW:  WIND      :SUNSHINE: SKY     :PK WND
================================================================================
1   2   3   4   5  6A  6B    7    8   9   10  11  12  13   14  15   16   17  18
                                     12Z  AVG MX 2MIN
DY MAX MIN AVG DEP HDD CDD  WTR  SNW DPTH SPD SPD DIR MIN PSBL S-S WX    SPD DR
================================================================================

 1  46  24  35  -2  30   0 0.00    M    M  6.5 16 260   M    M   0        20 260
 2  42  24  33  -4  32   0 0.00    M    M  5.9 13  20   M    M   0        17  30
 3  45  23  34  -3  31   0 0.00    M    M  4.5 10 360   M    M   0        16 130
 4  47  25  36  -2  29   0 0.01    M    M  2.1 15 170   M    M   0        17 180
 5  46  27  37  -1  28   0 0.09    M    M  2.0  8 120   M    M   0        10 110
 6  55  33  44   6  21   0 0.01    M    M  6.9 24 210   M    M   0        30 210
 7  43  34  39   1  26   0 0.04    M    M 10.2 22 210   M    M   0        27 210
 8  42  25  34  -4  31   0 0.00    M    M  6.1 20 270   M    M   0        24 270
 9  40  22  31  -8  34   0 0.07    M    M  7.0 18 250   M    M   0        22 260
10  42  27  35  -4  30   0 0.00    M    M  7.4 16  10   M    M   0        19  20
11  48  19  34  -5  31   0 0.00    M    M  4.2 10 140   M    M   0        14 220
12  42  26  34  -5  31   0 0.05    M    M 10.7 24 280   M    M   0        37 250
13  43  25  34  -5  31   0 0.00    M    M 11.3 25 320   M    M   0        30 330
14  46  17  32  -8  33   0 0.00    M    M  4.7 10 130   M    M   0        13 170
15  54  20  37  -3  28   0 0.00    M    M  4.4 10  60   M    M   0        14  40
16  61  21  41   1  24   0 0.00    M    M  4.6 12  10   M    M   0        16 360
17  58  22  40   0  25   0 0.00    M    M  5.2 14 360   M    M   0        16  10
18  62  20  41   1  24   0 0.00    M    M  6.0 14  50   M    M   0        19  60
19  66  25  46   6  19   0 0.00    M    M 12.0 25  80   M    M   0        31  60
20  66  31  49   8  16   0 0.00    M    M  9.4 20 170   M    M   0        26 140
21  58  35  47   6  18   0 0.00    M    M  6.8 16 210   M    M   0        23 220
22  61  38  50   9  15   0 0.00    M    M 11.4 24 220   M    M   0        39 220
================================================================================
SM 1113  563       587   0  0.27    M    149.3          M        0
================================================================================
AV 50.6 25.6                               6.8 FASTST   M    M   0    MAX(MPH)
                                 MISC ---->  # 25 320               # 39  220
================================================================================
NOTES:
# LAST OF SEVERAL OCCURRENCES

COLUMN 17 PEAK WIND IN M.P.H.

PRELIMINARY LOCAL CLIMATOLOGICAL DATA (WS FORM: F-6) , PAGE 2

                                          STATION:  ROME OR
                                          MONTH:    MARCH
                                          YEAR:     2019
                                          LATITUDE:   42 35 N
                                          LONGITUDE: 117 52 W

[TEMPERATURE DATA]      [PRECIPITATION DATA]       SYMBOLS USED IN COLUMN 16

AVERAGE MONTHLY: 38.1   TOTAL FOR MONTH:   0.27    1 = FOG OR MIST
DPTR FM NORMAL:  -1.0   DPTR FM NORMAL:   -0.40    2 = FOG REDUCING VISIBILITY
HIGHEST:    66 ON 20,19 GRTST 24HR  0.09 ON  5- 5      TO 1/4 MILE OR LESS
LOWEST:     17 ON 14                               3 = THUNDER
                        SNOW, ICE PELLETS, HAIL    4 = ICE PELLETS
                        TOTAL MONTH:    M          5 = HAIL
                        GRTST 24HR    M  ON   M    6 = FREEZING RAIN OR DRIZZLE
                        GRTST DEPTH:  M  ON   M    7 = DUSTSTORM OR SANDSTORM:
                                                       VSBY 1/2 MILE OR LESS
                                                   8 = SMOKE OR HAZE
[NO. OF DAYS WITH]      [WEATHER - DAYS WITH]      9 = BLOWING SNOW
                                                   X = TORNADO
MAX 32 OR BELOW:   0    0.01 INCH OR MORE:   6
MAX 90 OR ABOVE:   0    0.10 INCH OR MORE:   0
MIN 32 OR BELOW:  18    0.50 INCH OR MORE:   0
MIN  0 OR BELOW:   0    1.00 INCH OR MORE:   0

[HDD (BASE 65) ]
TOTAL THIS MO.   587    CLEAR  (SCALE 0-3)  22
DPTR FM NORMAL    15    PTCLDY (SCALE 4-7)   0
TOTAL FM JUL 1  5033    CLOUDY (SCALE 8-10)  0
DPTR FM NORMAL  -273

[CDD (BASE 65) ]
TOTAL THIS MO.     0
DPTR FM NORMAL     0    [PRESSURE DATA]
TOTAL FM JAN 1     0    HIGHEST SLP M ON M
DPTR FM NORMAL     0    LOWEST  SLP 29.59 ON  6

[REMARKS]
