000
CXUS55 KLOT 170700
CF6RFD
PRELIMINARY LOCAL CLIMATOLOGICAL DATA (WS FORM: F-6)

                                          STATION:   ROCKFORD IL
                                          MONTH:     JUNE
                                          YEAR:      2019
                                          LATITUDE:   42 12 N
                                          LONGITUDE:  89  6 W

  TEMPERATURE IN F:       :PCPN:    SNOW:  WIND      :SUNSHINE: SKY     :PK WND
================================================================================
1   2   3   4   5  6A  6B    7    8   9   10  11  12  13   14  15   16   17  18
                                     12Z  AVG MX 2MIN
DY MAX MIN AVG DEP HDD CDD  WTR  SNW DPTH SPD SPD DIR MIN PSBL S-S WX    SPD DR
================================================================================

 1  81  60  71   6   0   6 0.12  0.0    0  7.8 18 280   M    M   9 13     24 290
 2  75  53  64  -2   1   0 0.00  0.0    0  8.0 21  10   M    M   5 1      29 340
 3  71  49  60  -6   5   0    T  0.0    0  7.4 13 120   M    M   9        17 120
 4  80  57  69   3   0   4 1.03  0.0    0  9.2 25 320   M    M   7 13     33 200
 5  84  65  75   8   0  10 0.31  0.0    0  8.2 16 300   M    M   6 13     23 300
 6  83  63  73   6   0   8    T  0.0    0  4.5 12  90   M    M   8 128    17 100
 7  84  59  72   5   0   7 0.00  0.0    0  8.1 18  60   M    M   2 1      25  70
 8  83  57  70   2   0   5    T  0.0    0  9.3 22  70   M    M   5        29  80
 9  81  64  73   5   0   8 0.01  0.0    0  6.9 25 320   M    M   9 18     32 340
10  76  56  66  -2   0   1 0.00  0.0    0 13.3 28 300   M    M   3        39 350
11  82  51  67  -2   0   2 0.00  0.0    0  7.2 23 260   M    M   6        31 270
12  68  55  62  -7   3   0 0.20  0.0    0  9.0 22 290   M    M  10 1      28  10
13  70  49  60  -9   5   0    T  0.0    0 12.3 23 310   M    M   3        32 330
14  79  49  64  -6   1   0 0.04  0.0    0 14.3 29 210   M    M   7 1      42 230
15  72  60  66  -4   0   1 0.19  0.0    0  7.0 10 160   M    M  10 13      M  M
16  68  57  63  -7   2   0 0.14  0.0    0  7.4 13  20   M    M  10 1      17  20
================================================================================
SM 1237  904        17  52  2.04     0.0 139.9          M      109
================================================================================
AV 77.3 56.5                               8.7 FASTST   M    M   7    MAX(MPH)
                                 MISC ---->  # 29 210               # 42  230
================================================================================
NOTES:
# LAST OF SEVERAL OCCURRENCES

COLUMN 17 PEAK WIND IN M.P.H.

PRELIMINARY LOCAL CLIMATOLOGICAL DATA (WS FORM: F-6) , PAGE 2

                                          STATION:  ROCKFORD IL
                                          MONTH:    JUNE
                                          YEAR:     2019
                                          LATITUDE:   42 12 N
                                          LONGITUDE:  89  6 W

[TEMPERATURE DATA]      [PRECIPITATION DATA]       SYMBOLS USED IN COLUMN 16

AVERAGE MONTHLY: 66.9   TOTAL FOR MONTH:   2.04    1 = FOG OR MIST
DPTR FM NORMAL:  -0.9   DPTR FM NORMAL:   -0.54    2 = FOG REDUCING VISIBILITY
HIGHEST:    84 ON  7, 5 GRTST 24HR  1.03 ON  4- 4      TO 1/4 MILE OR LESS
LOWEST:     49 ON 14,13                            3 = THUNDER
                        SNOW, ICE PELLETS, HAIL    4 = ICE PELLETS
                        TOTAL MONTH:   0.0 INCH    5 = HAIL
                        GRTST 24HR     0.0         6 = FREEZING RAIN OR DRIZZLE
                        GRTST DEPTH:   0           7 = DUSTSTORM OR SANDSTORM:
                                                       VSBY 1/2 MILE OR LESS
                                                   8 = SMOKE OR HAZE
[NO. OF DAYS WITH]      [WEATHER - DAYS WITH]      9 = BLOWING SNOW
                                                   X = TORNADO
MAX 32 OR BELOW:   0    0.01 INCH OR MORE:   8
MAX 90 OR ABOVE:   0    0.10 INCH OR MORE:   6
MIN 32 OR BELOW:   0    0.50 INCH OR MORE:   1
MIN  0 OR BELOW:   0    1.00 INCH OR MORE:   1

[HDD (BASE 65) ]
TOTAL THIS MO.    17    CLEAR  (SCALE 0-3)   2
DPTR FM NORMAL    -8    PTCLDY (SCALE 4-7)   7
TOTAL FM JUL 1  6917    CLOUDY (SCALE 8-10)  7
DPTR FM NORMAL   354

[CDD (BASE 65) ]
TOTAL THIS MO.    52
DPTR FM NORMAL   -19    [PRESSURE DATA]
TOTAL FM JAN 1    77    HIGHEST SLP M ON M
DPTR FM NORMAL   -49    LOWEST  SLP 29.66 ON  5

[REMARKS]
