000
CXUS55 KLOT 260700
CF6RFD
PRELIMINARY LOCAL CLIMATOLOGICAL DATA (WS FORM: F-6)

                                          STATION:   ROCKFORD IL
                                          MONTH:     MARCH
                                          YEAR:      2019
                                          LATITUDE:   42 12 N
                                          LONGITUDE:  89  6 W

  TEMPERATURE IN F:       :PCPN:    SNOW:  WIND      :SUNSHINE: SKY     :PK WND
================================================================================
1   2   3   4   5  6A  6B    7    8   9   10  11  12  13   14  15   16   17  18
                                     12Z  AVG MX 2MIN
DY MAX MIN AVG DEP HDD CDD  WTR  SNW DPTH SPD SPD DIR MIN PSBL S-S WX    SPD DR
================================================================================

 1  33  22  28  -3  37   0 0.01  0.1    0  3.2 10 140   M    M  10        13 140
 2  29  22  26  -5  39   0    T    T    0  9.3 17 350   M    M  10 18     23 360
 3  22  -2  10 -22  55   0 0.00  0.0    0 14.6 23 290   M    M   5        31 300
 4  10  -4   3 -29  62   0    T    T    0 14.9 22 290   M    M   3        28 240
 5  19   7  13 -20  52   0    T    T    0 16.3 29 280   M    M   5        37 290
 6  28   7  18 -15  47   0 0.00  0.0    0 11.2 25 250   M    M   5        36 260
 7  26  14  20 -14  45   0 0.00  0.0    0  5.8 13 310   M    M   7        17 300
 8  40  21  31  -3  34   0    T    T    0  6.6 12 100   M    M   7 8      17 110
 9  38  29  34   0  31   0 0.54  0.0    0 12.3 32  70   M    M   8 18     43  70
10  36  27  32  -3  33   0    T  0.0    0 18.5 30 270   M    M   7 1      41 280
11  38  26  32  -3  33   0 0.00  0.0    0  7.9 14 290   M    M   4        19 300
12  47  21  34  -2  31   0 0.11  0.0    0 11.4 24 160   M    M   5 3      31 170
13  54  38  46  10  19   0 0.93  0.0    0 14.2 28 150   M    M  10 1      39 160
14  64  38  51  15  14   0 0.02  0.0    0 18.6 40 180   M    M   8 13     52 220
15  43  30  37   0  28   0    T    T    0 17.1 28 290   M    M   7 1      38 290
16  42  26  34  -3  31   0 0.00  0.0    0  8.4 18 310   M    M   2        22 310
17  44  24  34  -4  31   0 0.00  0.0    0  8.3 18 300   M    M   4        25 310
18  46  25  36  -2  29   0 0.01    T    0  4.0 16 270   M    M   6 1      23 300
19  50  23  37  -1  28   0 0.00  0.0    0  4.5 15 190   M    M   6 1      21 190
20  50  35  43   4  22   0    T  0.0    0  8.8 23 310   M    M  10 18     31 300
21  50  37  44   5  21   0 0.00  0.0    0 11.5 21 290   M    M   8        32 300
22  52  30  41   1  24   0 0.00  0.0    0  8.8 22  10   M    M   1        31 360
23  53  23  38  -2  27   0 0.00  0.0    0  5.8 15 190   M    M   4 1      21 190
24  46  35  41   1  24   0 0.21  0.0    0  7.2 21  40   M    M  10 18     27  40
25  47  30  39  -2  26   0 0.00  0.0    0 12.4 22  20   M    M   3        30  20
================================================================================
SM 1007  584       823   0  1.83     0.1 261.6          M      155
================================================================================
AV 40.3 23.4                              10.5 FASTST   M    M   6    MAX(MPH)
                                 MISC ---->  # 40 180               # 52  220
================================================================================
NOTES:
# LAST OF SEVERAL OCCURRENCES

COLUMN 17 PEAK WIND IN M.P.H.

PRELIMINARY LOCAL CLIMATOLOGICAL DATA (WS FORM: F-6) , PAGE 2

                                          STATION:  ROCKFORD IL
                                          MONTH:    MARCH
                                          YEAR:     2019
                                          LATITUDE:   42 12 N
                                          LONGITUDE:  89  6 W

[TEMPERATURE DATA]      [PRECIPITATION DATA]       SYMBOLS USED IN COLUMN 16

AVERAGE MONTHLY: 31.8   TOTAL FOR MONTH:   1.83    1 = FOG OR MIST
DPTR FM NORMAL:  -4.1   DPTR FM NORMAL:    0.06    2 = FOG REDUCING VISIBILITY
HIGHEST:    64 ON 14    GRTST 24HR  0.93 ON 13-13      TO 1/4 MILE OR LESS
LOWEST:     -4 ON  4                               3 = THUNDER
                        SNOW, ICE PELLETS, HAIL    4 = ICE PELLETS
                        TOTAL MONTH:   0.1 INCH    5 = HAIL
                        GRTST 24HR   0.1 ON  1- 1  6 = FREEZING RAIN OR DRIZZLE
                        GRTST DEPTH:   0           7 = DUSTSTORM OR SANDSTORM:
                                                       VSBY 1/2 MILE OR LESS
                                                   8 = SMOKE OR HAZE
[NO. OF DAYS WITH]      [WEATHER - DAYS WITH]      9 = BLOWING SNOW
                                                   X = TORNADO
MAX 32 OR BELOW:   6    0.01 INCH OR MORE:   7
MAX 90 OR ABOVE:   0    0.10 INCH OR MORE:   4
MIN 32 OR BELOW:  20    0.50 INCH OR MORE:   2
MIN  0 OR BELOW:   2    1.00 INCH OR MORE:   0

[HDD (BASE 65) ]
TOTAL THIS MO.   823    CLEAR  (SCALE 0-3)   3
DPTR FM NORMAL    96    PTCLDY (SCALE 4-7)  16
TOTAL FM JUL 1  6067    CLOUDY (SCALE 8-10)  6
DPTR FM NORMAL   338

[CDD (BASE 65) ]
TOTAL THIS MO.     0
DPTR FM NORMAL     0    [PRESSURE DATA]
TOTAL FM JAN 1     0    HIGHEST SLP M ON M
DPTR FM NORMAL     0    LOWEST  SLP 29.24 ON 14

[REMARKS]
