000
CXUS53 KGRB 260632
CF6RHI
PRELIMINARY LOCAL CLIMATOLOGICAL DATA (WS FORM: F-6)

                                          STATION:   RHINELANDER WI
                                          MONTH:     MARCH
                                          YEAR:      2019
                                          LATITUDE:   45 37 N
                                          LONGITUDE:  89 27 W

  TEMPERATURE IN F:       :PCPN:    SNOW:  WIND      :SUNSHINE: SKY     :PK WND
================================================================================
1   2   3   4   5  6A  6B    7    8   9   10  11  12  13   14  15   16   17  18
                                     12Z  AVG MX 2MIN
DY MAX MIN AVG DEP HDD CDD  WTR  SNW DPTH SPD SPD DIR MIN PSBL S-S WX    SPD DR
================================================================================

 1  28 -10   9 -12  56   0 0.26  4.1   36  2.4  8 260   M    M   5 18     10 110
 2  24   2  13  -8  52   0 0.03  0.5   37  7.7 18 270   M    M   7 18     25 260
 3   6 -17  -5 -27  70   0 0.00  0.0   36 10.1 20 270   M    M   0        24 260
 4   7 -25  -9 -31  74   0    T    T   34 10.6 20 260   M    M   5 8      27 230
 5  11 -18  -3 -25  68   0    T    T   33  9.1 21 300   M    M   6 89     32 300
 6  21 -16   3 -20  62   0    T    T   33  7.4 18 260   M    M   6        25 260
 7  25 -16   5 -18  60   0 0.00  0.0   33  3.6 10 230   M    M   1 8      15 220
 8  36  -8  14 -10  51   0 0.00  0.0   32  2.9 12 250   M    M   4 8      19 250
 9  36   8  22  -2  43   0 0.02  0.3   32 11.8 25 120   M    M   3 18     35 110
10  36  20  28   4  37   0 0.20  1.8   33 13.1 28 270   M    M   9 18     36 280
11  32   8  20  -5  45   0 0.00  0.0   32 10.0 20 270   M    M   0        26 270
12  43   4  24  -1  41   0 0.13  0.0   28  9.8 20 210   M    M   5 1      28 220
13  42  36  39  13  26   0 0.11  0.0   24  9.4 21 110   M    M  10 12     27 110
14  52  35  44  18  21   0 0.19    T   20  8.2 17 330   M    M  10 128    28 320
15  35  25  30   4  35   0 0.06  0.4   20 11.6 21 310   M    M   8 18     34 320
16  35  20  28   1  37   0    T    T   20  6.8 16 300   M    M   5        28 340
17  38  11  25  -2  40   0 0.00  0.0   20  4.5 16 270   M    M   0        24 260
18  40  11  26  -2  39   0 0.00  0.0   20  5.5 17 270   M    M   4 18     25 260
19  44  19  32   4  33   0 0.00  0.0   19  9.1 20 220   M    M   5 18     28 230
20  38  34  36   7  29   0 0.03  0.2   19  7.9 15 220   M    M   9 18     20 210
21  49  31  40  11  25   0 0.00  0.0   17  8.9 20 260   M    M   5        32 260
22  39  21  30   0  35   0 0.00  0.0   16  5.3 14 350   M    M   1        24 360
23  50  14  32   2  33   0 0.00  0.0   15  6.2 14 220   M    M   0        21 270
24  38  21  30  -1  35   0 0.00  0.0   15  6.7 14  40   M    M   5        23  20
25  42  11  27  -4  38   0 0.00  0.0   14  2.9 10 280   M    M   0        18 310
================================================================================
SM  847  221      1085   0  1.03     7.3 191.5          M      113
================================================================================
AV 33.9  8.8                               7.7 FASTST   M    M   5    MAX(MPH)
                                 MISC ---->  # 28 270               # 36  280
================================================================================
NOTES:
# LAST OF SEVERAL OCCURRENCES

COLUMN 17 PEAK WIND IN M.P.H.

PRELIMINARY LOCAL CLIMATOLOGICAL DATA (WS FORM: F-6) , PAGE 2

                                          STATION:  RHINELANDER WI
                                          MONTH:    MARCH
                                          YEAR:     2019
                                          LATITUDE:   45 37 N
                                          LONGITUDE:  89 27 W

[TEMPERATURE DATA]      [PRECIPITATION DATA]       SYMBOLS USED IN COLUMN 16

AVERAGE MONTHLY: 21.4   TOTAL FOR MONTH:   1.03    1 = FOG OR MIST
DPTR FM NORMAL:  -4.4   DPTR FM NORMAL:   -0.18    2 = FOG REDUCING VISIBILITY
HIGHEST:    52 ON 14    GRTST 24HR  0.26 ON  1- 1      TO 1/4 MILE OR LESS
LOWEST:    -25 ON  4                               3 = THUNDER
                        SNOW, ICE PELLETS, HAIL    4 = ICE PELLETS
                        TOTAL MONTH:   7.3 INCHES  5 = HAIL
                        GRTST 24HR   4.1 ON  1- 1  6 = FREEZING RAIN OR DRIZZLE
                        GRTST DEPTH:  37 ON  2     7 = DUSTSTORM OR SANDSTORM:
                                                       VSBY 1/2 MILE OR LESS
                                                   8 = SMOKE OR HAZE
[NO. OF DAYS WITH]      [WEATHER - DAYS WITH]      9 = BLOWING SNOW
                                                   X = TORNADO
MAX 32 OR BELOW:   8    0.01 INCH OR MORE:   9
MAX 90 OR ABOVE:   0    0.10 INCH OR MORE:   5
MIN 32 OR BELOW:  22    0.50 INCH OR MORE:   0
MIN  0 OR BELOW:   7    1.00 INCH OR MORE:   0

[HDD (BASE 65) ]
TOTAL THIS MO.  1085    CLEAR  (SCALE 0-3)   8
DPTR FM NORMAL   105    PTCLDY (SCALE 4-7)  13
TOTAL FM JUL 1  7602    CLOUDY (SCALE 8-10)  4
DPTR FM NORMAL     0

[CDD (BASE 65) ]
TOTAL THIS MO.     0
DPTR FM NORMAL     0    [PRESSURE DATA]
TOTAL FM JAN 1     0    HIGHEST SLP M ON M
DPTR FM NORMAL     0    LOWEST  SLP 29.22 ON 14

[REMARKS]
