000
CXUS51 KAKQ 240833
CF6RIC
PRELIMINARY LOCAL CLIMATOLOGICAL DATA (WS FORM: F-6)

                                          STATION:   RICHMOND VA
                                          MONTH:     MARCH
                                          YEAR:      2019
                                          LATITUDE:   37 30 N
                                          LONGITUDE:  77 20 W

  TEMPERATURE IN F:       :PCPN:    SNOW:  WIND      :SUNSHINE: SKY     :PK WND
================================================================================
1   2   3   4   5  6A  6B    7    8   9   10  11  12  13   14  15   16   17  18
                                     12Z  AVG MX 2MIN
DY MAX MIN AVG DEP HDD CDD  WTR  SNW DPTH SPD SPD DIR MIN PSBL S-S WX    SPD DR
================================================================================

 1  40  36  38  -6  27   0 0.86  0.0    0  8.2 13  50   M    M  10 1      17  50
 2  50  35  43  -1  22   0    T  0.0    0  5.6 13 340   M    M   8 1      15 350
 3  48  40  44  -1  21   0 0.72  0.0    0  6.5 16 350   M    M  10 1      21 120
 4  48  35  42  -3  23   0 0.01  0.0    0 10.7 22 340   M    M   9 1      29 340
 5  44  26  35 -10  30   0 0.00  0.0    0  8.1 24 330   M    M   4        31 320
 6  38  23  31 -14  34   0 0.00  0.0    0  9.0 18 280   M    M   1        24 280
 7  46  21  34 -12  31   0 0.00  0.0    0  4.8 16 290   M    M   8        20 280
 8  46  30  38  -8  27   0 0.04  0.0    0  3.7 14 200   M    M  10 1      18 190
 9  42  35  39  -7  26   0 0.07  0.0    0  6.3 12  40   M    M  10 1      15  40
10  63  40  52   5  13   0 0.21  0.0    0  8.8 24 220   M    M   8 1      35 210
11  63  45  54   7  11   0 0.00  0.0    0  7.9 15 310   M    M   8        22 300
12  58  35  47   0  18   0 0.00  0.0    0  7.2 16 310   M    M   1        21 310
13  63  28  46  -2  19   0 0.00  0.0    0  6.2 17 180   M    M   6        22 190
14  77  45  61  13   4   0 0.00  0.0    0 13.0 26 210   M    M   6        32 210
15  76  63  70  22   0   5 0.03  0.0    0 17.1 28 210   M    M   9 1      35 200
16  63  42  53   5  12   0 0.00  0.0    0 10.0 23 310   M    M   4        28 310
17  56  32  44  -5  21   0 0.00  0.0    0  5.0 15 280   M    M   3        19 280
18  53  32  43  -6  22   0 0.08  0.0    0  5.8 21 360   M    M   8 12     24 360
19  54  26  40  -9  25   0 0.00  0.0    0  4.8 14  30   M    M   2 12     20 310
20  57  30  44  -6  21   0 0.13  0.0    0  5.0 13  70   M    M   6 1       M  M
21  59  44  52   2  13   0 1.39  0.0    0 12.4 26 300   M    M   9 1      34 290
22  58  42  50   0  15   0 0.01  0.0    0 13.6 38 310   M    M   6        53 310
23  61  34  48  -3  17   0 0.00  0.0    0 10.0 24 300   M    M   0        31 290
================================================================================
SM 1263  819       452   5  3.55     0.0 189.7          M      146
================================================================================
AV 54.9 35.6                               8.2 FASTST   M    M   6    MAX(MPH)
                                 MISC ---->  # 38 310               # 53  310
================================================================================
NOTES:
# LAST OF SEVERAL OCCURRENCES

COLUMN 17 PEAK WIND IN M.P.H.

PRELIMINARY LOCAL CLIMATOLOGICAL DATA (WS FORM: F-6) , PAGE 2

                                          STATION:  RICHMOND VA
                                          MONTH:    MARCH
                                          YEAR:     2019
                                          LATITUDE:   37 30 N
                                          LONGITUDE:  77 20 W

[TEMPERATURE DATA]      [PRECIPITATION DATA]       SYMBOLS USED IN COLUMN 16

AVERAGE MONTHLY: 45.3   TOTAL FOR MONTH:   3.55    1 = FOG OR MIST
DPTR FM NORMAL:  -2.0   DPTR FM NORMAL:    0.59    2 = FOG REDUCING VISIBILITY
HIGHEST:    77 ON 14    GRTST 24HR  1.39 ON 21-21      TO 1/4 MILE OR LESS
LOWEST:     21 ON  7                               3 = THUNDER
                        SNOW, ICE PELLETS, HAIL    4 = ICE PELLETS
                        TOTAL MONTH:   0.0 INCH    5 = HAIL
                        GRTST 24HR     0.0         6 = FREEZING RAIN OR DRIZZLE
                        GRTST DEPTH:   0           7 = DUSTSTORM OR SANDSTORM:
                                                       VSBY 1/2 MILE OR LESS
                                                   8 = SMOKE OR HAZE
[NO. OF DAYS WITH]      [WEATHER - DAYS WITH]      9 = BLOWING SNOW
                                                   X = TORNADO
MAX 32 OR BELOW:   0    0.01 INCH OR MORE:  11
MAX 90 OR ABOVE:   0    0.10 INCH OR MORE:   5
MIN 32 OR BELOW:   9    0.50 INCH OR MORE:   3
MIN  0 OR BELOW:   0    1.00 INCH OR MORE:   1

[HDD (BASE 65) ]
TOTAL THIS MO.   452    CLEAR  (SCALE 0-3)   4
DPTR FM NORMAL    41    PTCLDY (SCALE 4-7)  12
TOTAL FM JUL 1  3242    CLOUDY (SCALE 8-10)  7
DPTR FM NORMAL  -105

[CDD (BASE 65) ]
TOTAL THIS MO.     5
DPTR FM NORMAL     5    [PRESSURE DATA]
TOTAL FM JAN 1     5    HIGHEST SLP M ON M
DPTR FM NORMAL     5    LOWEST  SLP 29.54 ON 21

[REMARKS]
