000
CXUS55 KGJT 251000
CF6RIL
PRELIMINARY LOCAL CLIMATOLOGICAL DATA (WS FORM: F-6)

                                          STATION:   RIFLE CO
                                          MONTH:     JUNE
                                          YEAR:      2019
                                          LATITUDE:   39 31 N
                                          LONGITUDE: 107 43 W

  TEMPERATURE IN F:       :PCPN:    SNOW:  WIND      :SUNSHINE: SKY     :PK WND
================================================================================
1   2   3   4   5  6A  6B    7    8   9   10  11  12  13   14  15   16   17  18
                                     12Z  AVG MX 2MIN
DY MAX MIN AVG DEP HDD CDD  WTR  SNW DPTH SPD SPD DIR MIN PSBL S-S WX    SPD DR
================================================================================

 1  84  43  64   3   1   0 0.00    M    M  5.9 17 280   M    M   0        23 260
 2  81  44  63   1   2   0    T    M    M  6.3 24 260   M    M   1 3      34 280
 3  82  47  65   3   0   0 0.03    M    M  7.5 30 150   M    M   3 3      39 150
 4  83  43  63   1   2   0    T    M    M  6.6 23 160   M    M   0 3      30 160
 5  83  43  63   0   2   0 0.01    M    M  6.2 28 220   M    M   1 3      40 220
 6  86  46  66   3   0   1 0.00    M    M  6.3 21 280   M    M   0        27 260
 7  86  52  69   6   0   4    T    M    M  7.5 26 200   M    M   2        39 200
 8  82  52  67   3   0   2 0.00    M    M 14.2 31 250   M    M   1        41 250
 9  73  44  59  -5   6   0 0.00    M    M  6.7 16 320   M    M   0        22 320
10  83  40  62  -2   3   0 0.00    M    M  7.5 26 260   M    M   0        36 260
11  84  40  62  -3   3   0 0.00    M    M  4.6 20 320   M    M   0        28 350
12  86  45  66   1   0   1 0.00    M    M  4.0 13 320   M    M   1        20 230
13  87  49  68   2   0   3    T    M    M  6.2 31 320   M    M   0 3      47 320
14  86  48  67   1   0   2 0.00    M    M  8.5 37 320   M    M   1        53 320
15  84  47  66   0   0   1 0.09    M    M  4.0 22 350   M    M   1 3      31 340
16  85  50  68   2   0   3 0.00    M    M  6.6 18 270   M    M   2        25 280
17  80  55  68   1   0   3 0.17    M    M  5.0 26 330   M    M   5 13     37 320
18  69  53  61  -6   4   0 0.30    M    M  3.9 26 360   M    M   8 1      36  10
19  83  48  66  -1   0   1    T    M    M  6.7 26 250   M    M   2 1      39 260
20  88  51  70   2   0   5    T    M    M  8.6 52 220   M    M   2        76 210
21  62  44  53 -15  12   0 1.45    M    M  6.8 26 320   M    M   9 1      39 320
22  61  43  52 -16  13   0 0.34    M    M  6.1 23 310   M    M   5 1      31 310
23  67  42  55 -14  10   0    T    M    M  4.8 15 260   M    M   6        27 250
24  80  41  61  -8   4   0 0.00    M    M  6.6 24 240   M    M   0        34 280
================================================================================
SM 1925 1110        62  26  2.39    M    157.1          M       50
================================================================================
AV 80.2 46.3                               6.5 FASTST   M    M   2    MAX(MPH)
                                 MISC ---->  # 52 220               # 76  210
================================================================================
NOTES:
# LAST OF SEVERAL OCCURRENCES

COLUMN 17 PEAK WIND IN M.P.H.

PRELIMINARY LOCAL CLIMATOLOGICAL DATA (WS FORM: F-6) , PAGE 2

                                          STATION:  RIFLE CO
                                          MONTH:    JUNE
                                          YEAR:     2019
                                          LATITUDE:   39 31 N
                                          LONGITUDE: 107 43 W

[TEMPERATURE DATA]      [PRECIPITATION DATA]       SYMBOLS USED IN COLUMN 16

AVERAGE MONTHLY: 63.2   TOTAL FOR MONTH:   2.39    1 = FOG OR MIST
DPTR FM NORMAL:  -2.0   DPTR FM NORMAL:    1.47    2 = FOG REDUCING VISIBILITY
HIGHEST:    88 ON 20    GRTST 24HR  1.45 ON 21-21      TO 1/4 MILE OR LESS
LOWEST:     40 ON 11,10                            3 = THUNDER
                        SNOW, ICE PELLETS, HAIL    4 = ICE PELLETS
                        TOTAL MONTH:    M          5 = HAIL
                        GRTST 24HR    M  ON   M    6 = FREEZING RAIN OR DRIZZLE
                        GRTST DEPTH:  M  ON   M    7 = DUSTSTORM OR SANDSTORM:
                                                       VSBY 1/2 MILE OR LESS
                                                   8 = SMOKE OR HAZE
[NO. OF DAYS WITH]      [WEATHER - DAYS WITH]      9 = BLOWING SNOW
                                                   X = TORNADO
MAX 32 OR BELOW:   0    0.01 INCH OR MORE:   7
MAX 90 OR ABOVE:   0    0.10 INCH OR MORE:   4
MIN 32 OR BELOW:   0    0.50 INCH OR MORE:   1
MIN  0 OR BELOW:   0    1.00 INCH OR MORE:   1

[HDD (BASE 65) ]
TOTAL THIS MO.    62    CLEAR  (SCALE 0-3)  18
DPTR FM NORMAL     5    PTCLDY (SCALE 4-7)   5
TOTAL FM JUL 1  6675    CLOUDY (SCALE 8-10)  1
DPTR FM NORMAL    52

[CDD (BASE 65) ]
TOTAL THIS MO.    26
DPTR FM NORMAL   -37    [PRESSURE DATA]
TOTAL FM JAN 1    26    HIGHEST SLP M ON M
DPTR FM NORMAL   -44    LOWEST  SLP 29.55 ON 20

[REMARKS]
