000
CXUS55 KGJT 261000
CF6RIL
PRELIMINARY LOCAL CLIMATOLOGICAL DATA (WS FORM: F-6)

                                          STATION:   RIFLE CO
                                          MONTH:     MARCH
                                          YEAR:      2019
                                          LATITUDE:   39 31 N
                                          LONGITUDE: 107 43 W

  TEMPERATURE IN F:       :PCPN:    SNOW:  WIND      :SUNSHINE: SKY     :PK WND
================================================================================
1   2   3   4   5  6A  6B    7    8   9   10  11  12  13   14  15   16   17  18
                                     12Z  AVG MX 2MIN
DY MAX MIN AVG DEP HDD CDD  WTR  SNW DPTH SPD SPD DIR MIN PSBL S-S WX    SPD DR
================================================================================

 1  46  34  40   5  25   0 0.13    M    M  4.4 21 250   M    M   7 1      28 250
 2  48  33  41   5  24   0 0.37    M    M  4.7 12 270   M    M   7 1      15 270
 3  36  29  33  -3  32   0 0.20    M    M  2.3 13 270   M    M   8 12     17 270
 4  41  21  31  -5  34   0 0.00    M    M  2.9 13 320   M    M   2        18 300
 5  44  20  32  -4  33   0 0.00    M    M  2.2  8 110   M    M   4         9 110
 6  45  35  40   3  25   0 0.44    M    M  4.0 14 280   M    M  10 1      18 240
 7  50  34  42   5  23   0 0.11    M    M  5.2 25 250   M    M   4 3      36 250
 8  40  32  36  -1  29   0 0.42    M    M  4.6 12 250   M    M   8 1      16 250
 9  42  30  36  -2  29   0    T    M    M  5.9 17 250   M    M   7        21 270
10  48  29  39   1  26   0 0.00    M    M  2.8 10 260   M    M   5 1      16 270
11  48  31  40   2  25   0 0.00    M    M  3.5 14 250   M    M   5        17 280
12  44  32  38   0  27   0 0.41    M    M  1.4 10 150   M    M   7 1      13 160
13  39  30  35  -4  30   0 0.21    M    M 13.8 28 300   M    M   8 1      38 290
14  38  23  31  -8  34   0 0.00    M    M 10.3 21 300   M    M   3        29 290
15  46  19  33  -6  32   0 0.00    M    M  3.4 10 120   M    M   0        12 110
16  54  23  39  -1  26   0 0.00    M    M  3.3 15 320   M    M   0        19 330
17  57  25  41   1  24   0 0.00    M    M  2.0 10 210   M    M   0        14 230
18  58  26  42   2  23   0 0.00    M    M  6.0 23 270   M    M   1        34 260
19  53  27  40   0  25   0 0.00    M    M  7.1 23 290   M    M   1        31 290
20  58  21  40  -1  25   0 0.00    M    M  3.0 12 130   M    M   0        15 160
21  59  27  43   2  22   0 0.01    M    M  5.8 47 270   M    M   2 8      60 260
22  46  30  38  -3  27   0 0.06    M    M  3.5 15 260   M    M   9 1      19 260
23  52  34  43   1  22   0 0.01    M    M  4.1 16 260   M    M   8 1      25 260
24  51  32  42   0  23   0 0.07    M    M  4.4 28 260   M    M   8 13     33 250
25  58  30  44   2  21   0 0.00    M    M  3.7 15 140   M    M   3 12     17 140
================================================================================
SM 1201  707       666   0  2.44    M    114.3          M      117
================================================================================
AV 48.0 28.3                               4.6 FASTST   M    M   5    MAX(MPH)
                                 MISC ---->  # 47 270               # 60  260
================================================================================
NOTES:
# LAST OF SEVERAL OCCURRENCES

COLUMN 17 PEAK WIND IN M.P.H.

PRELIMINARY LOCAL CLIMATOLOGICAL DATA (WS FORM: F-6) , PAGE 2

                                          STATION:  RIFLE CO
                                          MONTH:    MARCH
                                          YEAR:     2019
                                          LATITUDE:   39 31 N
                                          LONGITUDE: 107 43 W

[TEMPERATURE DATA]      [PRECIPITATION DATA]       SYMBOLS USED IN COLUMN 16

AVERAGE MONTHLY: 38.2   TOTAL FOR MONTH:   2.44    1 = FOG OR MIST
DPTR FM NORMAL:  -0.6   DPTR FM NORMAL:    1.57    2 = FOG REDUCING VISIBILITY
HIGHEST:    59 ON 21    GRTST 24HR  0.44 ON  6- 6      TO 1/4 MILE OR LESS
LOWEST:     19 ON 15                               3 = THUNDER
                        SNOW, ICE PELLETS, HAIL    4 = ICE PELLETS
                        TOTAL MONTH:    M          5 = HAIL
                        GRTST 24HR    M  ON   M    6 = FREEZING RAIN OR DRIZZLE
                        GRTST DEPTH:  M  ON   M    7 = DUSTSTORM OR SANDSTORM:
                                                       VSBY 1/2 MILE OR LESS
                                                   8 = SMOKE OR HAZE
[NO. OF DAYS WITH]      [WEATHER - DAYS WITH]      9 = BLOWING SNOW
                                                   X = TORNADO
MAX 32 OR BELOW:   0    0.01 INCH OR MORE:  12
MAX 90 OR ABOVE:   0    0.10 INCH OR MORE:   8
MIN 32 OR BELOW:  20    0.50 INCH OR MORE:   0
MIN  0 OR BELOW:   0    1.00 INCH OR MORE:   0

[HDD (BASE 65) ]
TOTAL THIS MO.   666    CLEAR  (SCALE 0-3)  10
DPTR FM NORMAL    11    PTCLDY (SCALE 4-7)  11
TOTAL FM JUL 1  5693    CLOUDY (SCALE 8-10)  4
DPTR FM NORMAL    41

[CDD (BASE 65) ]
TOTAL THIS MO.     0
DPTR FM NORMAL     0    [PRESSURE DATA]
TOTAL FM JAN 1     0    HIGHEST SLP M ON M
DPTR FM NORMAL     0    LOWEST  SLP 29.04 ON 13

[REMARKS]
