000
CXUS56 KSGX 261445
CF6RIV
PRELIMINARY LOCAL CLIMATOLOGICAL DATA (WS FORM: F-6)

                                          STATION:   RIVERSIDE/MARCH FIELD CA
                                          MONTH:     MAY
                                          YEAR:      2019
                                          LATITUDE:   33 54 N
                                          LONGITUDE: 117 15 W

  TEMPERATURE IN F:       :PCPN:    SNOW:  WIND      :SUNSHINE: SKY     :PK WND
================================================================================
1   2   3   4   5  6A  6B    7    8   9   10  11  12  13   14  15   16   17  18
                                     12Z  AVG MX 2MIN
DY MAX MIN AVG DEP HDD CDD  WTR  SNW DPTH SPD SPD DIR MIN PSBL S-S WX    SPD DR
================================================================================

 1  73  48  61   M   4   0 0.00  0.0    0  6.0 12 300   M    M   4         M  M
 2  77  42  60   M   5   0 0.00  0.0    0  4.0 12 290   M    M   2        20 310
 3  79  44  62   M   3   0 0.00  0.0    0  4.6 14 310   M    M   0         M  M
 4  79  42  61   M   4   0 0.00  0.0    M  6.9 15 300   M    M   1         M  M
 5  75  49  62   M   3   0 0.00  0.0    0  5.4 17 300   M    M   5 1      22 310
 6  65  47  56   M   9   0 0.07    M    0  3.9  9 300   M    M   7 13      M  M
 7  64  52  58   M   7   0 0.00  0.0    0  5.5 10 290   M    M  10         M  M
 8  64  54  59   M   6   0    T  0.0    0  4.7  8 300   M    M   9         M  M
 9  64  54  59   M   6   0 0.01    M    0  4.5  8 330   M    M  10 1       M  M
10  64  53  59   M   6   0 0.11  0.0    0  3.5  9 300   M    M   9 1       M  M
11   M   M   M   M   M   M    T    M    0  4.9 14 310   M    M   5 1      16 300
12  81  45  63   M   2   0 0.00  0.0    0  4.9 17 320   M    M   1         M  M
13  77  52  65   M   0   0 0.00  0.0    0  4.2 12 320   M    M   4 1       M  M
14  83  55  69   M   0   4 0.00  0.0    0  5.1 13 300   M    M   6 1      17 310
15  76  54  65   M   0   0 0.00  0.0    0  5.8 14 310   M    M   5 1       M  M
16  67  54  61   M   4   0 0.04    M    0  9.2 16 260   M    M   6 1      23 240
17  70  49  60   M   5   0 0.00  0.0    0  6.1 14 300   M    M   2        21 300
18  73  39  56   M   9   0    T    M    0  5.4 14 310   M    M   3        18 310
19  64  47  56   M   9   0 0.27    M    0  8.6 15 280   M    M   9 1       M  M
20  68  47  58   M   7   0    T    M    0  6.7 12 330   M    M   7         M  M
21   M   M   M   M   M   M 0.00  0.0    0  7.5 16 260   M    M   7        24 270
22  63  48  56   M   9   0 0.49    M    M  5.5 14 180   M    M   7 135    20 180
23  61  45  53   M  12   0 0.00  0.0    0  5.6 10 180   M    M   8         M  M
24  77  40  59   M   6   0 0.00  0.0    0  4.4 13 290   M    M   0        20 300
25  73  44  59   M   6   0 0.00  0.0    0  5.3 15 310   M    M   1        17 280
================================================================================
SM 1637 1104       122   4  0.99     0.0 138.2          M      128
================================================================================
AV 71.2 48.0                               5.5 FASTST   M    M   5    MAX(MPH)
                                 MISC ---->  # 17 300               # 24  270
================================================================================
NOTES:
# LAST OF SEVERAL OCCURRENCES

COLUMN 17 PEAK WIND IN M.P.H.

PRELIMINARY LOCAL CLIMATOLOGICAL DATA (WS FORM: F-6) , PAGE 2

                                          STATION:  RIVERSIDE/MARCH FIELD CA
                                          MONTH:    MAY
                                          YEAR:     2019
                                          LATITUDE:   33 54 N
                                          LONGITUDE: 117 15 W

[TEMPERATURE DATA]      [PRECIPITATION DATA]       SYMBOLS USED IN COLUMN 16

AVERAGE MONTHLY: 59.6   TOTAL FOR MONTH:   0.99    1 = FOG OR MIST
DPTR FM NORMAL:     M   DPTR FM NORMAL:       M    2 = FOG REDUCING VISIBILITY
HIGHEST:    83 ON 14    GRTST 24HR  0.49 ON 22-22      TO 1/4 MILE OR LESS
LOWEST:     39 ON 18                               3 = THUNDER
                        SNOW, ICE PELLETS, HAIL    4 = ICE PELLETS
                        TOTAL MONTH:   0.0 INCH    5 = HAIL
                        GRTST 24HR     0.0         6 = FREEZING RAIN OR DRIZZLE
                        GRTST DEPTH:   0           7 = DUSTSTORM OR SANDSTORM:
                                                       VSBY 1/2 MILE OR LESS
                                                   8 = SMOKE OR HAZE
[NO. OF DAYS WITH]      [WEATHER - DAYS WITH]      9 = BLOWING SNOW
                                                   X = TORNADO
MAX 32 OR BELOW:   0    0.01 INCH OR MORE:   6
MAX 90 OR ABOVE:   0    0.10 INCH OR MORE:   3
MIN 32 OR BELOW:   0    0.50 INCH OR MORE:   0
MIN  0 OR BELOW:   0    1.00 INCH OR MORE:   0

[HDD (BASE 65) ]
TOTAL THIS MO.   122    CLEAR  (SCALE 0-3)   8
DPTR FM NORMAL     M    PTCLDY (SCALE 4-7)  11
TOTAL FM JUL 1  2144    CLOUDY (SCALE 8-10)  6
DPTR FM NORMAL     M

[CDD (BASE 65) ]
TOTAL THIS MO.     4
DPTR FM NORMAL     M    [PRESSURE DATA]
TOTAL FM JAN 1    21    HIGHEST SLP M ON M
DPTR FM NORMAL     M    LOWEST  SLP M ON M

[REMARKS]
