000
CXUS56 KSGX 221445
CF6RIV
PRELIMINARY LOCAL CLIMATOLOGICAL DATA (WS FORM: F-6)

                                          STATION:   RIVERSIDE/MARCH FIELD CA
                                          MONTH:     MARCH
                                          YEAR:      2019
                                          LATITUDE:   33 54 N
                                          LONGITUDE: 117 15 W

  TEMPERATURE IN F:       :PCPN:    SNOW:  WIND      :SUNSHINE: SKY     :PK WND
================================================================================
1   2   3   4   5  6A  6B    7    8   9   10  11  12  13   14  15   16   17  18
                                     12Z  AVG MX 2MIN
DY MAX MIN AVG DEP HDD CDD  WTR  SNW DPTH SPD SPD DIR MIN PSBL S-S WX    SPD DR
================================================================================

 1  65  51  58   M   7   0 0.00  0.0    0  3.7  8 310   M    M   7 1       M  M
 2  60  50  55   M  10   0 0.50  0.0    0  7.9 15 160   M    M   9 1       M  M
 3  63  49  56   M   9   0 0.00  0.0    0  5.4 14 310   M    M   7         M  M
 4  60  40  50   M  15   0 0.00  0.0    0  2.0  8 290   M    M   6         M  M
 5  72  35  54   M  11   0    T    M    0  4.5 13 120   M    M   4 13      M  M
 6  58  47  53   M  12   0 0.37    M    0  7.8 14 150   M    M   9 13      M  M
 7  61  45  53   M  12   0 0.00  0.0    0  4.9 15 170   M    M   8 1       M  M
 8  56  40  48   M  17   0 0.02    M    0  6.7 14 280   M    M   4        21 240
 9  57  38  48   M  17   0 0.00  0.0    0  3.9  8 270   M    M   7         M  M
10  56  37  47   M  18   0 0.00  0.0    0  1.6  7 270   M    M   4         M  M
11  60  35  48   M  17   0 0.02    M    0  3.9 13 100   M    M   3         M  M
12  64  46  55   M  10   0 0.12    M    0  6.8 13 290   M    M   3        20 280
13   M   M   M   M   M   M    M  0.0    M   M   M   M   M    M   8         M  M
14  64  34  49   M  16   0 0.00  0.0    M  7.4 20  80   M    M   0        32  80
15  68  36  52   M  13   0 0.00  0.0    0  3.2 10  90   M    M   0        17  90
16  74  34  54   M  11   0 0.00    M    0  3.3 17 100   M    M   0        23 100
17  78  36  57   M   8   0 0.00  0.0    M  3.6 14  60   M    M   0        20  60
18  78  39  59   M   6   0 0.00  0.0    0  2.7 12 310   M    M   0         M  M
19  74  42  58   M   7   0 0.00  0.0    0  4.9 13 150   M    M   1         M  M
20  62  47  55   M  10   0 0.75    M    0  4.2  8 130   M    M   7 135     M  M
21  55  42  49   M  16   0    T    M    0  3.3  7 140   M    M   8 12      M  M
================================================================================
SM 1285  823       242   0  1.78     0.0  91.7          M       95
================================================================================
AV 64.3 41.2                               4.6 FASTST   M    M   5    MAX(MPH)
                                 MISC ---->  # 20  80               # 32   80
================================================================================
NOTES:
# LAST OF SEVERAL OCCURRENCES

COLUMN 17 PEAK WIND IN M.P.H.

PRELIMINARY LOCAL CLIMATOLOGICAL DATA (WS FORM: F-6) , PAGE 2

                                          STATION:  RIVERSIDE/MARCH FIELD CA
                                          MONTH:    MARCH
                                          YEAR:     2019
                                          LATITUDE:   33 54 N
                                          LONGITUDE: 117 15 W

[TEMPERATURE DATA]      [PRECIPITATION DATA]       SYMBOLS USED IN COLUMN 16

AVERAGE MONTHLY: 52.7   TOTAL FOR MONTH:   1.78    1 = FOG OR MIST
DPTR FM NORMAL:     M   DPTR FM NORMAL:       M    2 = FOG REDUCING VISIBILITY
HIGHEST:    78 ON 18,17 GRTST 24HR  0.75 ON 20-20      TO 1/4 MILE OR LESS
LOWEST:     34 ON 16,14                            3 = THUNDER
                        SNOW, ICE PELLETS, HAIL    4 = ICE PELLETS
                        TOTAL MONTH:   0.0 INCH    5 = HAIL
                        GRTST 24HR     0.0         6 = FREEZING RAIN OR DRIZZLE
                        GRTST DEPTH:   0           7 = DUSTSTORM OR SANDSTORM:
                                                       VSBY 1/2 MILE OR LESS
                                                   8 = SMOKE OR HAZE
[NO. OF DAYS WITH]      [WEATHER - DAYS WITH]      9 = BLOWING SNOW
                                                   X = TORNADO
MAX 32 OR BELOW:   0    0.01 INCH OR MORE:   6
MAX 90 OR ABOVE:   0    0.10 INCH OR MORE:   4
MIN 32 OR BELOW:   0    0.50 INCH OR MORE:   2
MIN  0 OR BELOW:   0    1.00 INCH OR MORE:   0

[HDD (BASE 65) ]
TOTAL THIS MO.   242    CLEAR  (SCALE 0-3)   6
DPTR FM NORMAL     M    PTCLDY (SCALE 4-7)  11
TOTAL FM JUL 1  1784    CLOUDY (SCALE 8-10)  4
DPTR FM NORMAL     M

[CDD (BASE 65) ]
TOTAL THIS MO.     0
DPTR FM NORMAL     M    [PRESSURE DATA]
TOTAL FM JAN 1     0    HIGHEST SLP M ON M
DPTR FM NORMAL     M    LOWEST  SLP M ON M

[REMARKS]
