000
CXUS55 KRIW 220945
CF6RIW
PRELIMINARY LOCAL CLIMATOLOGICAL DATA (WS FORM: F-6)

                                          STATION:   RIVERTON WY
                                          MONTH:     MARCH
                                          YEAR:      2019
                                          LATITUDE:   43  2 N
                                          LONGITUDE: 108 27 W

  TEMPERATURE IN F:       :PCPN:    SNOW:  WIND      :SUNSHINE: SKY     :PK WND
================================================================================
1   2   3   4   5  6A  6B    7    8   9   10  11  12  13   14  15   16   17  18
                                     12Z  AVG MX 2MIN
DY MAX MIN AVG DEP HDD CDD  WTR  SNW DPTH SPD SPD DIR MIN PSBL S-S WX    SPD DR
================================================================================

 1  37  17  27  -3  38   0 0.00  0.0    0  6.9 20  10   M    M   1        25  20
 2  24   0  12 -18  53   0 0.01  0.3    T 13.8 20  70   M    M  10 18     25  70
 3   9  -2   4 -26  61   0    T  0.1    T  7.1 14  60   M    M   7 8      17  60
 4  20  -8   6 -25  59   0 0.00  0.0    T  2.6  9  90   M    M   0        14  70
 5  28  -1  14 -17  51   0 0.00  0.0    T  5.8 10 320   M    M   0        11 310
 6  33  16  25  -7  40   0 0.11  1.1    T  4.4 12 350   M    M   4 1      15 350
 7  35  20  28  -4  37   0 0.00  0.0    1  3.5 14 160   M    M   6 1      16 160
 8  33  20  27  -6  38   0 0.16  1.7    T  6.6 23  20   M    M   7 1      31  20
 9  33  17  25  -8  40   0 0.01  0.2    2  6.0 18  10   M    M   4 1      23  20
10  35  11  23 -11  42   0 0.00  0.0    1  6.8 13 290   M    M   0        15 290
11  41  15  28  -6  37   0 0.00  0.0    T  4.4 12  50   M    M   0        14  40
12  50  21  36   2  29   0 0.00  0.0    T  7.2 13 330   M    M   1        16 150
13  34  25  30  -5  35   0 0.02  0.7    T 14.8 28 360   M    M  10 18     36 360
14  36  20  28  -7  37   0 0.00  0.0    T 10.0 26 350   M    M   3        33 350
15  40  15  28  -7  37   0 0.00  0.0    0  7.7 15 110   M    M   0        19 110
16  44  16  30  -6  35   0 0.00  0.0    0  4.6 12 110   M    M   0        19 140
17  47  19  33  -3  32   0 0.00  0.0    0  4.4 14  70   M    M   0        18  80
18  48  23  36   0  29   0 0.00  0.0    0  5.6 14  60   M    M   2        19  60
19  49  24  37   0  28   0 0.00  0.0    0  5.6 13  30   M    M   1        17  20
20  55  23  39   2  26   0 0.00  0.0    0  6.2 13 150   M    M   0        16 150
21  54  23  39   2  26   0 0.00  0.0    0  6.5 16  90   M    M   0        22  90
================================================================================
SM  785  314       810   0  0.31     4.1 140.5          M       56
================================================================================
AV 37.4 15.0                               6.7 FASTST   M    M   3    MAX(MPH)
                                 MISC ---->  # 28 360               # 36  360
================================================================================
NOTES:
# LAST OF SEVERAL OCCURRENCES

COLUMN 17 PEAK WIND IN M.P.H.

PRELIMINARY LOCAL CLIMATOLOGICAL DATA (WS FORM: F-6) , PAGE 2

                                          STATION:  RIVERTON WY
                                          MONTH:    MARCH
                                          YEAR:     2019
                                          LATITUDE:   43  2 N
                                          LONGITUDE: 108 27 W

[TEMPERATURE DATA]      [PRECIPITATION DATA]       SYMBOLS USED IN COLUMN 16

AVERAGE MONTHLY: 26.2   TOTAL FOR MONTH:   0.31    1 = FOG OR MIST
DPTR FM NORMAL:  -7.5   DPTR FM NORMAL:    0.01    2 = FOG REDUCING VISIBILITY
HIGHEST:    55 ON 20    GRTST 24HR  0.16 ON  8- 8      TO 1/4 MILE OR LESS
LOWEST:     -8 ON  4                               3 = THUNDER
                        SNOW, ICE PELLETS, HAIL    4 = ICE PELLETS
                        TOTAL MONTH:   4.1 INCHES  5 = HAIL
                        GRTST 24HR   1.7 ON  8- 8  6 = FREEZING RAIN OR DRIZZLE
                        GRTST DEPTH:   2 ON  9     7 = DUSTSTORM OR SANDSTORM:
                                                       VSBY 1/2 MILE OR LESS
                                                   8 = SMOKE OR HAZE
[NO. OF DAYS WITH]      [WEATHER - DAYS WITH]      9 = BLOWING SNOW
                                                   X = TORNADO
MAX 32 OR BELOW:   4    0.01 INCH OR MORE:   5
MAX 90 OR ABOVE:   0    0.10 INCH OR MORE:   2
MIN 32 OR BELOW:  21    0.50 INCH OR MORE:   0
MIN  0 OR BELOW:   4    1.00 INCH OR MORE:   0

[HDD (BASE 65) ]
TOTAL THIS MO.   810    CLEAR  (SCALE 0-3)  14
DPTR FM NORMAL   153    PTCLDY (SCALE 4-7)   5
TOTAL FM JUL 1  7032    CLOUDY (SCALE 8-10)  2
DPTR FM NORMAL   521

[CDD (BASE 65) ]
TOTAL THIS MO.     0
DPTR FM NORMAL     0    [PRESSURE DATA]
TOTAL FM JAN 1     0    HIGHEST SLP M ON M
DPTR FM NORMAL     0    LOWEST  SLP 29.49 ON 13

[REMARKS]
