000
CXUS55 KRIW 260945
CF6RIW
PRELIMINARY LOCAL CLIMATOLOGICAL DATA (WS FORM: F-6)

                                          STATION:   RIVERTON WY
                                          MONTH:     MAY
                                          YEAR:      2019
                                          LATITUDE:   43  2 N
                                          LONGITUDE: 108 27 W

  TEMPERATURE IN F:       :PCPN:    SNOW:  WIND      :SUNSHINE: SKY     :PK WND
================================================================================
1   2   3   4   5  6A  6B    7    8   9   10  11  12  13   14  15   16   17  18
                                     12Z  AVG MX 2MIN
DY MAX MIN AVG DEP HDD CDD  WTR  SNW DPTH SPD SPD DIR MIN PSBL S-S WX    SPD DR
================================================================================

 1  42  26  34 -15  31   0 0.11  1.8    5  6.2 21  20   M    M   6 1      26  20
 2  56  26  41  -8  24   0 0.00  0.0    0  7.9 22 260   M    M   3        28 260
 3  62  30  46  -4  19   0 0.00  0.0    0  7.6 23 310   M    M   0        27 290
 4  65  33  49  -1  16   0 0.00  0.0    0  8.4 25 290   M    M   1        36 290
 5  64  38  51   1  14   0 0.00  0.0    0  9.7 22  90   M    M   0        28  80
 6  60  36  48  -3  17   0 0.00  0.0    0  8.3 21  90   M    M   7 3      28  90
 7  53  38  46  -5  19   0 0.35  0.0    0  8.8 28  20   M    M   9 13     33  20
 8  50  32  41 -10  24   0 0.05    T    0 15.8 26  20   M    M   9 1      33  20
 9  44  31  38 -14  27   0 0.06    T    0  7.2 18  80   M    M   8 128    23  90
10  56  29  43  -9  22   0 0.00  0.0    0  5.0 12  90   M    M   4 12     14  10
11  63  38  51  -1  14   0 0.00  0.0    0  8.2 22  50   M    M   4        26  30
12  76  37  57   4   8   0 0.00  0.0    0  6.9 23 320   M    M   0        29 320
13  78  48  63  10   2   0 0.00  0.0    0  9.1 21 310   M    M   1        27 270
14  78  47  63  10   2   0 0.01  0.0    0  9.4 33 250   M    M   1 3      43 240
15  74  44  59   5   6   0 0.00  0.0    0  6.6 21 240   M    M   1        26 230
16  75  48  62   8   3   0    T  0.0    0  7.5 39 170   M    M   1 3      49 170
17  67  44  56   2   9   0    T  0.0    0 12.0 28 190   M    M   4        35 210
18  51  35  43 -12  22   0 0.01    T    0 10.3 21  40   M    M   7        26  40
19  45  31  38 -17  27   0 0.28  1.4    0 12.0 20  80   M    M  10 1      27  80
20  44  31  38 -17  27   0 0.21  0.5    2  9.0 20 110   M    M  10 12     24 100
21  41  31  36 -20  29   0 0.55  2.1    0  5.9 13 100   M    M  10 1      15  80
22  48  32  40 -16  25   0 0.28  1.2    1  9.9 23  20   M    M   9 1      28  20
23  39  33  36 -20  29   0 0.47    T    0  7.7 16 320   M    M  10 1      19 330
24  61  33  47  -9  18   0    T  0.0    0  5.4 15  40   M    M   4 1      20  50
25  66  35  51  -6  14   0 0.00  0.0    0  6.5 26 180   M    M   2        32 180
================================================================================
SM 1458  886       448   0  2.38     7.0 211.3          M      121
================================================================================
AV 58.3 35.4                               8.5 FASTST   M    M   5    MAX(MPH)
                                 MISC ---->  # 39 170               # 49  170
================================================================================
NOTES:
# LAST OF SEVERAL OCCURRENCES

COLUMN 17 PEAK WIND IN M.P.H.

PRELIMINARY LOCAL CLIMATOLOGICAL DATA (WS FORM: F-6) , PAGE 2

                                          STATION:  RIVERTON WY
                                          MONTH:    MAY
                                          YEAR:     2019
                                          LATITUDE:   43  2 N
                                          LONGITUDE: 108 27 W

[TEMPERATURE DATA]      [PRECIPITATION DATA]       SYMBOLS USED IN COLUMN 16

AVERAGE MONTHLY: 46.9   TOTAL FOR MONTH:   2.38    1 = FOG OR MIST
DPTR FM NORMAL:  -6.1   DPTR FM NORMAL:    0.93    2 = FOG REDUCING VISIBILITY
HIGHEST:    78 ON 14,13 GRTST 24HR  0.55 ON 21-21      TO 1/4 MILE OR LESS
LOWEST:     26 ON  2, 1                            3 = THUNDER
                        SNOW, ICE PELLETS, HAIL    4 = ICE PELLETS
                        TOTAL MONTH:   7.0 INCHES  5 = HAIL
                        GRTST 24HR   2.1 ON 21-21  6 = FREEZING RAIN OR DRIZZLE
                        GRTST DEPTH:   5 ON  1     7 = DUSTSTORM OR SANDSTORM:
                                                       VSBY 1/2 MILE OR LESS
                                                   8 = SMOKE OR HAZE
[NO. OF DAYS WITH]      [WEATHER - DAYS WITH]      9 = BLOWING SNOW
                                                   X = TORNADO
MAX 32 OR BELOW:   0    0.01 INCH OR MORE:  11
MAX 90 OR ABOVE:   0    0.10 INCH OR MORE:   7
MIN 32 OR BELOW:  10    0.50 INCH OR MORE:   1
MIN  0 OR BELOW:   0    1.00 INCH OR MORE:   0

[HDD (BASE 65) ]
TOTAL THIS MO.   448    CLEAR  (SCALE 0-3)  10
DPTR FM NORMAL   143    PTCLDY (SCALE 4-7)   8
TOTAL FM JUL 1  8312    CLOUDY (SCALE 8-10)  7
DPTR FM NORMAL   611

[CDD (BASE 65) ]
TOTAL THIS MO.     0
DPTR FM NORMAL     0    [PRESSURE DATA]
TOTAL FM JAN 1     0    HIGHEST SLP M ON M
DPTR FM NORMAL     0    LOWEST  SLP 29.46 ON 16

[REMARKS]
