000
CXUS54 KCRP 261300
CF6RKP
PRELIMINARY LOCAL CLIMATOLOGICAL DATA (WS FORM: F-6)

                                          STATION:   ROCKPORT
                                          MONTH:     MARCH
                                          YEAR:      2019
                                          LATITUDE:   28  4 N
                                          LONGITUDE:  97  3 W

  TEMPERATURE IN F:       :PCPN:    SNOW:  WIND      :SUNSHINE: SKY     :PK WND
================================================================================
1   2   3   4   5  6A  6B    7    8   9   10  11  12  13   14  15   16   17  18
                                     12Z  AVG MX 2MIN
DY MAX MIN AVG DEP HDD CDD  WTR  SNW DPTH SPD SPD DIR MIN PSBL S-S WX    SPD DR
================================================================================

 1  62  46  54  -9  11   0 0.00  0.0    0  6.8 12  20   M    M  10 128    15  10
 2  67  61  64   1   1   0    T  0.0    0  8.1 13  90   M    M  10 12     17  80
 3  66  44  55  -8  10   0    T    M    0 14.5 25  20   M    M  10 128    34  10
 4  44  35  40 -23  25   0    T    M    0 16.4 24 360   M    M  10 18     30 360
 5  51  33  42 -21  23   0 0.00  0.0    0 13.0 22  10   M    M   4        28  20
 6  57  36  47 -17  18   0 0.00  0.0    M  6.2 12  80   M    M   6 1      15  60
 7  72  53  63  -1   2   0    T  0.0    0  4.9 12 150   M    M   9 12     16 150
 8  76  63  70   6   0   5    T  0.0    0  9.2 17 160   M    M  10 128    26 170
 9  78  65  72   8   0   7 0.00  0.0    0  8.8 16 160   M    M   7 128    23 160
10  75  66  71   7   0   6    T  0.0    0  8.1 15  80   M    M  10 128    20  80
11  74  66  70   5   0   5 0.00  0.0    0  9.9 15  90   M    M   9 128    19  80
12  77  67  72   7   0   7    T  0.0    0 13.8 22 130   M    M   9 128    30 130
13  77  69  73   8   0   8 0.00  0.0    0 13.8 22 180   M    M   7 18     30 170
14  78  65  72   7   0   7    T  0.0    0 13.0 26  10   M    M   9 18     34 360
15  65  51  58  -7   7   0 0.05  0.0    0 16.0 29  30   M    M  10 3      36  30
16  56  50  53 -13  12   0 0.02  0.0    0  7.8 15  20   M    M   7 3      20  20
17  62  51  57  -9   8   0    T  0.0    0  5.7 12 140   M    M   7        14 140
18  67  51  59  -7   6   0 0.00  0.0    0  9.1 16  60   M    M   2        21  50
19  67  54  61  -5   4   0 0.00  0.0    0  9.2 14  70   M    M   9        18  80
20  69  54  62  -4   3   0 0.00  0.0    0  6.7 13 100   M    M   7 1      16 120
21  71  52  62  -5   3   0 0.00  0.0    0  7.5 15 140   M    M   0 18     18 140
22  75  57  66  -1   0   1 0.00  0.0    0  9.2 17 140   M    M   4 18     21 130
23  76  65  71   4   0   6 0.00  0.0    M 12.0 20 130   M    M   7        26 140
24  77  65  71   4   0   6 0.00  0.0    0 10.3 18 140   M    M   6 1      22 140
25  76  66  71   3   0   6 0.00  0.0    0  5.8 12 140   M    M   5 1      16 150
================================================================================
SM 1715 1385       133  64  0.07     0.0 245.8          M      184
================================================================================
AV 68.6 55.4                               9.8 FASTST   M    M   7    MAX(MPH)
                                 MISC ---->  # 29  30               # 36   30
================================================================================
NOTES:
# LAST OF SEVERAL OCCURRENCES

COLUMN 17 PEAK WIND IN M.P.H.

PRELIMINARY LOCAL CLIMATOLOGICAL DATA (WS FORM: F-6) , PAGE 2

                                          STATION:  ROCKPORT
                                          MONTH:    MARCH
                                          YEAR:     2019
                                          LATITUDE:   28  4 N
                                          LONGITUDE:  97  3 W

[TEMPERATURE DATA]      [PRECIPITATION DATA]       SYMBOLS USED IN COLUMN 16

AVERAGE MONTHLY: 62.0   TOTAL FOR MONTH:   0.07    1 = FOG OR MIST
DPTR FM NORMAL:  -3.0   DPTR FM NORMAL:   -1.63    2 = FOG REDUCING VISIBILITY
HIGHEST:    78 ON 14, 9 GRTST 24HR  0.05 ON 15-15      TO 1/4 MILE OR LESS
LOWEST:     33 ON  5                               3 = THUNDER
                        SNOW, ICE PELLETS, HAIL    4 = ICE PELLETS
                        TOTAL MONTH:   0.0 INCH    5 = HAIL
                        GRTST 24HR     0.0         6 = FREEZING RAIN OR DRIZZLE
                        GRTST DEPTH:   0           7 = DUSTSTORM OR SANDSTORM:
                                                       VSBY 1/2 MILE OR LESS
                                                   8 = SMOKE OR HAZE
[NO. OF DAYS WITH]      [WEATHER - DAYS WITH]      9 = BLOWING SNOW
                                                   X = TORNADO
MAX 32 OR BELOW:   0    0.01 INCH OR MORE:   2
MAX 90 OR ABOVE:   0    0.10 INCH OR MORE:   0
MIN 32 OR BELOW:   0    0.50 INCH OR MORE:   0
MIN  0 OR BELOW:   0    1.00 INCH OR MORE:   0

[HDD (BASE 65) ]
TOTAL THIS MO.   133    CLEAR  (SCALE 0-3)   2
DPTR FM NORMAL    64    PTCLDY (SCALE 4-7)  11
TOTAL FM JUL 1   942    CLOUDY (SCALE 8-10) 12
DPTR FM NORMAL    88

[CDD (BASE 65) ]
TOTAL THIS MO.    64
DPTR FM NORMAL    -4    [PRESSURE DATA]
TOTAL FM JAN 1    99    HIGHEST SLP M ON M
DPTR FM NORMAL   -21    LOWEST  SLP 29.59 ON 13

[REMARKS]
