000
CXUS55 KRIW 180945
CF6RKS
PRELIMINARY LOCAL CLIMATOLOGICAL DATA (WS FORM: F-6)

                                          STATION:   ROCK SPRINGS WY
                                          MONTH:     APRIL
                                          YEAR:      2018
                                          LATITUDE:   41 35 N
                                          LONGITUDE: 109  4 W

  TEMPERATURE IN F:       :PCPN:    SNOW:  WIND      :SUNSHINE: SKY     :PK WND
================================================================================
1   2   3   4   5  6A  6B    7    8   9   10  11  12  13   14  15   16   17  18
                                     12Z  AVG MX 2MIN
DY MAX MIN AVG DEP HDD CDD  WTR  SNW DPTH SPD SPD DIR MIN PSBL S-S WX    SPD DR
================================================================================

 1  58  27  43   5  22   0    T    M    M 18.4 41 250   M    M   3        48 260
 2  55  19  37  -1  28   0    T    M    M 23.4 45 250   M    M   6        55 250
 3  41  13  27 -11  38   0 0.00  0.0    M 14.0 26 270   M    M   0        34 260
 4  51  24  38  -1  27   0 0.00    M    M 16.4 40 270   M    M   5        50 290
 5  54  34  44   5  21   0    T    M    M 17.8 30 270   M    M   6        36 280
 6  42  24  33  -6  32   0 0.11    M    M 10.0 22  60   M    M   9 16     27  60
 7  49  30  40   1  25   0 0.02    M    M  9.1 41 280   M    M   8 13     53 280
 8  46  32  39  -1  26   0 0.01    M    M 21.7 37 260   M    M   5 1      47 280
 9  52  29  41   1  24   0 0.00    M    M 15.6 24 280   M    M   3        32 240
10  61  30  46   6  19   0 0.00    M    M 10.8 24 260   M    M   1        31 260
11  63  44  54  14  11   0 0.00    M    M 11.9 31 260   M    M   3        38 250
12  55  22  39  -1  26   0    T    M    M 20.2 43 270   M    M   5 1      51 250
13  43  22  33  -8  32   0 0.00  0.0    M 17.3 29 320   M    M   8        38 320
14  53  22  38  -3  27   0 0.00  0.0    M 14.5 29 260   M    M   2        39 270
15  58  30  44   3  21   0 0.00  0.0    M  6.8 18 210   M    M   2        23 250
16  67  35  51   9  14   0 0.00  0.0    M 22.7 43 200   M    M   0        55 190
17  43  24  34  -8  31   0    T    M    M 23.5 39 270   M    M   6 1      49 260
================================================================================
SM  891  461       424   0  0.14     0.0 274.1          M       72
================================================================================
AV 52.4 27.1                              16.1 FASTST   M    M   4    MAX(MPH)
                                 MISC ---->  # 45 250               # 55  250
================================================================================
NOTES:
# LAST OF SEVERAL OCCURRENCES

COLUMN 17 PEAK WIND IN M.P.H.

PRELIMINARY LOCAL CLIMATOLOGICAL DATA (WS FORM: F-6) , PAGE 2

                                          STATION:  ROCK SPRINGS WY
                                          MONTH:    APRIL
                                          YEAR:     2018
                                          LATITUDE:   41 35 N
                                          LONGITUDE: 109  4 W

[TEMPERATURE DATA]      [PRECIPITATION DATA]       SYMBOLS USED IN COLUMN 16

AVERAGE MONTHLY: 39.8   TOTAL FOR MONTH:   0.14    1 = FOG OR MIST
DPTR FM NORMAL:  -0.1   DPTR FM NORMAL:   -0.33    2 = FOG REDUCING VISIBILITY
HIGHEST:    67 ON 16    GRTST 24HR  0.11 ON  6- 6      TO 1/4 MILE OR LESS
LOWEST:     13 ON  3                               3 = THUNDER
                        SNOW, ICE PELLETS, HAIL    4 = ICE PELLETS
                        TOTAL MONTH:   0.0 INCH    5 = HAIL
                        GRTST 24HR     0.0         6 = FREEZING RAIN OR DRIZZLE
                        GRTST DEPTH:  M  ON   M    7 = DUSTSTORM OR SANDSTORM:
                                                       VSBY 1/2 MILE OR LESS
                                                   8 = SMOKE OR HAZE
[NO. OF DAYS WITH]      [WEATHER - DAYS WITH]      9 = BLOWING SNOW
                                                   X = TORNADO
MAX 32 OR BELOW:   0    0.01 INCH OR MORE:   3
MAX 90 OR ABOVE:   0    0.10 INCH OR MORE:   1
MIN 32 OR BELOW:  14    0.50 INCH OR MORE:   0
MIN  0 OR BELOW:   0    1.00 INCH OR MORE:   0

[HDD (BASE 65) ]
TOTAL THIS MO.   424    CLEAR  (SCALE 0-3)   6
DPTR FM NORMAL    -4    PTCLDY (SCALE 4-7)  10
TOTAL FM JUL 1  6611    CLOUDY (SCALE 8-10)  1
DPTR FM NORMAL  -646

[CDD (BASE 65) ]
TOTAL THIS MO.     0
DPTR FM NORMAL     0    [PRESSURE DATA]
TOTAL FM JAN 1     0    HIGHEST SLP M ON M
DPTR FM NORMAL     0    LOWEST  SLP 29.41 ON  2

[REMARKS]
