000
CXUS55 KRIW 240945
CF6RKS
PRELIMINARY LOCAL CLIMATOLOGICAL DATA (WS FORM: F-6)

                                          STATION:   ROCK SPRINGS WY
                                          MONTH:     MAY
                                          YEAR:      2019
                                          LATITUDE:   41 35 N
                                          LONGITUDE: 109  4 W

  TEMPERATURE IN F:       :PCPN:    SNOW:  WIND      :SUNSHINE: SKY     :PK WND
================================================================================
1   2   3   4   5  6A  6B    7    8   9   10  11  12  13   14  15   16   17  18
                                     12Z  AVG MX 2MIN
DY MAX MIN AVG DEP HDD CDD  WTR  SNW DPTH SPD SPD DIR MIN PSBL S-S WX    SPD DR
================================================================================

 1  43  25  34 -12  31   0    T    M    M  9.1 24  20   M    M   7 1      30 280
 2  53  26  40  -6  25   0 0.00    M    M 14.1 30 260   M    M   3        37 260
 3  60  31  46  -1  19   0 0.00    M    M 12.5 26 260   M    M   0        37 250
 4  65  32  49   2  16   0 0.00    M    M 11.2 31 230   M    M   1        39 250
 5  67  36  52   5  13   0 0.00    M    M 10.4 39 270   M    M   4        51 270
 6  67  39  53   5  12   0    T    M    M  8.0 29 200   M    M   3        37 190
 7  50  34  42  -6  23   0 0.11    M    M 11.7 25 200   M    M   7 1      31 200
 8  46  30  38 -10  27   0 0.02    M    M 18.4 30  60   M    M  10 1      37  60
 9  43  26  35 -14  30   0    T    M    M 18.0 29  70   M    M   7        37  60
10  54  27  41  -8  24   0 0.00    M    M  6.4 16 300   M    M   2        21 300
11  64  33  49   0  16   0 0.00    M    M 11.9 24 320   M    M   2        31 310
12  71  36  54   4  11   0 0.00    M    M 12.9 29 270   M    M   0        34 260
13  74  43  59   9   6   0 0.00    M    M 12.4 26 280   M    M   0        43 280
14  74  45  60  10   5   0    T    M    M  8.7 44 230   M    M   1        56 240
15  75  43  59   9   6   0 0.00    M    M 10.6 30 210   M    M   2        39 200
16  72  46  59   8   6   0    T    M    M 14.4 31 190   M    M   3        39 200
17  49  34  42  -9  23   0 0.20    M    M 14.1 37 250   M    M   7 1      44 250
18  55  31  43  -8  22   0 0.00    M    M 15.8 24 260   M    M   6        32 260
19  49  32  41 -11  24   0    T    M    M 13.9 26  70   M    M   8        31  70
20  52  34  43  -9  22   0 0.19    M    M 11.6 23  60   M    M   8 1      29  60
21  42  31  37 -15  28   0 0.11    M    M 10.2 21  60   M    M  10 12     27  60
22  45  29  37 -16  28   0    T    M    M 19.3 32  70   M    M   8 1      37  80
23  37  31  34 -19  31   0 0.05    M    M 23.5 40  70   M    M  10 1      50  70
================================================================================
SM 1307  774       448   0  0.68    M    299.1          M      109
================================================================================
AV 56.8 33.7                              13.0 FASTST   M    M   5    MAX(MPH)
                                 MISC ---->  # 44 230               # 56  240
================================================================================
NOTES:
# LAST OF SEVERAL OCCURRENCES

COLUMN 17 PEAK WIND IN M.P.H.

PRELIMINARY LOCAL CLIMATOLOGICAL DATA (WS FORM: F-6) , PAGE 2

                                          STATION:  ROCK SPRINGS WY
                                          MONTH:    MAY
                                          YEAR:     2019
                                          LATITUDE:   41 35 N
                                          LONGITUDE: 109  4 W

[TEMPERATURE DATA]      [PRECIPITATION DATA]       SYMBOLS USED IN COLUMN 16

AVERAGE MONTHLY: 45.2   TOTAL FOR MONTH:   0.68    1 = FOG OR MIST
DPTR FM NORMAL:  -4.3   DPTR FM NORMAL:   -0.23    2 = FOG REDUCING VISIBILITY
HIGHEST:    75 ON 15    GRTST 24HR  0.49 ON 30- 1      TO 1/4 MILE OR LESS
LOWEST:     25 ON  1                               3 = THUNDER
                        SNOW, ICE PELLETS, HAIL    4 = ICE PELLETS
                        TOTAL MONTH:    M          5 = HAIL
                        GRTST 24HR    M  ON   M    6 = FREEZING RAIN OR DRIZZLE
                        GRTST DEPTH:  M  ON   M    7 = DUSTSTORM OR SANDSTORM:
                                                       VSBY 1/2 MILE OR LESS
                                                   8 = SMOKE OR HAZE
[NO. OF DAYS WITH]      [WEATHER - DAYS WITH]      9 = BLOWING SNOW
                                                   X = TORNADO
MAX 32 OR BELOW:   0    0.01 INCH OR MORE:   6
MAX 90 OR ABOVE:   0    0.10 INCH OR MORE:   4
MIN 32 OR BELOW:  12    0.50 INCH OR MORE:   0
MIN  0 OR BELOW:   0    1.00 INCH OR MORE:   0

[HDD (BASE 65) ]
TOTAL THIS MO.   448    CLEAR  (SCALE 0-3)  11
DPTR FM NORMAL    92    PTCLDY (SCALE 4-7)   8
TOTAL FM JUL 1  8433    CLOUDY (SCALE 8-10)  4
DPTR FM NORMAL   545

[CDD (BASE 65) ]
TOTAL THIS MO.     0
DPTR FM NORMAL     0    [PRESSURE DATA]
TOTAL FM JAN 1     0    HIGHEST SLP M ON M
DPTR FM NORMAL     0    LOWEST  SLP 29.46 ON 16

[REMARKS]
