323
CXUS52 KFFC 261110
CF6RMG
PRELIMINARY LOCAL CLIMATOLOGICAL DATA (WS FORM: F-6)

                                          STATION:   ROME
                                          MONTH:     MAY
                                          YEAR:      2019
                                          LATITUDE:   34 20 N
                                          LONGITUDE:  85 10 W

  TEMPERATURE IN F:       :PCPN:    SNOW:  WIND      :SUNSHINE: SKY     :PK WND
================================================================================
1   2   3   4   5  6A  6B    7    8   9   10  11  12  13   14  15   16   17  18
                                     12Z  AVG MX 2MIN
DY MAX MIN AVG DEP HDD CDD  WTR  SNW DPTH SPD SPD DIR MIN PSBL S-S WX    SPD DR
================================================================================

 1  87  61  74  10   0   9 0.00  0.0    0  4.6 15 170   M    M   2        20 200
 2  87  63  75  11   0  10 0.00  0.0    0  4.6 16 140   M    M   3        20 130
 3  88  60  74  10   0   9 0.02  0.0    0  3.3 14 200   M    M   1 3      18 270
 4  79  63  71   6   0   6 0.23  0.0    0  3.1 15 290   M    M   5 13     23 290
 5  78  57  68   3   0   3 0.19  0.0    0  7.1 17 320   M    M   5 1      23 250
 6  82  56  69   4   0   4 0.00  0.0    0  5.4 13 340   M    M   0        18 340
 7  86  52  69   3   0   4 0.00  0.0    0  2.3  8 170   M    M   0        11 160
 8  88  58  73   7   0   8 0.00  0.0    0  5.2 16 150   M    M   1        22 120
 9  82  62  72   6   0   7 0.56  0.0    0  5.8 22 250   M    M   3 18     33 250
10  83  62  73   7   0   8 0.03  0.0    0  2.6 12 230   M    M   7 1      16 190
11  81  68  75   8   0  10 1.04  0.0    0  3.5 21 200   M    M   9 13     32 230
12  75  66  71   4   0   6 0.36  0.0    0  3.9 12 300   M    M   9 1      17 220
13  74  55  65  -2   0   0 0.00  0.0    0  6.1 15 330   M    M   4        19 350
14  73  50  62  -6   3   0 0.00  0.0    0  6.2 17  20   M    M   0        22  30
15  75  48  62  -6   3   0    T    M    0  2.7  9 330   M    M   3        12 240
16  87  57  72   4   0   7 0.00  0.0    0  2.3  9 300   M    M   3 1      12 300
17  89  62  76   7   0  11 0.00  0.0    0  1.9  8 170   M    M   1 1      11 320
18  89  62  76   7   0  11 0.00  0.0    0  2.1 12 170   M    M   0 1      16 170
19  90  62  76   7   0  11 0.00  0.0    0  4.6 18 180   M    M   1 1      26 180
20  89  65  77   8   0  12 0.00  0.0    M  2.6 13 350   M    M   4        15 250
21  91  59  75   5   0  10 0.00  0.0    0  3.0 13 160   M    M   1 1      15 180
22  93  65  79   9   0  14 0.00  0.0    0  3.6 13 190   M    M   1 1      20 180
23  94  67  81  11   0  16 0.00  0.0    0  1.9  8 310   M    M   2 1      14 170
24  95  68  82  11   0  17 0.00  0.0    0  2.5 10 300   M    M   1        14 240
25  94  67  81  10   0  16 0.00  0.0    0  2.8 12 290   M    M   1 1      17 280
================================================================================
SM 2129 1515         6 209  2.43     0.0  93.7          M       67
================================================================================
AV 85.2 60.6                               3.7 FASTST   M    M   3    MAX(MPH)
                                 MISC ---->  # 22 250               # 33  250
================================================================================
NOTES:
# LAST OF SEVERAL OCCURRENCES

COLUMN 17 PEAK WIND IN M.P.H.

PRELIMINARY LOCAL CLIMATOLOGICAL DATA (WS FORM: F-6) , PAGE 2

                                          STATION:  ROME
                                          MONTH:    MAY
                                          YEAR:     2019
                                          LATITUDE:   34 20 N
                                          LONGITUDE:  85 10 W

[TEMPERATURE DATA]      [PRECIPITATION DATA]       SYMBOLS USED IN COLUMN 16

AVERAGE MONTHLY: 72.9   TOTAL FOR MONTH:   2.43    1 = FOG OR MIST
DPTR FM NORMAL:   5.5   DPTR FM NORMAL:   -1.03    2 = FOG REDUCING VISIBILITY
HIGHEST:    95 ON 24    GRTST 24HR  1.04 ON 11-11      TO 1/4 MILE OR LESS
LOWEST:     48 ON 15                               3 = THUNDER
                        SNOW, ICE PELLETS, HAIL    4 = ICE PELLETS
                        TOTAL MONTH:   0.0 INCH    5 = HAIL
                        GRTST 24HR     0.0         6 = FREEZING RAIN OR DRIZZLE
                        GRTST DEPTH:   0           7 = DUSTSTORM OR SANDSTORM:
                                                       VSBY 1/2 MILE OR LESS
                                                   8 = SMOKE OR HAZE
[NO. OF DAYS WITH]      [WEATHER - DAYS WITH]      9 = BLOWING SNOW
                                                   X = TORNADO
MAX 32 OR BELOW:   0    0.01 INCH OR MORE:   7
MAX 90 OR ABOVE:   6    0.10 INCH OR MORE:   5
MIN 32 OR BELOW:   0    0.50 INCH OR MORE:   2
MIN  0 OR BELOW:   0    1.00 INCH OR MORE:   1

[HDD (BASE 65) ]
TOTAL THIS MO.     6    CLEAR  (SCALE 0-3)  16
DPTR FM NORMAL   -29    PTCLDY (SCALE 4-7)   7
TOTAL FM JUL 1  2741    CLOUDY (SCALE 8-10)  2
DPTR FM NORMAL  -507

[CDD (BASE 65) ]
TOTAL THIS MO.   209
DPTR FM NORMAL   117    [PRESSURE DATA]
TOTAL FM JAN 1   287    HIGHEST SLP M ON M
DPTR FM NORMAL   162    LOWEST  SLP 29.70 ON  5

[REMARKS]
