000
CXUS52 KFFC 241110
CF6RMG
PRELIMINARY LOCAL CLIMATOLOGICAL DATA (WS FORM: F-6)

                                          STATION:   ROME
                                          MONTH:     MARCH
                                          YEAR:      2019
                                          LATITUDE:   34 20 N
                                          LONGITUDE:  85 10 W

  TEMPERATURE IN F:       :PCPN:    SNOW:  WIND      :SUNSHINE: SKY     :PK WND
================================================================================
1   2   3   4   5  6A  6B    7    8   9   10  11  12  13   14  15   16   17  18
                                     12Z  AVG MX 2MIN
DY MAX MIN AVG DEP HDD CDD  WTR  SNW DPTH SPD SPD DIR MIN PSBL S-S WX    SPD DR
================================================================================

 1  67  52  60  12   5   0 1.30  0.0    0  4.4 18 270   M    M   9 13     23 270
 2  64  48  56   8   9   0 0.02    M    0  4.2  9 240   M    M   8 18     13 300
 3  53  41  47  -1  18   0 1.41    M    0  5.9 21 310   M    M   9 1      28 300
 4  41  31  36 -13  29   0 0.00  0.0    0 10.5 20  10   M    M   8        26  10
 5  44  26  35 -14  30   0 0.00  0.0    0  8.5 18 300   M    M   0        26 300
 6  48  25  37 -12  28   0 0.00  0.0    0  5.1 15 360   M    M   0        20 360
 7  56  24  40 -10  25   0 0.00  0.0    0  0.6  8 230   M    M   4        12 280
 8  56  46  51   1  14   0 0.29    M    0  3.4 14 350   M    M  10 138    16 350
 9  65  50  58   8   7   0 0.13  0.0    0  5.6 14 150   M    M   9 18     19 140
10  70  53  62  12   3   0 0.33  0.0    0  3.7 16 320   M    M   8 13     22 310
11  59  43  51   0  14   0 0.14    M    0  2.6 14 360   M    M   4 1      17  10
12  70  41  56   5   9   0 0.00  0.0    0  3.4 10  10   M    M   0 1      14 340
13  72  46  59   8   6   0 0.00  0.0    0  6.8 21 150   M    M   1        28 150
14  76  60  68  16   0   3 0.56  0.0    0  9.6 23 180   M    M   9 13     31 180
15  67  49  58   6   7   0 0.64    M    0  8.4 18 350   M    M   4 13     26 310
16  57  40  49  -3  16   0 0.00  0.0    0  9.4 18  10   M    M   0        24  10
17  66  37  52   0  13   0 0.00  0.0    0  5.5 16 320   M    M   0        24 310
18  59  34  47  -6  18   0 0.00  0.0    0  7.5 22  20   M    M   0        27  20
19  59  30  45  -8  20   0 0.00  0.0    0  3.3 14  90   M    M   0        20 100
20  65  30  48  -5  17   0 0.00  0.0    0  1.5  6  50   M    M   0         M  M
21  62  44  53  -1  12   0 0.00  0.0    0  6.9 18  20   M    M   7        26 330
22  68  35  52  -2  13   0 0.00  0.0    0  7.0 18 300   M    M   0        26 330
23  71  35  53  -1  12   0 0.00  0.0    0  4.6 13 360   M    M   0        20  30
================================================================================
SM 1415  920       325   3  4.82     0.0 128.4          M       90
================================================================================
AV 61.5 40.0                               5.6 FASTST   M    M   4    MAX(MPH)
                                 MISC ---->  # 23 180               # 31  180
================================================================================
NOTES:
# LAST OF SEVERAL OCCURRENCES

COLUMN 17 PEAK WIND IN M.P.H.

PRELIMINARY LOCAL CLIMATOLOGICAL DATA (WS FORM: F-6) , PAGE 2

                                          STATION:  ROME
                                          MONTH:    MARCH
                                          YEAR:     2019
                                          LATITUDE:   34 20 N
                                          LONGITUDE:  85 10 W

[TEMPERATURE DATA]      [PRECIPITATION DATA]       SYMBOLS USED IN COLUMN 16

AVERAGE MONTHLY: 50.8   TOTAL FOR MONTH:   4.82    1 = FOG OR MIST
DPTR FM NORMAL:  -0.2   DPTR FM NORMAL:    1.02    2 = FOG REDUCING VISIBILITY
HIGHEST:    76 ON 14    GRTST 24HR  1.41 ON  3- 3      TO 1/4 MILE OR LESS
LOWEST:     24 ON  7                               3 = THUNDER
                        SNOW, ICE PELLETS, HAIL    4 = ICE PELLETS
                        TOTAL MONTH:   0.0 INCH    5 = HAIL
                        GRTST 24HR     0.0         6 = FREEZING RAIN OR DRIZZLE
                        GRTST DEPTH:   0           7 = DUSTSTORM OR SANDSTORM:
                                                       VSBY 1/2 MILE OR LESS
                                                   8 = SMOKE OR HAZE
[NO. OF DAYS WITH]      [WEATHER - DAYS WITH]      9 = BLOWING SNOW
                                                   X = TORNADO
MAX 32 OR BELOW:   0    0.01 INCH OR MORE:   9
MAX 90 OR ABOVE:   0    0.10 INCH OR MORE:   8
MIN 32 OR BELOW:   6    0.50 INCH OR MORE:   4
MIN  0 OR BELOW:   0    1.00 INCH OR MORE:   2

[HDD (BASE 65) ]
TOTAL THIS MO.   325    CLEAR  (SCALE 0-3)  11
DPTR FM NORMAL     0    PTCLDY (SCALE 4-7)   6
TOTAL FM JUL 1  2561    CLOUDY (SCALE 8-10)  6
DPTR FM NORMAL  -386

[CDD (BASE 65) ]
TOTAL THIS MO.     3
DPTR FM NORMAL     3    [PRESSURE DATA]
TOTAL FM JAN 1    13    HIGHEST SLP M ON M
DPTR FM NORMAL    13    LOWEST  SLP 29.66 ON  3

[REMARKS]
