000
CXUS54 KEWX 190910
CF6RND
PRELIMINARY LOCAL CLIMATOLOGICAL DATA (WS FORM: F-6)

                                          STATION:   RANDOLPH AFB
                                          MONTH:     MARCH
                                          YEAR:      2019
                                          LATITUDE:   29 31 N
                                          LONGITUDE:  98 17 W

  TEMPERATURE IN F:       :PCPN:    SNOW:  WIND      :SUNSHINE: SKY     :PK WND
================================================================================
1   2   3   4   5  6A  6B    7    8   9   10  11  12  13   14  15   16   17  18
                                     12Z  AVG MX 2MIN
DY MAX MIN AVG DEP HDD CDD  WTR  SNW DPTH SPD SPD DIR MIN PSBL S-S WX    SPD DR
================================================================================

 1  55  45  50   M  15   0    T    M    M  5.0  8  50   M    M  10 1       M  M
 2  59  51  55   M  10   0    T    M    M  7.1 12  50   M    M  10 1       M  M
 3  51  36  44   M  21   0 0.01    M    M 13.9 23 360   M    M  10 1      36  10
 4  40  30  35   M  30   0 0.00    M    M 14.1 22  10   M    M  10        33  10
 5  50  28  39   M  26   0 0.00    M    M  9.6 17 360   M    M   1        23 360
 6  57  30  44   M  21   0 0.00    M    M  7.5 15 180   M    M   5        17 190
 7  67  51  59   M   6   0 0.00    M    M  6.3 13 200   M    M   7 1       M  M
 8  82  64  73   M   0   8 0.00    M    M 10.8 16 170   M    M   8 1      23 170
 9  86  61  74   M   0   9 0.02    M    M  6.0 14 160   M    M   4 18      M  M
10   M   M   M   M   M   M 0.00    M    M  6.4 13 120   M    M   7 1       M  M
11  68  56  62   M   3   0 0.01    M    M  9.8 15  10   M    M   9 1       M  M
12  80  59  70   M   0   5 0.01    M    M 13.2 24 150   M    M   8 12     37 120
13  83  58  71   M   0   6 0.01    M    M 15.3 24 170   M    M   5        38 150
14  76  59  68   M   0   3    T    M    M 11.0 18 330   M    M   2        31  10
15  61  50  56   M   9   0 0.00    M    M 15.0 20  10   M    M   4        32  40
16  59  46  53   M  12   0 0.00    M    M  7.4 16  40   M    M  10         M  M
17  64  42  53   M  12   0 0.00    M    M  5.6 10  30   M    M   2         M  M
18  67  43  55   M  10   0 0.00    M    M  7.1 13 100   M    M   5        18 100
================================================================================
SM 1105  809       175  31  0.06    M    171.1          M      117
================================================================================
AV 65.0 47.6                               9.5 FASTST   M    M   7    MAX(MPH)
                                 MISC ---->  # 24 150               # 38  150
================================================================================
NOTES:
# LAST OF SEVERAL OCCURRENCES

COLUMN 17 PEAK WIND IN M.P.H.

PRELIMINARY LOCAL CLIMATOLOGICAL DATA (WS FORM: F-6) , PAGE 2

                                          STATION:  RANDOLPH AFB
                                          MONTH:    MARCH
                                          YEAR:     2019
                                          LATITUDE:   29 31 N
                                          LONGITUDE:  98 17 W

[TEMPERATURE DATA]      [PRECIPITATION DATA]       SYMBOLS USED IN COLUMN 16

AVERAGE MONTHLY: 56.3   TOTAL FOR MONTH:   0.06    1 = FOG OR MIST
DPTR FM NORMAL:     M   DPTR FM NORMAL:       M    2 = FOG REDUCING VISIBILITY
HIGHEST:    86 ON  9    GRTST 24HR  0.02 ON  9- 9      TO 1/4 MILE OR LESS
LOWEST:     28 ON  5                               3 = THUNDER
                        SNOW, ICE PELLETS, HAIL    4 = ICE PELLETS
                        TOTAL MONTH:    M          5 = HAIL
                        GRTST 24HR    M  ON   M    6 = FREEZING RAIN OR DRIZZLE
                        GRTST DEPTH:  M  ON   M    7 = DUSTSTORM OR SANDSTORM:
                                                       VSBY 1/2 MILE OR LESS
                                                   8 = SMOKE OR HAZE
[NO. OF DAYS WITH]      [WEATHER - DAYS WITH]      9 = BLOWING SNOW
                                                   X = TORNADO
MAX 32 OR BELOW:   0    0.01 INCH OR MORE:   5
MAX 90 OR ABOVE:   0    0.10 INCH OR MORE:   0
MIN 32 OR BELOW:   3    0.50 INCH OR MORE:   0
MIN  0 OR BELOW:   0    1.00 INCH OR MORE:   0

[HDD (BASE 65) ]
TOTAL THIS MO.   175    CLEAR  (SCALE 0-3)   3
DPTR FM NORMAL     M    PTCLDY (SCALE 4-7)   8
TOTAL FM JUL 1  1357    CLOUDY (SCALE 8-10)  7
DPTR FM NORMAL     M

[CDD (BASE 65) ]
TOTAL THIS MO.    31
DPTR FM NORMAL     M    [PRESSURE DATA]
TOTAL FM JAN 1    59    HIGHEST SLP M ON M
DPTR FM NORMAL     M    LOWEST  SLP M ON M

[REMARKS]
