000
CXUS54 KEWX 200910
CF6RND
PRELIMINARY LOCAL CLIMATOLOGICAL DATA (WS FORM: F-6)

                                          STATION:   RANDOLPH AFB
                                          MONTH:     MAY
                                          YEAR:      2019
                                          LATITUDE:   29 31 N
                                          LONGITUDE:  98 17 W

  TEMPERATURE IN F:       :PCPN:    SNOW:  WIND      :SUNSHINE: SKY     :PK WND
================================================================================
1   2   3   4   5  6A  6B    7    8   9   10  11  12  13   14  15   16   17  18
                                     12Z  AVG MX 2MIN
DY MAX MIN AVG DEP HDD CDD  WTR  SNW DPTH SPD SPD DIR MIN PSBL S-S WX    SPD DR
================================================================================

 1  80  73  77   M   0  12 0.00    M    M 11.2 15 140   M    M   9        20 140
 2  82  65  74   M   0   9    T    M    M 10.2 17 140   M    M   8 1      33  30
 3  80  65  73   M   0   8 1.10    M    M 10.0 32  30   M    M   9 13     44 350
 4  84  60  72   M   0   7 0.00    M    M  7.1 12  10   M    M   1 38      M  M
 5  84  59  72   M   0   7 0.00    M    M  7.6 14 170   M    M   1        20 170
 6   M   M   M   M   M   M 0.07    M    M  5.7  9 120   M    M   7 1       M  M
 7  86  68  77   M   0  12 0.04    M    M  9.5 20 130   M    M   8 1      21 110
 8  82  66  74   M   0   9 0.64    M    M  8.1 17 170   M    M   6 13     23 170
 9  84  64  74   M   0   9 0.06    M    M  7.4 17  10   M    M   6 13     35  20
10  66  57  62   M   3   0 0.01    M    M 14.0 22 360   M    M  10 3      32 360
11  72  57  65   M   0   0 0.05    M    M  7.5 12 350   M    M   9 18      M  M
12  80  56  68   M   0   3 0.00    M    M  5.8 12  60   M    M   3        17  80
13  80  56  68   M   0   3 0.00    M    M  4.9  9  80   M    M   3         M  M
14  84  61  73   M   0   8 0.00    M    M  5.7 12 130   M    M   4 1       M  M
15  84  66  75   M   0  10 0.00    M    M  4.0  8 130   M    M   6         M  M
16  86  66  76   M   0  11 0.00    M    M  4.8 13 160   M    M   7 1       M  M
17  87  72  80   M   0  15    T    M    M 12.6 21 150   M    M   7        25 150
18  84  75  80   M   0  15    T    M    M 10.1 14 190   M    M   6         M  M
19  89  75  82   M   0  17 0.00    M    M  6.2 13 140   M    M   6 12      M  M
================================================================================
SM 1474 1161         3 155  1.97    M    152.4          M      116
================================================================================
AV 81.9 64.5                               8.0 FASTST   M    M   6    MAX(MPH)
                                 MISC ---->  # 32  30               # 44  350
================================================================================
NOTES:
# LAST OF SEVERAL OCCURRENCES

COLUMN 17 PEAK WIND IN M.P.H.

PRELIMINARY LOCAL CLIMATOLOGICAL DATA (WS FORM: F-6) , PAGE 2

                                          STATION:  RANDOLPH AFB
                                          MONTH:    MAY
                                          YEAR:     2019
                                          LATITUDE:   29 31 N
                                          LONGITUDE:  98 17 W

[TEMPERATURE DATA]      [PRECIPITATION DATA]       SYMBOLS USED IN COLUMN 16

AVERAGE MONTHLY: 73.2   TOTAL FOR MONTH:   1.97    1 = FOG OR MIST
DPTR FM NORMAL:     M   DPTR FM NORMAL:       M    2 = FOG REDUCING VISIBILITY
HIGHEST:    89 ON 19    GRTST 24HR  1.10 ON  3- 3      TO 1/4 MILE OR LESS
LOWEST:     56 ON 13,12                            3 = THUNDER
                        SNOW, ICE PELLETS, HAIL    4 = ICE PELLETS
                        TOTAL MONTH:    M          5 = HAIL
                        GRTST 24HR    M  ON   M    6 = FREEZING RAIN OR DRIZZLE
                        GRTST DEPTH:  M  ON   M    7 = DUSTSTORM OR SANDSTORM:
                                                       VSBY 1/2 MILE OR LESS
                                                   8 = SMOKE OR HAZE
[NO. OF DAYS WITH]      [WEATHER - DAYS WITH]      9 = BLOWING SNOW
                                                   X = TORNADO
MAX 32 OR BELOW:   0    0.01 INCH OR MORE:   7
MAX 90 OR ABOVE:   0    0.10 INCH OR MORE:   2
MIN 32 OR BELOW:   0    0.50 INCH OR MORE:   2
MIN  0 OR BELOW:   0    1.00 INCH OR MORE:   1

[HDD (BASE 65) ]
TOTAL THIS MO.     3    CLEAR  (SCALE 0-3)   3
DPTR FM NORMAL     M    PTCLDY (SCALE 4-7)  11
TOTAL FM JUL 1  1439    CLOUDY (SCALE 8-10)  5
DPTR FM NORMAL     M

[CDD (BASE 65) ]
TOTAL THIS MO.   155
DPTR FM NORMAL     M    [PRESSURE DATA]
TOTAL FM JAN 1   394    HIGHEST SLP M ON M
DPTR FM NORMAL     M    LOWEST  SLP M ON M

[REMARKS]
