000
CXUS51 KRNK 200747
CF6RNK

PRELIMINARY LOCAL CLIMATOLOGICAL DATA (WS FORM: F-6)

                                          STATION:   BLACKSBURG VA
                                          MONTH:     MARCH
                                          YEAR:      2019
                                          LATITUDE:   37 13 N
                                          LONGITUDE:  80 25 W

  TEMPERATURE IN F:       :PCPN:    SNOW:  WIND      :SUNSHINE: SKY     :PK WND
================================================================================
1   2   3   4   5  6A  6B    7    8   9   10  11  12  13   14  15   16   17  18
                                     12Z  AVG MX 2MIN
DY MAX MIN AVG DEP HDD CDD  WTR  SNW DPTH SPD SPD DIR MIN PSBL S-S WX    SPD DR
================================================================================

 1  43  32  38   1  27   0 0.79  0.0    0  7.2 14  90   M    M  10 12     17  70
 2  48  33  41   3  24   0 0.00  0.0    0  5.1 16 310   M    M   7 1      22 290
 3  38  32  35  -3  30   0 0.53  0.0    0  4.0 10 100   M    M  10 1      18 290
 4  32  21  27 -11  38   0    T    T    0 10.2 21 290   M    M   9        28 290
 5  36  18  27 -11  38   0    T    T    0  9.9 16 300   M    M   3        30 290
 6  32  14  23 -16  42   0    T    T    0 10.7 17 300   M    M   3        31 310
 7  41  18  30  -9  35   0 0.00  0.0    0  3.7 10 310   M    M   4        18 290
 8  34  30  32  -7  33   0 0.14  0.8    1  2.3  8 100   M    M  10 146     M  M
 9  35  31  33  -6  32   0 0.14  0.0    0  4.0 10  90   M    M  10 16      M  M
10  67  32  50  10  15   0 0.17  0.0    0  5.3 16 230   M    M   4 1      26 250
11  58  40  49   9  16   0 0.00  0.0    0  7.3 13 320   M    M   0        18 290
12  52  27  40   0  25   0 0.00  0.0    0  6.2 13 290   M    M   0        20 290
13  57  26  42   1  23   0 0.00  0.0    0  2.6 12 170   M    M   1         M  M
14  62  38  50   9  15   0 0.00  0.0    0  5.3 15 180   M    M   5        26 180
15  67  41  54  13  11   0 0.05  0.0    0  7.6 17 290   M    M   7        32 290
16  51  30  41  -1  24   0 0.00  0.0    0 12.9 24 310   M    M   1        36 310
17  53  23  38  -4  27   0 0.00  0.0    0  3.7 14 300   M    M   3        21 310
18  46  26  36  -6  29   0 0.00  0.0    0  6.7 23 330   M    M   4        29 330
19  50  20  35  -7  30   0 0.00  0.0    0  1.3  7  70   M    M   0         M  M
================================================================================
SM  902  532       514   0  1.82     0.8 116.0          M       91
================================================================================
AV 47.5 28.0                               6.1 FASTST   M    M   5    MAX(MPH)
                                 MISC ---->  # 24 310               # 36  310
================================================================================
NOTES:
# LAST OF SEVERAL OCCURRENCES

COLUMN 17 PEAK WIND IN M.P.H.

PRELIMINARY LOCAL CLIMATOLOGICAL DATA (WS FORM: F-6) , PAGE 2

                                          STATION:  BLACKSBURG VA
                                          MONTH:    MARCH
                                          YEAR:     2019
                                          LATITUDE:   37 13 N
                                          LONGITUDE:  80 25 W

[TEMPERATURE DATA]      [PRECIPITATION DATA]       SYMBOLS USED IN COLUMN 16

AVERAGE MONTHLY: 37.7   TOTAL FOR MONTH:   1.82    1 = FOG OR MIST
DPTR FM NORMAL:  -2.1   DPTR FM NORMAL:   -0.29    2 = FOG REDUCING VISIBILITY
HIGHEST:    67 ON 15,10 GRTST 24HR  0.79 ON  1- 1      TO 1/4 MILE OR LESS
LOWEST:     14 ON  6                               3 = THUNDER
                        SNOW, ICE PELLETS, HAIL    4 = ICE PELLETS
                        TOTAL MONTH:   0.8 INCH    5 = HAIL
                        GRTST 24HR   0.8 ON  8- 8  6 = FREEZING RAIN OR DRIZZLE
                        GRTST DEPTH:   1 ON  8     7 = DUSTSTORM OR SANDSTORM:
                                                       VSBY 1/2 MILE OR LESS
                                                   8 = SMOKE OR HAZE
[NO. OF DAYS WITH]      [WEATHER - DAYS WITH]      9 = BLOWING SNOW
                                                   X = TORNADO
MAX 32 OR BELOW:   2    0.01 INCH OR MORE:   6
MAX 90 OR ABOVE:   0    0.10 INCH OR MORE:   5
MIN 32 OR BELOW:  15    0.50 INCH OR MORE:   2
MIN  0 OR BELOW:   0    1.00 INCH OR MORE:   0

[HDD (BASE 65) ]
TOTAL THIS MO.   514    CLEAR  (SCALE 0-3)   6
DPTR FM NORMAL    34    PTCLDY (SCALE 4-7)   8
TOTAL FM JUL 1  4303    CLOUDY (SCALE 8-10)  5
DPTR FM NORMAL  -225

[CDD (BASE 65) ]
TOTAL THIS MO.     0
DPTR FM NORMAL     0    [PRESSURE DATA]
TOTAL FM JAN 1     0    HIGHEST SLP M ON M
DPTR FM NORMAL     0    LOWEST  SLP M ON M

[REMARKS]
