000
CXUS51 KRNK 260957
CF6RNK

PRELIMINARY LOCAL CLIMATOLOGICAL DATA (WS FORM: F-6)

                                          STATION:   BLACKSBURG VA
                                          MONTH:     MAY
                                          YEAR:      2019
                                          LATITUDE:   37 13 N
                                          LONGITUDE:  80 25 W

  TEMPERATURE IN F:       :PCPN:    SNOW:  WIND      :SUNSHINE: SKY     :PK WND
================================================================================
1   2   3   4   5  6A  6B    7    8   9   10  11  12  13   14  15   16   17  18
                                     12Z  AVG MX 2MIN
DY MAX MIN AVG DEP HDD CDD  WTR  SNW DPTH SPD SPD DIR MIN PSBL S-S WX    SPD DR
================================================================================

 1  83  56  70  15   0   5 0.00  0.0    0  4.3 15 170   M    M   0        21 170
 2  81  56  69  13   0   4 0.02  0.0    0  1.1  9 320   M    M   4        16 310
 3  82  54  68  12   0   3 0.28  0.0    0  1.6  9 170   M    M   5 123     M  M
 4  78  57  68  12   0   3 0.26  0.0    0  1.2  9 190   M    M   7 123    17 190
 5  71  53  62   6   3   0 0.25  0.0    0  2.9 14 320   M    M   9 1      18 320
 6  73  48  61   4   4   0 0.00  0.0    0  1.5  7 250   M    M   2         M  M
 7  76  47  62   5   3   0 0.07  0.0    0  1.7  8 170   M    M   4 1       M  M
 8  80  53  67  10   0   2 0.00  0.0    0  2.9 14 120   M    M   3 12     17 140
 9  77  61  69  12   0   4 0.00  0.0    0  6.5 14 170   M    M   7        18 170
10  80  61  71  13   0   6    T  0.0    0  4.0 10 240   M    M   7         M  M
11  70  60  65   7   0   0 0.42  0.0    0  3.6 13 180   M    M   7 1      20 180
12  71  58  65   7   0   0 0.49  0.0    0  2.9 10 230   M    M   9 1      20 240
13  65  47  56  -2   9   0 0.09  0.0    0  6.9 20 310   M    M   7 1      26 320
14  58  40  49 -10  16   0    T  0.0    0  8.7 17 320   M    M   7        30 300
15  69  37  53  -6  12   0 0.00  0.0    0  1.3  9 310   M    M   2         M  M
16  74  42  58  -1   7   0 0.00  0.0    0  2.3 10 230   M    M   1         M  M
17  81  50  66   6   0   1 0.13  0.0    0  3.5 15 330   M    M   3 13     28 330
18  86  54  70  10   0   5 0.00  0.0    0  2.0 10 300   M    M   1         M  M
19  83  57  70  10   0   5    T  0.0    0  4.2 15 190   M    M   2        26 210
20  82  56  69   9   0   4 0.00  0.0    0  3.5 10 300   M    M   5        17 290
21  75  51  63   2   2   0 0.00  0.0    0  1.9  9 100   M    M   0         M  M
22  76  49  63   2   2   0 0.00  0.0    0  4.8 10 130   M    M   5         M  M
23  84  59  72  11   0   7    T  0.0    0  2.7  9 300   M    M   4 1       M  M
24  85  64  75  13   0  10    T  0.0    0  4.0 13 300   M    M   5        20 320
25  86  61  74  12   0   9 0.06  0.0    0  1.4 13 310   M    M   6 123    25 310
================================================================================
SM 1926 1331        58  68  2.07     0.0  81.4          M      112
================================================================================
AV 77.0 53.2                               3.3 FASTST   M    M   4    MAX(MPH)
                                 MISC ---->  # 20 310               # 30  300
================================================================================
NOTES:
# LAST OF SEVERAL OCCURRENCES

COLUMN 17 PEAK WIND IN M.P.H.

PRELIMINARY LOCAL CLIMATOLOGICAL DATA (WS FORM: F-6) , PAGE 2

                                          STATION:  BLACKSBURG VA
                                          MONTH:    MAY
                                          YEAR:     2019
                                          LATITUDE:   37 13 N
                                          LONGITUDE:  80 25 W

[TEMPERATURE DATA]      [PRECIPITATION DATA]       SYMBOLS USED IN COLUMN 16

AVERAGE MONTHLY: 65.1   TOTAL FOR MONTH:   2.07    1 = FOG OR MIST
DPTR FM NORMAL:   6.6   DPTR FM NORMAL:   -1.31    2 = FOG REDUCING VISIBILITY
HIGHEST:    86 ON 25,18 GRTST 24HR  0.49 ON 12-12      TO 1/4 MILE OR LESS
LOWEST:     37 ON 15                               3 = THUNDER
                        SNOW, ICE PELLETS, HAIL    4 = ICE PELLETS
                        TOTAL MONTH:   0.0 INCH    5 = HAIL
                        GRTST 24HR     0.0         6 = FREEZING RAIN OR DRIZZLE
                        GRTST DEPTH:   0           7 = DUSTSTORM OR SANDSTORM:
                                                       VSBY 1/2 MILE OR LESS
                                                   8 = SMOKE OR HAZE
[NO. OF DAYS WITH]      [WEATHER - DAYS WITH]      9 = BLOWING SNOW
                                                   X = TORNADO
MAX 32 OR BELOW:   0    0.01 INCH OR MORE:  10
MAX 90 OR ABOVE:   0    0.10 INCH OR MORE:   6
MIN 32 OR BELOW:   0    0.50 INCH OR MORE:   0
MIN  0 OR BELOW:   0    1.00 INCH OR MORE:   0

[HDD (BASE 65) ]
TOTAL THIS MO.    58    CLEAR  (SCALE 0-3)   8
DPTR FM NORMAL  -122    PTCLDY (SCALE 4-7)  15
TOTAL FM JUL 1  4856    CLOUDY (SCALE 8-10)  2
DPTR FM NORMAL  -529

[CDD (BASE 65) ]
TOTAL THIS MO.    68
DPTR FM NORMAL    54    [PRESSURE DATA]
TOTAL FM JAN 1    71    HIGHEST SLP M ON M
DPTR FM NORMAL    54    LOWEST  SLP M ON M

[REMARKS]
