000
CXUS56 KSGX 241445
CF6RNM
PRELIMINARY LOCAL CLIMATOLOGICAL DATA (WS FORM: F-6)

                                          STATION:   RAMONA AIRPORT CA
                                          MONTH:     MAY
                                          YEAR:      2019
                                          LATITUDE:   33  2 N
                                          LONGITUDE: 116 55 W

  TEMPERATURE IN F:       :PCPN:    SNOW:  WIND      :SUNSHINE: SKY     :PK WND
================================================================================
1   2   3   4   5  6A  6B    7    8   9   10  11  12  13   14  15   16   17  18
                                     12Z  AVG MX 2MIN
DY MAX MIN AVG DEP HDD CDD  WTR  SNW DPTH SPD SPD DIR MIN PSBL S-S WX    SPD DR
================================================================================

 1  69  53  61   2   4   0 0.00  0.0    0  4.3 14 260   M    M   6        19 260
 2  74  48  61   2   4   0 0.00  0.0    0  4.4 14 270   M    M   5 12     18 260
 3  76  48  62   3   3   0 0.00  0.0    0  3.6 13 290   M    M   4 128    20 310
 4  78  44  61   2   4   0 0.00  0.0    0  4.8 14 260   M    M   3 128    18 270
 5  74  47  61   1   4   0 0.00  0.0    0  5.0 16 270   M    M   6 12     21 270
 6  69  50  60   0   5   0 0.01  0.0    0  6.2 18 260   M    M   7 1      23 260
 7  64  49  57  -3   8   0 0.21    M    0  5.3 14 250   M    M   9 1      17 260
 8  60  52  56  -4   9   0 0.00  0.0    0  3.5  9 260   M    M  10 1      11 260
 9  62  54  58  -2   7   0 0.05  0.0    0  2.8 12 280   M    M  10 1      13 280
10  65  52  59  -1   6   0 0.03  0.0    0  2.3 12 180   M    M   9 1      13 310
11  73  51  62   1   3   0 0.18  0.0    0  3.5 17 260   M    M   6 1238   23 260
12  76  54  65   4   0   0 0.00  0.0    0  4.3 14 280   M    M   7 12     18 290
13  76  57  67   6   0   2 0.00  0.0    0  3.6 14 270   M    M   7 1      18 270
14  79  52  66   5   0   1 0.00  0.0    0  4.8 13 260   M    M   4 128    17 290
15  70  55  63   2   2   0 0.00  0.0    0  5.4 15 300   M    M   8 128    18 310
16  68  53  61  -1   4   0 0.10  0.0    0  9.2 21 260   M    M   8 8      28 280
17  71  47  59  -3   6   0 0.00  0.0    0  4.9 15 270   M    M   5        21 260
18  75  42  59  -3   6   0 0.00  0.0    0  3.7 15 270   M    M   0 18     19 260
19  66  52  59  -3   6   0 0.27  0.0    0  6.1 18 270   M    M   9 18     23 240
20  67  50  59  -3   6   0 0.17  0.0    0  8.1 18 260   M    M   7 18     23 260
21  66  49  58  -4   7   0 0.02    M    0  9.6 22 270   M    M   9 1      27 260
22  65  52  59  -3   6   0 0.05  0.0    0  7.7 20 230   M    M   8        26 250
23  66  47  57  -6   8   0 0.05    M    0  5.8 14 250   M    M   8 1      19 260
================================================================================
SM 1609 1158       108   3  1.14     0.0 118.9          M      155
================================================================================
AV 70.0 50.4                               5.2 FASTST   M    M   7    MAX(MPH)
                                 MISC ---->  # 22 270               # 28  280
================================================================================
NOTES:
# LAST OF SEVERAL OCCURRENCES

COLUMN 17 PEAK WIND IN M.P.H.

PRELIMINARY LOCAL CLIMATOLOGICAL DATA (WS FORM: F-6) , PAGE 2

                                          STATION:  RAMONA AIRPORT CA
                                          MONTH:    MAY
                                          YEAR:     2019
                                          LATITUDE:   33  2 N
                                          LONGITUDE: 116 55 W

[TEMPERATURE DATA]      [PRECIPITATION DATA]       SYMBOLS USED IN COLUMN 16

AVERAGE MONTHLY: 60.2   TOTAL FOR MONTH:   1.14    1 = FOG OR MIST
DPTR FM NORMAL:  -0.6   DPTR FM NORMAL:    0.85    2 = FOG REDUCING VISIBILITY
HIGHEST:    79 ON 14    GRTST 24HR  0.27 ON 19-19      TO 1/4 MILE OR LESS
LOWEST:     42 ON 18                               3 = THUNDER
                        SNOW, ICE PELLETS, HAIL    4 = ICE PELLETS
                        TOTAL MONTH:   0.0 INCH    5 = HAIL
                        GRTST 24HR     0.0         6 = FREEZING RAIN OR DRIZZLE
                        GRTST DEPTH:   0           7 = DUSTSTORM OR SANDSTORM:
                                                       VSBY 1/2 MILE OR LESS
                                                   8 = SMOKE OR HAZE
[NO. OF DAYS WITH]      [WEATHER - DAYS WITH]      9 = BLOWING SNOW
                                                   X = TORNADO
MAX 32 OR BELOW:   0    0.01 INCH OR MORE:  11
MAX 90 OR ABOVE:   0    0.10 INCH OR MORE:   5
MIN 32 OR BELOW:   0    0.50 INCH OR MORE:   0
MIN  0 OR BELOW:   0    1.00 INCH OR MORE:   0

[HDD (BASE 65) ]
TOTAL THIS MO.   108    CLEAR  (SCALE 0-3)   1
DPTR FM NORMAL    -2    PTCLDY (SCALE 4-7)  14
TOTAL FM JUL 1  2209    CLOUDY (SCALE 8-10)  8
DPTR FM NORMAL  -293

[CDD (BASE 65) ]
TOTAL THIS MO.     3
DPTR FM NORMAL    -8    [PRESSURE DATA]
TOTAL FM JAN 1     8    HIGHEST SLP M ON M
DPTR FM NORMAL    -8    LOWEST  SLP 29.64 ON 22

[REMARKS]
