000
CXUS56 KSGX 221445
CF6RNM
PRELIMINARY LOCAL CLIMATOLOGICAL DATA (WS FORM: F-6)

                                          STATION:   RAMONA AIRPORT CA
                                          MONTH:     MARCH
                                          YEAR:      2019
                                          LATITUDE:   33  2 N
                                          LONGITUDE: 116 55 W

  TEMPERATURE IN F:       :PCPN:    SNOW:  WIND      :SUNSHINE: SKY     :PK WND
================================================================================
1   2   3   4   5  6A  6B    7    8   9   10  11  12  13   14  15   16   17  18
                                     12Z  AVG MX 2MIN
DY MAX MIN AVG DEP HDD CDD  WTR  SNW DPTH SPD SPD DIR MIN PSBL S-S WX    SPD DR
================================================================================

 1  66  47  57   5   8   0 0.00  0.0    0  3.6 14 270   M    M   4 12     17 280
 2  59  49  54   2  11   0 0.40    M    0  7.2 18 190   M    M   9 1      25 200
 3  59  50  55   3  10   0 0.08  0.0    0  7.6 15 270   M    M   9 1      18 260
 4  59  41  50  -2  15   0 0.02    M    0  4.5 14 270   M    M   7 1      16 270
 5  73  35  54   2  11   0 0.04    M    0  5.7 22 270   M    M   5 12     26 270
 6  61  54  58   6   7   0 0.11  0.0    0  5.3 15 260   M    M   9 13     19 260
 7  59  46  53   1  12   0 0.12    M    0  6.4 17 280   M    M   9 1      21 270
 8  55  39  47  -5  18   0 0.11    M    0  8.3 23 270   M    M   7 1      27 280
 9  56  33  45  -8  20   0    T    M    0  4.7 15 270   M    M   5 1      19 270
10  55  38  47  -6  18   0 0.00  0.0    0  3.2 13 270   M    M   5 1      16 270
11  59  36  48  -5  17   0 0.13    M    0  4.1 17  60   M    M   7 1      23  70
12  60  45  53   0  12   0 0.19    M    0  7.4 18 260   M    M   8 1      21 270
13  62  40  51  -2  14   0 0.01    M    0  5.4 16 250   M    M   6 1      21 270
14  66  38  52  -1  13   0 0.00  0.0    0 10.6 22  70   M    M   0 1      26  70
15  68  37  53   0  12   0 0.00  0.0    0  8.9 22  70   M    M   0        28  70
16  74  34  54   1  11   0 0.00  0.0    0  4.7 20  80   M    M   0        24  90
17  80  38  59   6   6   0 0.00  0.0    0  3.4 20  70   M    M   0        22  70
18  75  38  57   4   8   0 0.00  0.0    0  4.2 16 270   M    M   1 1      18 280
19  70  40  55   2  10   0 0.00  0.0    0  2.7 16 280   M    M   2 1      20 290
20  61  44  53   0  12   0 0.30    M    0  4.7 32 260   M    M   8 13     40 260
21  56  39  48  -5  17   0 0.23    M    0  3.5 16 250   M    M   7 128    19 250
================================================================================
SM 1333  861       262   0  1.74     0.0 116.1          M      108
================================================================================
AV 63.5 41.0                               5.5 FASTST   M    M   5    MAX(MPH)
                                 MISC ---->  # 32 260               # 40  260
================================================================================
NOTES:
# LAST OF SEVERAL OCCURRENCES

COLUMN 17 PEAK WIND IN M.P.H.

PRELIMINARY LOCAL CLIMATOLOGICAL DATA (WS FORM: F-6) , PAGE 2

                                          STATION:  RAMONA AIRPORT CA
                                          MONTH:    MARCH
                                          YEAR:     2019
                                          LATITUDE:   33  2 N
                                          LONGITUDE: 116 55 W

[TEMPERATURE DATA]      [PRECIPITATION DATA]       SYMBOLS USED IN COLUMN 16

AVERAGE MONTHLY: 52.2   TOTAL FOR MONTH:   1.74    1 = FOG OR MIST
DPTR FM NORMAL:  -0.4   DPTR FM NORMAL:   -0.79    2 = FOG REDUCING VISIBILITY
HIGHEST:    80 ON 17    GRTST 24HR  0.40 ON  2- 2      TO 1/4 MILE OR LESS
LOWEST:     33 ON  9                               3 = THUNDER
                        SNOW, ICE PELLETS, HAIL    4 = ICE PELLETS
                        TOTAL MONTH:   0.0 INCH    5 = HAIL
                        GRTST 24HR     0.0         6 = FREEZING RAIN OR DRIZZLE
                        GRTST DEPTH:   0           7 = DUSTSTORM OR SANDSTORM:
                                                       VSBY 1/2 MILE OR LESS
                                                   8 = SMOKE OR HAZE
[NO. OF DAYS WITH]      [WEATHER - DAYS WITH]      9 = BLOWING SNOW
                                                   X = TORNADO
MAX 32 OR BELOW:   0    0.01 INCH OR MORE:  12
MAX 90 OR ABOVE:   0    0.10 INCH OR MORE:   8
MIN 32 OR BELOW:   0    0.50 INCH OR MORE:   0
MIN  0 OR BELOW:   0    1.00 INCH OR MORE:   0

[HDD (BASE 65) ]
TOTAL THIS MO.   262    CLEAR  (SCALE 0-3)   6
DPTR FM NORMAL     2    PTCLDY (SCALE 4-7)  11
TOTAL FM JUL 1  1827    CLOUDY (SCALE 8-10)  4
DPTR FM NORMAL  -174

[CDD (BASE 65) ]
TOTAL THIS MO.     0
DPTR FM NORMAL     0    [PRESSURE DATA]
TOTAL FM JAN 1     0    HIGHEST SLP M ON M
DPTR FM NORMAL    -1    LOWEST  SLP 29.67 ON 11

[REMARKS]
