000
CXUS55 KREV 220905
CF6RNO
PRELIMINARY LOCAL CLIMATOLOGICAL DATA (WS FORM: F-6)

                                          STATION:   RENO-TAHOE INTL AIRPORT NV
                                          MONTH:     MAY
                                          YEAR:      2019
                                          LATITUDE:   39 30 N
                                          LONGITUDE: 119 47 W

  TEMPERATURE IN F:       :PCPN:    SNOW:  WIND      :SUNSHINE: SKY     :PK WND
================================================================================
1   2   3   4   5  6A  6B    7    8   9   10  11  12  13   14  15   16   17  18
                                     12Z  AVG MX 2MIN
DY MAX MIN AVG DEP HDD CDD  WTR  SNW DPTH SPD SPD DIR MIN PSBL S-S WX    SPD DR
================================================================================

 1  66  33  50  -5  15   0 0.00  0.0    0  5.5 20 270   M    M   M        24 270
 2  72  40  56   1   9   0 0.00  0.0    0  5.5 17 290   M    M   1        20 340
 3  76  46  61   5   4   0 0.00  0.0    0  5.6 17 290   M    M   5        22 300
 4  80  46  63   7   2   0 0.00  0.0    0  6.2 20 290   M    M   1        25 280
 5  81  46  64   8   1   0 0.01  0.0    0  6.8 33  80   M    M   4 3      51  80
 6  78  49  64   7   1   0    T  0.0    0  6.9 29 310   M    M   6 3      36 320
 7  78  45  62   5   3   0 0.00  0.0    0  7.9 22 320   M    M   5        28 330
 8  76  52  64   7   1   0 0.00  0.0    0  6.2 17 360   M    M   5        23  10
 9  72  52  62   4   3   0 0.00  0.0    0  8.8 25  60   M    M   M 8      34  70
10  74  48  61   3   4   0 0.00  0.0    0  7.8 21  90   M    M   3        26 100
11  81  44  63   5   2   0 0.00  0.0    0  4.8 18  30   M    M   M        23 360
12  86  50  68  10   0   3 0.00  0.0    0  6.9 22 290   M    M   3        28 270
13  83  52  68   9   0   3 0.00  0.0    0  8.7 28 290   M    M   M        36 290
14  76  49  63   4   2   0 0.00  0.0    0  6.5 24 200   M    M   8        32 210
15  67  52  60   1   5   0    T  0.0    0 12.7 32 190   M    M   9        40 220
16  56  43  50 -10  15   0    T  0.0    0 10.1 29 270   M    M   7        36 280
17  63  44  54  -6  11   0 0.00  0.0    0 12.8 25 290   M    M   6        32 270
18  62  40  51  -9  14   0 0.00  0.0    0  5.9 26 220   M    M   8        33 200
19  58  43  51  -9  14   0    T    M    0 10.8 26 290   M    M   7        33 290
20  64  38  51 -10  14   0 0.00  0.0    0 11.8 26 290   M    M   5        34 310
21  59  44  52  -9  13   0    T    M    0 12.6 26 280   M    M   8        36 280
================================================================================
SM 1508  956       133   6  0.01     0.0 170.8          M       91
================================================================================
AV 71.8 45.5                               8.1 FASTST   M    M   5    MAX(MPH)
                                 MISC ---->  # 33  80               # 51   80
================================================================================
NOTES:
# LAST OF SEVERAL OCCURRENCES

COLUMN 17 PEAK WIND IN M.P.H.

PRELIMINARY LOCAL CLIMATOLOGICAL DATA (WS FORM: F-6) , PAGE 2

                                          STATION:  RENO-TAHOE INTL AIRPORT NV
                                          MONTH:    MAY
                                          YEAR:     2019
                                          LATITUDE:   39 30 N
                                          LONGITUDE: 119 47 W

[TEMPERATURE DATA]      [PRECIPITATION DATA]       SYMBOLS USED IN COLUMN 16

AVERAGE MONTHLY: 58.7   TOTAL FOR MONTH:   0.01    1 = FOG OR MIST
DPTR FM NORMAL:   0.6   DPTR FM NORMAL:   -0.31    2 = FOG REDUCING VISIBILITY
HIGHEST:    86 ON 12    GRTST 24HR  0.01 ON  5- 5      TO 1/4 MILE OR LESS
LOWEST:     33 ON  1                               3 = THUNDER
                        SNOW, ICE PELLETS, HAIL    4 = ICE PELLETS
                        TOTAL MONTH:   0.0 INCH    5 = HAIL
                        GRTST 24HR     0.0         6 = FREEZING RAIN OR DRIZZLE
                        GRTST DEPTH:   0           7 = DUSTSTORM OR SANDSTORM:
                                                       VSBY 1/2 MILE OR LESS
                                                   8 = SMOKE OR HAZE
[NO. OF DAYS WITH]      [WEATHER - DAYS WITH]      9 = BLOWING SNOW
                                                   X = TORNADO
MAX 32 OR BELOW:   0    0.01 INCH OR MORE:   1
MAX 90 OR ABOVE:   0    0.10 INCH OR MORE:   0
MIN 32 OR BELOW:   0    0.50 INCH OR MORE:   0
MIN  0 OR BELOW:   0    1.00 INCH OR MORE:   0

[HDD (BASE 65) ]
TOTAL THIS MO.   133    CLEAR  (SCALE 0-3)   3
DPTR FM NORMAL   -28    PTCLDY (SCALE 4-7)  13
TOTAL FM JUL 1  4492    CLOUDY (SCALE 8-10)  1
DPTR FM NORMAL  -331

[CDD (BASE 65) ]
TOTAL THIS MO.     6
DPTR FM NORMAL    -8    [PRESSURE DATA]
TOTAL FM JAN 1    14    HIGHEST SLP M ON M
DPTR FM NORMAL    -1    LOWEST  SLP 29.54 ON 16

[REMARKS]
#FINAL--#
